{"id":13513,"date":"2023-05-30T12:37:17","date_gmt":"2023-05-30T09:37:17","guid":{"rendered":"https:\/\/www.ksttukku.fi\/kauppa\/?post_type=product&#038;p=13513"},"modified":"2023-05-30T12:39:17","modified_gmt":"2023-05-30T09:39:17","slug":"viskoosimatto-elisabeth-samppanja-160x230-cm","status":"publish","type":"product","link":"https:\/\/www.ksttukku.fi\/kauppa\/tuote\/viskoosimatto-elisabeth-samppanja-160x230-cm\/","title":{"rendered":"Viskoosimatto  Elisabeth samppanja 160&#215;230 cm"},"content":{"rendered":"<p>Elisabeth-viskoosimatto on kauniisti kiilt\u00e4v\u00e4 lyhytnukkainen matto kodin oleskelutiloihin. Matossa on herkk\u00e4 kohokuviointi, joka tulee kauniisti esille maton samettisesta pinnasta.<\/p>\n<p>Matto on kevyt ja ohut, joten sit\u00e4 on mukava k\u00e4sitell\u00e4.<br \/>\nElisabeth matto soveltuu erinomaisesti olohuoneeseen ja makuuhuoneeseen. Maton klassinen kuosi sopii niin perinteiseen kuin moderniinkin sisustukseen.<\/p>\n<p>Samppanjan s\u00e4vy on puolestaan pehme\u00e4n tyylik\u00e4s ja antaa sisustukselle hienostuneen ilmeen.<\/p>\n<p>Imuroi ja tuuleta mattoa s\u00e4\u00e4nn\u00f6llisesti. Tarvittaessa ammattimainen pesu pesulassa.<\/p>\n<p>Materiaali: 73% viskoosia, 27% akryylia<\/p>\n<p>&nbsp;<\/p>\n","protected":false},"excerpt":{"rendered":"<p>Elisabeth-viskoosimatto on kauniisti kiilt\u00e4v\u00e4 lyhytnukkainen matto kodin oleskelutiloihin. Matossa on herkk\u00e4 kohokuviointi, joka tulee kauniisti esille maton samettisesta pinnasta. Matto on kevyt ja ohut, joten sit\u00e4 on mukava k\u00e4sitell\u00e4. Elisabeth matto soveltuu erinomaisesti olohuoneeseen ja makuuhuoneeseen. Maton klassinen kuosi sopii niin perinteiseen kuin moderniinkin sisustukseen. Samppanjan s\u00e4vy on puolestaan pehme\u00e4n tyylik\u00e4s ja antaa sisustukselle hienostuneen [&hellip;]<\/p>\n","protected":false},"featured_media":13514,"comment_status":"closed","ping_status":"closed","template":"","meta":[],"product_brand":[],"product_cat":[526,22,27],"product_tag":[],"class_list":{"0":"post-13513","1":"product","2":"type-product","3":"status-publish","4":"has-post-thumbnail","6":"product_cat-elisabeth","7":"product_cat-matot","8":"product_cat-nukkamatot","10":"first","11":"instock","12":"taxable","13":"shipping-taxable","14":"purchasable","15":"product-type-simple"},"_links":{"self":[{"href":"https:\/\/www.ksttukku.fi\/kauppa\/wp-json\/wp\/v2\/product\/13513","targetHints":{"allow":["GET"]}}],"collection":[{"href":"https:\/\/www.ksttukku.fi\/kauppa\/wp-json\/wp\/v2\/product"}],"about":[{"href":"https:\/\/www.ksttukku.fi\/kauppa\/wp-json\/wp\/v2\/types\/product"}],"replies":[{"embeddable":true,"href":"https:\/\/www.ksttukku.fi\/kauppa\/wp-json\/wp\/v2\/comments?post=13513"}],"wp:featuredmedia":[{"embeddable":true,"href":"https:\/\/www.ksttukku.fi\/kauppa\/wp-json\/wp\/v2\/media\/13514"}],"wp:attachment":[{"href":"https:\/\/www.ksttukku.fi\/kauppa\/wp-json\/wp\/v2\/media?parent=13513"}],"wp:term":[{"taxonomy":"product_brand","embeddable":true,"href":"https:\/\/www.ksttukku.fi\/kauppa\/wp-json\/wp\/v2\/product_brand?post=13513"},{"taxonomy":"product_cat","embeddable":true,"href":"https:\/\/www.ksttukku.fi\/kauppa\/wp-json\/wp\/v2\/product_cat?post=13513"},{"taxonomy":"product_tag","embeddable":true,"href":"https:\/\/www.ksttukku.fi\/kauppa\/wp-json\/wp\/v2\/product_tag?post=13513"}],"curies":[{"name":"wp","href":"https:\/\/api.w.org\/{rel}","templated":true}]}}