{"id":13596,"date":"2023-07-05T15:02:14","date_gmt":"2023-07-05T12:02:14","guid":{"rendered":"https:\/\/www.ksttukku.fi\/kauppa\/?post_type=product&#038;p=13596"},"modified":"2023-07-05T15:02:15","modified_gmt":"2023-07-05T12:02:15","slug":"molekyyli-kattovalaisin-7-os","status":"publish","type":"product","link":"https:\/\/www.ksttukku.fi\/kauppa\/tuote\/molekyyli-kattovalaisin-7-os\/","title":{"rendered":"Molekyyli kattovalaisin 7-os"},"content":{"rendered":"<p>Molekyyli-valaisin on trendik\u00e4s moneen tilaan soveltuva valaisin.<\/p>\n<p>Metalliruonkoinen valaisin koukkukiinnityksell\u00e4.<\/p>\n<p>Valaisimessa on 7 erikokoista opaalinvalkoista lasikupua.<\/p>\n<p>metallirunko: tinanv\u00e4rinen<\/p>\n<p>lasikupu: mattaopaali<\/p>\n<p>Pituus : 580 mm<\/p>\n<p>Halkaisija: 290mm<\/p>\n<p>Kanta: 7x G 9<\/p>\n","protected":false},"excerpt":{"rendered":"<p>Molekyyli-valaisin on trendik\u00e4s moneen tilaan soveltuva valaisin. Metalliruonkoinen valaisin koukkukiinnityksell\u00e4. Valaisimessa on 7 erikokoista opaalinvalkoista lasikupua. metallirunko: tinanv\u00e4rinen lasikupu: mattaopaali Pituus : 580 mm Halkaisija: 290mm Kanta: 7x G 9<\/p>\n","protected":false},"featured_media":13597,"comment_status":"closed","ping_status":"closed","template":"","meta":[],"product_brand":[],"product_cat":[40,35,34],"product_tag":[],"class_list":{"0":"post-13596","1":"product","2":"type-product","3":"status-publish","4":"has-post-thumbnail","6":"product_cat-kattovalaisimet","7":"product_cat-sisavalaisimet","8":"product_cat-valaisimet","10":"first","11":"instock","12":"taxable","13":"shipping-taxable","14":"purchasable","15":"product-type-simple"},"_links":{"self":[{"href":"https:\/\/www.ksttukku.fi\/kauppa\/wp-json\/wp\/v2\/product\/13596","targetHints":{"allow":["GET"]}}],"collection":[{"href":"https:\/\/www.ksttukku.fi\/kauppa\/wp-json\/wp\/v2\/product"}],"about":[{"href":"https:\/\/www.ksttukku.fi\/kauppa\/wp-json\/wp\/v2\/types\/product"}],"replies":[{"embeddable":true,"href":"https:\/\/www.ksttukku.fi\/kauppa\/wp-json\/wp\/v2\/comments?post=13596"}],"wp:featuredmedia":[{"embeddable":true,"href":"https:\/\/www.ksttukku.fi\/kauppa\/wp-json\/wp\/v2\/media\/13597"}],"wp:attachment":[{"href":"https:\/\/www.ksttukku.fi\/kauppa\/wp-json\/wp\/v2\/media?parent=13596"}],"wp:term":[{"taxonomy":"product_brand","embeddable":true,"href":"https:\/\/www.ksttukku.fi\/kauppa\/wp-json\/wp\/v2\/product_brand?post=13596"},{"taxonomy":"product_cat","embeddable":true,"href":"https:\/\/www.ksttukku.fi\/kauppa\/wp-json\/wp\/v2\/product_cat?post=13596"},{"taxonomy":"product_tag","embeddable":true,"href":"https:\/\/www.ksttukku.fi\/kauppa\/wp-json\/wp\/v2\/product_tag?post=13596"}],"curies":[{"name":"wp","href":"https:\/\/api.w.org\/{rel}","templated":true}]}}