{"id":13627,"date":"2023-07-10T13:58:57","date_gmt":"2023-07-10T10:58:57","guid":{"rendered":"https:\/\/www.ksttukku.fi\/kauppa\/?post_type=product&#038;p=13627"},"modified":"2025-07-18T16:06:24","modified_gmt":"2025-07-18T13:06:24","slug":"flex-yleismatto-harmaa-120x170cm","status":"publish","type":"product","link":"https:\/\/www.ksttukku.fi\/kauppa\/tuote\/flex-yleismatto-harmaa-120x170cm\/","title":{"rendered":"Flex-yleismatto harmaa 120x170cm"},"content":{"rendered":"<p data-sanitized-data-mce-fragment=\"1\"><span class=\"field-content\" data-sanitized-data-mce-fragment=\"1\">Sile\u00e4ksikudotut matot ovat helppohoitoisia ja p\u00f6ly\u00e4m\u00e4tt\u00f6mi\u00e4. Matot soveltuvat my\u00f6s allergiseen kotiin.<br data-sanitized-data-mce-fragment=\"1\" \/><\/span><\/p>\n<p data-sanitized-data-mce-fragment=\"1\"><span class=\"field-content\" data-sanitized-data-mce-fragment=\"1\"> Mik\u00e4li arvostat helppohoitoisuutta, ovat sile\u00e4ksi kudotut matot oikea valinta!<\/span><\/p>\n<p data-sanitized-data-mce-fragment=\"1\">Sile\u00e4ksi kudottu Hestia Flex -matto on kevyt k\u00e4sitell\u00e4 ja se pysyy hyvin paikoillaan.<br data-sanitized-data-mce-fragment=\"1\" \/>Ohut matto kest\u00e4v\u00e4 ja k\u00e4yt\u00e4nn\u00f6llinen. Tahrat l\u00e4htev\u00e4t Flex -matosta pyyhk\u00e4isem\u00e4ll\u00e4,<br data-sanitized-data-mce-fragment=\"1\" \/>matto on my\u00f6s vesipest\u00e4v\u00e4.<\/p>\n<p data-sanitized-data-mce-fragment=\"1\">Maton liukuestepohjaus pit\u00e4\u00e4 maton hyvin paikoilllaa, pohjaus on kierr\u00e4tett\u00e4v\u00e4\u00e4<br data-sanitized-data-mce-fragment=\"1\" \/>materiaalia, ei sis\u00e4ll\u00e4 lateksia. Polypropeenia, pohja TPE liukuestepohjaus.<\/p>\n<p data-sanitized-data-mce-fragment=\"1\">Materiaali: polypropeeni<br data-sanitized-data-mce-fragment=\"1\" \/>Pohjaus: TPE liukuestepohjaus<\/p>\n<p data-sanitized-data-mce-fragment=\"1\">Suositellaan tasovesipesua 30 asteessa<\/p>\n","protected":false},"excerpt":{"rendered":"<p>Sile\u00e4ksikudotut matot ovat helppohoitoisia ja p\u00f6ly\u00e4m\u00e4tt\u00f6mi\u00e4. Matot soveltuvat my\u00f6s allergiseen kotiin. Mik\u00e4li arvostat helppohoitoisuutta, ovat sile\u00e4ksi kudotut matot oikea valinta! Sile\u00e4ksi kudottu Hestia Flex -matto on kevyt k\u00e4sitell\u00e4 ja se pysyy hyvin paikoillaan.Ohut matto kest\u00e4v\u00e4 ja k\u00e4yt\u00e4nn\u00f6llinen. Tahrat l\u00e4htev\u00e4t Flex -matosta pyyhk\u00e4isem\u00e4ll\u00e4,matto on my\u00f6s vesipest\u00e4v\u00e4. Maton liukuestepohjaus pit\u00e4\u00e4 maton hyvin paikoilllaa, pohjaus on kierr\u00e4tett\u00e4v\u00e4\u00e4materiaalia, ei [&hellip;]<\/p>\n","protected":false},"featured_media":13628,"comment_status":"closed","ping_status":"closed","template":"","meta":[],"product_brand":[],"product_cat":[501,23,22],"product_tag":[],"class_list":{"0":"post-13627","1":"product","2":"type-product","3":"status-publish","4":"has-post-thumbnail","6":"product_cat-flexmatto","7":"product_cat-kaytava-ja-yleismatot","8":"product_cat-matot","10":"first","11":"instock","12":"taxable","13":"shipping-taxable","14":"purchasable","15":"product-type-simple"},"_links":{"self":[{"href":"https:\/\/www.ksttukku.fi\/kauppa\/wp-json\/wp\/v2\/product\/13627","targetHints":{"allow":["GET"]}}],"collection":[{"href":"https:\/\/www.ksttukku.fi\/kauppa\/wp-json\/wp\/v2\/product"}],"about":[{"href":"https:\/\/www.ksttukku.fi\/kauppa\/wp-json\/wp\/v2\/types\/product"}],"replies":[{"embeddable":true,"href":"https:\/\/www.ksttukku.fi\/kauppa\/wp-json\/wp\/v2\/comments?post=13627"}],"wp:featuredmedia":[{"embeddable":true,"href":"https:\/\/www.ksttukku.fi\/kauppa\/wp-json\/wp\/v2\/media\/13628"}],"wp:attachment":[{"href":"https:\/\/www.ksttukku.fi\/kauppa\/wp-json\/wp\/v2\/media?parent=13627"}],"wp:term":[{"taxonomy":"product_brand","embeddable":true,"href":"https:\/\/www.ksttukku.fi\/kauppa\/wp-json\/wp\/v2\/product_brand?post=13627"},{"taxonomy":"product_cat","embeddable":true,"href":"https:\/\/www.ksttukku.fi\/kauppa\/wp-json\/wp\/v2\/product_cat?post=13627"},{"taxonomy":"product_tag","embeddable":true,"href":"https:\/\/www.ksttukku.fi\/kauppa\/wp-json\/wp\/v2\/product_tag?post=13627"}],"curies":[{"name":"wp","href":"https:\/\/api.w.org\/{rel}","templated":true}]}}