{"id":1366,"date":"2018-03-31T14:00:58","date_gmt":"2018-03-31T11:00:58","guid":{"rendered":"http:\/\/www.ksttukku.fi\/kauppa\/?post_type=product&#038;p=1366"},"modified":"2019-06-15T13:51:43","modified_gmt":"2019-06-15T10:51:43","slug":"mustang-nonstick-grillimatto-48x40cm","status":"publish","type":"product","link":"https:\/\/www.ksttukku.fi\/kauppa\/tuote\/mustang-nonstick-grillimatto-48x40cm\/","title":{"rendered":"Mustang nonstick grillimatto 48x40cm"},"content":{"rendered":"<p>Koko: 48 x 40 cm.<br \/>\nV\u00e4ri: Musta.<br \/>\nMateriaali: Teflon.<br \/>\nNon-stick grillimatto on k\u00e4tev\u00e4 grillaajan apulainen, joka ratkaisee kaikkia grillaajia harmittavan ongelman: ruoan tarttumisen kiinni paistopintaan. Mattoa voidaan k\u00e4ytt\u00e4\u00e4 esimerkiksi suoraan parilan p\u00e4\u00e4ll\u00e4, savustimessa kalan ja ritil\u00e4n v\u00e4liss\u00e4 tai vaikka leivonnassa leivinpaperin sijaan. Matto kest\u00e4\u00e4 l\u00e4mp\u00f6\u00e4 aina 260 asteeseen asti. Tarttumaton pinta on helppo puhdistaa k\u00e4yt\u00f6n j\u00e4lkeen. \u00c4l\u00e4 aseta suoraan avotulelle.<\/p>\n","protected":false},"excerpt":{"rendered":"<p>Tilap\u00e4isesti loppu<\/p>\n","protected":false},"featured_media":1367,"comment_status":"closed","ping_status":"closed","template":"","meta":[],"product_brand":[],"product_cat":[134,132],"product_tag":[],"class_list":{"0":"post-1366","1":"product","2":"type-product","3":"status-publish","4":"has-post-thumbnail","6":"product_cat-grillaustarvikkeet","7":"product_cat-grillit-ja-grillausarvikkeet","9":"first","10":"outofstock","11":"taxable","12":"shipping-taxable","13":"purchasable","14":"product-type-simple"},"_links":{"self":[{"href":"https:\/\/www.ksttukku.fi\/kauppa\/wp-json\/wp\/v2\/product\/1366","targetHints":{"allow":["GET"]}}],"collection":[{"href":"https:\/\/www.ksttukku.fi\/kauppa\/wp-json\/wp\/v2\/product"}],"about":[{"href":"https:\/\/www.ksttukku.fi\/kauppa\/wp-json\/wp\/v2\/types\/product"}],"replies":[{"embeddable":true,"href":"https:\/\/www.ksttukku.fi\/kauppa\/wp-json\/wp\/v2\/comments?post=1366"}],"wp:featuredmedia":[{"embeddable":true,"href":"https:\/\/www.ksttukku.fi\/kauppa\/wp-json\/wp\/v2\/media\/1367"}],"wp:attachment":[{"href":"https:\/\/www.ksttukku.fi\/kauppa\/wp-json\/wp\/v2\/media?parent=1366"}],"wp:term":[{"taxonomy":"product_brand","embeddable":true,"href":"https:\/\/www.ksttukku.fi\/kauppa\/wp-json\/wp\/v2\/product_brand?post=1366"},{"taxonomy":"product_cat","embeddable":true,"href":"https:\/\/www.ksttukku.fi\/kauppa\/wp-json\/wp\/v2\/product_cat?post=1366"},{"taxonomy":"product_tag","embeddable":true,"href":"https:\/\/www.ksttukku.fi\/kauppa\/wp-json\/wp\/v2\/product_tag?post=1366"}],"curies":[{"name":"wp","href":"https:\/\/api.w.org\/{rel}","templated":true}]}}