{"id":13669,"date":"2023-07-15T10:53:32","date_gmt":"2023-07-15T07:53:32","guid":{"rendered":"https:\/\/www.ksttukku.fi\/kauppa\/?post_type=product&#038;p=13669"},"modified":"2023-07-15T10:59:06","modified_gmt":"2023-07-15T07:59:06","slug":"kirsikkakukkakoynos-180cm","status":"publish","type":"product","link":"https:\/\/www.ksttukku.fi\/kauppa\/tuote\/kirsikkakukkakoynos-180cm\/","title":{"rendered":"Kirsikkakukkak\u00f6yn\u00f6s 180cm"},"content":{"rendered":"<p>Hennon roosans\u00e4vyinen kirsikkakukkak\u00f6yn\u00f6s 180 cm\u00a0 Led-valolla.<\/p>\n<p>Ketjussa 48 kpl l\u00e4mminvalkoista ledi\u00e4<\/p>\n<p>Ajastimella toimiva paristovalaisin 6 h On , 18 h Off<\/p>\n<p>3 x AA (ei sis\u00e4lly tuotteeseen)<\/p>\n<p>&nbsp;<\/p>\n","protected":false},"excerpt":{"rendered":"<p>Hennon roosans\u00e4vyinen kirsikkakukkak\u00f6yn\u00f6s 180 cm\u00a0 Led-valolla. Ketjussa 48 kpl l\u00e4mminvalkoista ledi\u00e4 Ajastimella toimiva paristovalaisin 6 h On , 18 h Off 3 x AA (ei sis\u00e4lly tuotteeseen) &nbsp;<\/p>\n","protected":false},"featured_media":13670,"comment_status":"closed","ping_status":"closed","template":"","meta":[],"product_brand":[],"product_cat":[176,491,180,377,34],"product_tag":[],"class_list":{"0":"post-13669","1":"product","2":"type-product","3":"status-publish","4":"has-post-thumbnail","6":"product_cat-joulu-ja-koristevalot","7":"product_cat-kodin-sisustustuotteet","8":"product_cat-paristovalosarjat","9":"product_cat-sisustus-lahjatavarat","10":"product_cat-valaisimet","12":"first","13":"instock","14":"taxable","15":"shipping-taxable","16":"purchasable","17":"product-type-simple"},"_links":{"self":[{"href":"https:\/\/www.ksttukku.fi\/kauppa\/wp-json\/wp\/v2\/product\/13669","targetHints":{"allow":["GET"]}}],"collection":[{"href":"https:\/\/www.ksttukku.fi\/kauppa\/wp-json\/wp\/v2\/product"}],"about":[{"href":"https:\/\/www.ksttukku.fi\/kauppa\/wp-json\/wp\/v2\/types\/product"}],"replies":[{"embeddable":true,"href":"https:\/\/www.ksttukku.fi\/kauppa\/wp-json\/wp\/v2\/comments?post=13669"}],"wp:featuredmedia":[{"embeddable":true,"href":"https:\/\/www.ksttukku.fi\/kauppa\/wp-json\/wp\/v2\/media\/13670"}],"wp:attachment":[{"href":"https:\/\/www.ksttukku.fi\/kauppa\/wp-json\/wp\/v2\/media?parent=13669"}],"wp:term":[{"taxonomy":"product_brand","embeddable":true,"href":"https:\/\/www.ksttukku.fi\/kauppa\/wp-json\/wp\/v2\/product_brand?post=13669"},{"taxonomy":"product_cat","embeddable":true,"href":"https:\/\/www.ksttukku.fi\/kauppa\/wp-json\/wp\/v2\/product_cat?post=13669"},{"taxonomy":"product_tag","embeddable":true,"href":"https:\/\/www.ksttukku.fi\/kauppa\/wp-json\/wp\/v2\/product_tag?post=13669"}],"curies":[{"name":"wp","href":"https:\/\/api.w.org\/{rel}","templated":true}]}}