{"id":13678,"date":"2023-07-15T12:15:36","date_gmt":"2023-07-15T09:15:36","guid":{"rendered":"https:\/\/www.ksttukku.fi\/kauppa\/?post_type=product&#038;p=13678"},"modified":"2024-07-05T15:54:00","modified_gmt":"2024-07-05T12:54:00","slug":"otokka-oviverho-100-cm-x-240-cm-kirkas","status":"publish","type":"product","link":"https:\/\/www.ksttukku.fi\/kauppa\/tuote\/otokka-oviverho-100-cm-x-240-cm-kirkas\/","title":{"rendered":"\u00d6t\u00f6kk\u00e4 oviverho 100 cm x 240 cm kirkas"},"content":{"rendered":"<p>\u00d6t\u00f6kk\u00e4oviverho kirkas 100cm x 240cm<\/p>\n<ul>\n<li>Aito ja alkuper\u00e4inen oviverho<\/li>\n<li>Suomen suosituin oviverhomalli kotiin ja m\u00f6kille!<\/li>\n<li>Helppo asentaa<\/li>\n<li>Asennusohjeet pakkauksessa<\/li>\n<\/ul>\n","protected":false},"excerpt":{"rendered":"<p>\u00d6t\u00f6kk\u00e4oviverho kirkas 100cm x 240cm Aito ja alkuper\u00e4inen oviverho Suomen suosituin oviverhomalli kotiin ja m\u00f6kille! Helppo asentaa Asennusohjeet pakkauksessa<\/p>\n","protected":false},"featured_media":13679,"comment_status":"closed","ping_status":"closed","template":"","meta":[],"product_brand":[],"product_cat":[351],"product_tag":[],"class_list":{"0":"post-13678","1":"product","2":"type-product","3":"status-publish","4":"has-post-thumbnail","6":"product_cat-hyttysansat-ja-karkottimet","8":"first","9":"instock","10":"taxable","11":"shipping-taxable","12":"purchasable","13":"product-type-simple"},"_links":{"self":[{"href":"https:\/\/www.ksttukku.fi\/kauppa\/wp-json\/wp\/v2\/product\/13678","targetHints":{"allow":["GET"]}}],"collection":[{"href":"https:\/\/www.ksttukku.fi\/kauppa\/wp-json\/wp\/v2\/product"}],"about":[{"href":"https:\/\/www.ksttukku.fi\/kauppa\/wp-json\/wp\/v2\/types\/product"}],"replies":[{"embeddable":true,"href":"https:\/\/www.ksttukku.fi\/kauppa\/wp-json\/wp\/v2\/comments?post=13678"}],"wp:featuredmedia":[{"embeddable":true,"href":"https:\/\/www.ksttukku.fi\/kauppa\/wp-json\/wp\/v2\/media\/13679"}],"wp:attachment":[{"href":"https:\/\/www.ksttukku.fi\/kauppa\/wp-json\/wp\/v2\/media?parent=13678"}],"wp:term":[{"taxonomy":"product_brand","embeddable":true,"href":"https:\/\/www.ksttukku.fi\/kauppa\/wp-json\/wp\/v2\/product_brand?post=13678"},{"taxonomy":"product_cat","embeddable":true,"href":"https:\/\/www.ksttukku.fi\/kauppa\/wp-json\/wp\/v2\/product_cat?post=13678"},{"taxonomy":"product_tag","embeddable":true,"href":"https:\/\/www.ksttukku.fi\/kauppa\/wp-json\/wp\/v2\/product_tag?post=13678"}],"curies":[{"name":"wp","href":"https:\/\/api.w.org\/{rel}","templated":true}]}}