{"id":13688,"date":"2023-07-19T16:01:22","date_gmt":"2023-07-19T13:01:22","guid":{"rendered":"https:\/\/www.ksttukku.fi\/kauppa\/?post_type=product&#038;p=13688"},"modified":"2023-07-19T16:12:19","modified_gmt":"2023-07-19T13:12:19","slug":"paneelivalaisin-kaukosaadin-ohjattava-2000lm","status":"publish","type":"product","link":"https:\/\/www.ksttukku.fi\/kauppa\/tuote\/paneelivalaisin-kaukosaadin-ohjattava-2000lm\/","title":{"rendered":"Paneelivalaisin kaukos\u00e4\u00e4din ohjattava 2000lm"},"content":{"rendered":"<p>Paneelivalaisin kodin kuiviin tiloihin.<\/p>\n<p>Paneelivalaisinta voidaan ohjata mukana tulevalla kaukos\u00e4\u00e4timell\u00e4<\/p>\n<p>V\u00e4ril\u00e4mp\u00f6tila 3000-6500K<\/p>\n<p>Valonjako: 120 astetta<\/p>\n<p>kaukos\u00e4\u00e4timen toiminnot: &#8211; ON\/OFF &#8211; Y\u00f6valo-toiminto (himmenee 10%) &#8211; Himment\u00e4minen ja v\u00e4ril\u00e4mp\u00f6tilan s\u00e4\u00e4t\u00f6 -Ajastettu sammutus 30 min<\/p>\n<p>Rakenne: Runko ja kupu: Muovia V\u00e4ri: Valkoinen Mitat: \u00d8300m<\/p>\n","protected":false},"excerpt":{"rendered":"<p>Paneelivalaisin kodin kuiviin tiloihin. Paneelivalaisinta voidaan ohjata mukana tulevalla kaukos\u00e4\u00e4timell\u00e4 V\u00e4ril\u00e4mp\u00f6tila 3000-6500K Valonjako: 120 astetta kaukos\u00e4\u00e4timen toiminnot: &#8211; ON\/OFF &#8211; Y\u00f6valo-toiminto (himmenee 10%) &#8211; Himment\u00e4minen ja v\u00e4ril\u00e4mp\u00f6tilan s\u00e4\u00e4t\u00f6 -Ajastettu sammutus 30 min Rakenne: Runko ja kupu: Muovia V\u00e4ri: Valkoinen Mitat: \u00d8300m<\/p>\n","protected":false},"featured_media":13689,"comment_status":"closed","ping_status":"closed","template":"","meta":[],"product_brand":[],"product_cat":[46,40,183,51,35,34],"product_tag":[],"class_list":{"0":"post-13688","1":"product","2":"type-product","3":"status-publish","4":"has-post-thumbnail","6":"product_cat-alasvalot","7":"product_cat-kattovalaisimet","8":"product_cat-led-paneelivalaisimet","9":"product_cat-pinta-asennettavat","10":"product_cat-sisavalaisimet","11":"product_cat-valaisimet","13":"first","14":"instock","15":"taxable","16":"shipping-taxable","17":"purchasable","18":"product-type-simple"},"_links":{"self":[{"href":"https:\/\/www.ksttukku.fi\/kauppa\/wp-json\/wp\/v2\/product\/13688","targetHints":{"allow":["GET"]}}],"collection":[{"href":"https:\/\/www.ksttukku.fi\/kauppa\/wp-json\/wp\/v2\/product"}],"about":[{"href":"https:\/\/www.ksttukku.fi\/kauppa\/wp-json\/wp\/v2\/types\/product"}],"replies":[{"embeddable":true,"href":"https:\/\/www.ksttukku.fi\/kauppa\/wp-json\/wp\/v2\/comments?post=13688"}],"wp:featuredmedia":[{"embeddable":true,"href":"https:\/\/www.ksttukku.fi\/kauppa\/wp-json\/wp\/v2\/media\/13689"}],"wp:attachment":[{"href":"https:\/\/www.ksttukku.fi\/kauppa\/wp-json\/wp\/v2\/media?parent=13688"}],"wp:term":[{"taxonomy":"product_brand","embeddable":true,"href":"https:\/\/www.ksttukku.fi\/kauppa\/wp-json\/wp\/v2\/product_brand?post=13688"},{"taxonomy":"product_cat","embeddable":true,"href":"https:\/\/www.ksttukku.fi\/kauppa\/wp-json\/wp\/v2\/product_cat?post=13688"},{"taxonomy":"product_tag","embeddable":true,"href":"https:\/\/www.ksttukku.fi\/kauppa\/wp-json\/wp\/v2\/product_tag?post=13688"}],"curies":[{"name":"wp","href":"https:\/\/api.w.org\/{rel}","templated":true}]}}