{"id":13951,"date":"2023-08-10T12:06:34","date_gmt":"2023-08-10T09:06:34","guid":{"rendered":"https:\/\/www.ksttukku.fi\/kauppa\/?post_type=product&#038;p=13951"},"modified":"2023-08-10T12:06:35","modified_gmt":"2023-08-10T09:06:35","slug":"flamme-stripe-led-antiikkikynttila-25cm-beige-2kpl-pak","status":"publish","type":"product","link":"https:\/\/www.ksttukku.fi\/kauppa\/tuote\/flamme-stripe-led-antiikkikynttila-25cm-beige-2kpl-pak\/","title":{"rendered":"Flamme Stripe LED-antiikkikynttil\u00e4 25cm beige 2kpl\/pak"},"content":{"rendered":"<p data-sanitized-data-mce-fragment=\"1\">Vahasta valmistettu LED-antiikkikynttil\u00e4 uritetulla pinnalla ja aidon n\u00e4k\u00f6isell\u00e4 Flamme-liekill\u00e4. 2-pack. Sis\u00e4k\u00e4ytt\u00f6\u00f6n.<br data-sanitized-data-mce-fragment=\"1\" \/>Valon s\u00e4vy: l\u00e4mmin valkoinen.<br data-sanitized-data-mce-fragment=\"1\" \/>IP20. Kiinte\u00e4 LED 0,03W.<br data-sanitized-data-mce-fragment=\"1\" \/>Toimii nelj\u00e4ll\u00e4 AAA-paristolla, jotka eiv\u00e4t sis\u00e4lly pakkaukseen.<br data-sanitized-data-mce-fragment=\"1\" \/>Ajastin 6 h p\u00e4\u00e4ll\u00e4, 18 h pois, toistuva.<br data-sanitized-data-mce-fragment=\"1\" \/>3V DC.<\/p>\n<p data-sanitized-data-mce-fragment=\"1\">Halkaisija: 2,1 cm<\/p>\n<p data-sanitized-data-mce-fragment=\"1\">Korkeus: 25 cm<\/p>\n","protected":false},"excerpt":{"rendered":"<p>Vahasta valmistettu LED-antiikkikynttil\u00e4 uritetulla pinnalla ja aidon n\u00e4k\u00f6isell\u00e4 Flamme-liekill\u00e4. 2-pack. Sis\u00e4k\u00e4ytt\u00f6\u00f6n.Valon s\u00e4vy: l\u00e4mmin valkoinen.IP20. Kiinte\u00e4 LED 0,03W.Toimii nelj\u00e4ll\u00e4 AAA-paristolla, jotka eiv\u00e4t sis\u00e4lly pakkaukseen.Ajastin 6 h p\u00e4\u00e4ll\u00e4, 18 h pois, toistuva.3V DC. Halkaisija: 2,1 cm Korkeus: 25 cm<\/p>\n","protected":false},"featured_media":13952,"comment_status":"closed","ping_status":"closed","template":"","meta":[],"product_brand":[],"product_cat":[176,491,199,377],"product_tag":[],"class_list":{"0":"post-13951","1":"product","2":"type-product","3":"status-publish","4":"has-post-thumbnail","6":"product_cat-joulu-ja-koristevalot","7":"product_cat-kodin-sisustustuotteet","8":"product_cat-koristevalot","9":"product_cat-sisustus-lahjatavarat","11":"first","12":"instock","13":"taxable","14":"shipping-taxable","15":"purchasable","16":"product-type-simple"},"_links":{"self":[{"href":"https:\/\/www.ksttukku.fi\/kauppa\/wp-json\/wp\/v2\/product\/13951","targetHints":{"allow":["GET"]}}],"collection":[{"href":"https:\/\/www.ksttukku.fi\/kauppa\/wp-json\/wp\/v2\/product"}],"about":[{"href":"https:\/\/www.ksttukku.fi\/kauppa\/wp-json\/wp\/v2\/types\/product"}],"replies":[{"embeddable":true,"href":"https:\/\/www.ksttukku.fi\/kauppa\/wp-json\/wp\/v2\/comments?post=13951"}],"wp:featuredmedia":[{"embeddable":true,"href":"https:\/\/www.ksttukku.fi\/kauppa\/wp-json\/wp\/v2\/media\/13952"}],"wp:attachment":[{"href":"https:\/\/www.ksttukku.fi\/kauppa\/wp-json\/wp\/v2\/media?parent=13951"}],"wp:term":[{"taxonomy":"product_brand","embeddable":true,"href":"https:\/\/www.ksttukku.fi\/kauppa\/wp-json\/wp\/v2\/product_brand?post=13951"},{"taxonomy":"product_cat","embeddable":true,"href":"https:\/\/www.ksttukku.fi\/kauppa\/wp-json\/wp\/v2\/product_cat?post=13951"},{"taxonomy":"product_tag","embeddable":true,"href":"https:\/\/www.ksttukku.fi\/kauppa\/wp-json\/wp\/v2\/product_tag?post=13951"}],"curies":[{"name":"wp","href":"https:\/\/api.w.org\/{rel}","templated":true}]}}