{"id":14071,"date":"2023-09-05T13:53:52","date_gmt":"2023-09-05T10:53:52","guid":{"rendered":"https:\/\/www.ksttukku.fi\/kauppa\/?post_type=product&#038;p=14071"},"modified":"2023-09-05T13:53:52","modified_gmt":"2023-09-05T10:53:52","slug":"target-l-kiskovalaisin-musta-41w-3800lm-3000k","status":"publish","type":"product","link":"https:\/\/www.ksttukku.fi\/kauppa\/tuote\/target-l-kiskovalaisin-musta-41w-3800lm-3000k\/","title":{"rendered":"Target L kiskovalaisin musta 41W 3800lm 3000K"},"content":{"rendered":"<div class=\"long-product-name\" data-v-1141fb2a=\"\">Target L Kohdevalaisin 41W 3000K 3800lm Avauskulma Keskileve\u00e4 s\u00e4de 20-40\u00b0; Ei him; IP20; IK02; SL II; LED kiinte\u00e4; CRI&gt;90; SDCM3; Kotelo al; V\u00e4ri mus; Suojus L\u00e4pin\u00e4kyv\u00e4 muovi; C16 maks. 61<\/div>\n<div class=\"short-description scylla-wysiwyg std text--left\" data-v-1141fb2a=\"\">\n<p>Target L on kohdevalaisin, joka soveltuu erinomaisesti myym\u00e4l\u00e4valaistukseen. Valaisimessa on laadukas valo ja erinomainen v\u00e4rintoistokyky. PremiumWhite-ominaisuus on suunniteltu myym\u00e4l\u00f6iden kohde- ja korostusvalaistukseen. PremiumWhite-optimoitu spektri vaikuttaa v\u00e4rien kontrastiin korostaen valkoisen s\u00e4vyj\u00e4. Valaisimessa on l\u00e4hes huomaamaton, suoraan kolmivaihekiskoadapteriin integroitu liit\u00e4nt\u00e4laite. Valaisimen muunneltavuus antaa paljon vaihtoehtoja erilaisten myym\u00e4l\u00e4tilojen valaistukseen; valaisinta on helppo siirt\u00e4\u00e4 ja suunnata uudelleen tarpeen mukaan. K\u00e4ytt\u00f6kohteiksi soveltuvat muoti- ja vaatetusalan liikkeet sek\u00e4 museot ja muut julkiset tilat.<\/p>\n<\/div>\n","protected":false},"excerpt":{"rendered":"<p>Target L Kohdevalaisin 41W 3000K 3800lm Avauskulma Keskileve\u00e4 s\u00e4de 20-40\u00b0; Ei him; IP20; IK02; SL II; LED kiinte\u00e4; CRI&gt;90; SDCM3; Kotelo al; V\u00e4ri mus; Suojus L\u00e4pin\u00e4kyv\u00e4 muovi; C16 maks. 61 Target L on kohdevalaisin, joka soveltuu erinomaisesti myym\u00e4l\u00e4valaistukseen. Valaisimessa on laadukas valo ja erinomainen v\u00e4rintoistokyky. PremiumWhite-ominaisuus on suunniteltu myym\u00e4l\u00f6iden kohde- ja korostusvalaistukseen. PremiumWhite-optimoitu spektri vaikuttaa [&hellip;]<\/p>\n","protected":false},"featured_media":14070,"comment_status":"closed","ping_status":"closed","template":"","meta":[],"product_brand":[],"product_cat":[363,35,34],"product_tag":[],"class_list":{"0":"post-14071","1":"product","2":"type-product","3":"status-publish","4":"has-post-thumbnail","6":"product_cat-kiskovalaisimet","7":"product_cat-sisavalaisimet","8":"product_cat-valaisimet","10":"first","11":"instock","12":"taxable","13":"shipping-taxable","14":"purchasable","15":"product-type-simple"},"_links":{"self":[{"href":"https:\/\/www.ksttukku.fi\/kauppa\/wp-json\/wp\/v2\/product\/14071","targetHints":{"allow":["GET"]}}],"collection":[{"href":"https:\/\/www.ksttukku.fi\/kauppa\/wp-json\/wp\/v2\/product"}],"about":[{"href":"https:\/\/www.ksttukku.fi\/kauppa\/wp-json\/wp\/v2\/types\/product"}],"replies":[{"embeddable":true,"href":"https:\/\/www.ksttukku.fi\/kauppa\/wp-json\/wp\/v2\/comments?post=14071"}],"wp:featuredmedia":[{"embeddable":true,"href":"https:\/\/www.ksttukku.fi\/kauppa\/wp-json\/wp\/v2\/media\/14070"}],"wp:attachment":[{"href":"https:\/\/www.ksttukku.fi\/kauppa\/wp-json\/wp\/v2\/media?parent=14071"}],"wp:term":[{"taxonomy":"product_brand","embeddable":true,"href":"https:\/\/www.ksttukku.fi\/kauppa\/wp-json\/wp\/v2\/product_brand?post=14071"},{"taxonomy":"product_cat","embeddable":true,"href":"https:\/\/www.ksttukku.fi\/kauppa\/wp-json\/wp\/v2\/product_cat?post=14071"},{"taxonomy":"product_tag","embeddable":true,"href":"https:\/\/www.ksttukku.fi\/kauppa\/wp-json\/wp\/v2\/product_tag?post=14071"}],"curies":[{"name":"wp","href":"https:\/\/api.w.org\/{rel}","templated":true}]}}