{"id":14114,"date":"2023-09-20T12:34:55","date_gmt":"2023-09-20T09:34:55","guid":{"rendered":"https:\/\/www.ksttukku.fi\/kauppa\/?post_type=product&#038;p=14114"},"modified":"2023-09-20T12:42:06","modified_gmt":"2023-09-20T09:42:06","slug":"kagawa-led-kattovalaisin","status":"publish","type":"product","link":"https:\/\/www.ksttukku.fi\/kauppa\/tuote\/kagawa-led-kattovalaisin\/","title":{"rendered":"Kagawa Led-Kattovalaisin"},"content":{"rendered":"<p>N\u00e4ytt\u00e4v\u00e4 Led Kagawa -kattovalaisin<\/p>\n<p>Valovirtaa ja v\u00e4ril\u00e4mp\u00f6tilaa (2700\u20136000K) voidaan s\u00e4\u00e4t\u00e4\u00e4 portaattomasti mukana tulevalla kaukos\u00e4\u00e4timell\u00e4.<\/p>\n<p>Valaisimessa on muistitoiminto. Polttimo kiinte\u00e4 LED 40 W<\/p>\n<p>Metalli \u00b7 mattavalkoinen<br \/>\nTuotteiden mitat<br \/>\nKorkeus: 6cm<br \/>\nHalkaisija: 50cm<\/p>\n<p>&nbsp;<\/p>\n","protected":false},"excerpt":{"rendered":"<p>N\u00e4ytt\u00e4v\u00e4 Led Kagawa -kattovalaisin Valovirtaa ja v\u00e4ril\u00e4mp\u00f6tilaa (2700\u20136000K) voidaan s\u00e4\u00e4t\u00e4\u00e4 portaattomasti mukana tulevalla kaukos\u00e4\u00e4timell\u00e4. Valaisimessa on muistitoiminto. Polttimo kiinte\u00e4 LED 40 W Metalli \u00b7 mattavalkoinen Tuotteiden mitat Korkeus: 6cm Halkaisija: 50cm &nbsp;<\/p>\n","protected":false},"featured_media":14115,"comment_status":"closed","ping_status":"closed","template":"","meta":[],"product_brand":[],"product_cat":[46,40,51,35,34],"product_tag":[],"class_list":{"0":"post-14114","1":"product","2":"type-product","3":"status-publish","4":"has-post-thumbnail","6":"product_cat-alasvalot","7":"product_cat-kattovalaisimet","8":"product_cat-pinta-asennettavat","9":"product_cat-sisavalaisimet","10":"product_cat-valaisimet","12":"first","13":"instock","14":"taxable","15":"shipping-taxable","16":"purchasable","17":"product-type-simple"},"_links":{"self":[{"href":"https:\/\/www.ksttukku.fi\/kauppa\/wp-json\/wp\/v2\/product\/14114","targetHints":{"allow":["GET"]}}],"collection":[{"href":"https:\/\/www.ksttukku.fi\/kauppa\/wp-json\/wp\/v2\/product"}],"about":[{"href":"https:\/\/www.ksttukku.fi\/kauppa\/wp-json\/wp\/v2\/types\/product"}],"replies":[{"embeddable":true,"href":"https:\/\/www.ksttukku.fi\/kauppa\/wp-json\/wp\/v2\/comments?post=14114"}],"wp:featuredmedia":[{"embeddable":true,"href":"https:\/\/www.ksttukku.fi\/kauppa\/wp-json\/wp\/v2\/media\/14115"}],"wp:attachment":[{"href":"https:\/\/www.ksttukku.fi\/kauppa\/wp-json\/wp\/v2\/media?parent=14114"}],"wp:term":[{"taxonomy":"product_brand","embeddable":true,"href":"https:\/\/www.ksttukku.fi\/kauppa\/wp-json\/wp\/v2\/product_brand?post=14114"},{"taxonomy":"product_cat","embeddable":true,"href":"https:\/\/www.ksttukku.fi\/kauppa\/wp-json\/wp\/v2\/product_cat?post=14114"},{"taxonomy":"product_tag","embeddable":true,"href":"https:\/\/www.ksttukku.fi\/kauppa\/wp-json\/wp\/v2\/product_tag?post=14114"}],"curies":[{"name":"wp","href":"https:\/\/api.w.org\/{rel}","templated":true}]}}