{"id":14141,"date":"2023-09-26T16:29:24","date_gmt":"2023-09-26T13:29:24","guid":{"rendered":"https:\/\/www.ksttukku.fi\/kauppa\/?post_type=product&#038;p=14141"},"modified":"2025-12-20T14:15:45","modified_gmt":"2025-12-20T12:15:45","slug":"tig-seinakello-ruusukulta-310mm","status":"publish","type":"product","link":"https:\/\/www.ksttukku.fi\/kauppa\/tuote\/tig-seinakello-ruusukulta-310mm\/","title":{"rendered":"Tig-sein\u00e4kello ruusukulta 310mm"},"content":{"rendered":"<p>Sein\u00e4kello harjattu alumiini .<\/p>\n<p>V\u00e4ri :ruusukulta<\/p>\n<p>Valkoinen kellotaulu, mustilla numeroilla ja viisareilla.<\/p>\n<p>Moderni ja tyylik\u00e4s kello, joka sopii loistavasti niin kotiin kuin toimistoonkin.<\/p>\n<p>Sein\u00e4kello on parhaimmillaan tyylik\u00e4s sisustusesine ja hy\u00f6dyllinen ajann\u00e4ytt\u00e4j\u00e4.<\/p>\n<p>Selke\u00e4t numerot ja hiljainen koneisto.<\/p>\n<p>Halkaisija: 31cm<\/p>\n<p>Syvyys: 4,5cm<\/p>\n<p>Paristo 1 x AA (ei sis\u00e4lly).<\/p>\n","protected":false},"excerpt":{"rendered":"<p>Sein\u00e4kello harjattu alumiini . V\u00e4ri :ruusukulta Valkoinen kellotaulu, mustilla numeroilla ja viisareilla. Moderni ja tyylik\u00e4s kello, joka sopii loistavasti niin kotiin kuin toimistoonkin. Sein\u00e4kello on parhaimmillaan tyylik\u00e4s sisustusesine ja hy\u00f6dyllinen ajann\u00e4ytt\u00e4j\u00e4. Selke\u00e4t numerot ja hiljainen koneisto. Halkaisija: 31cm Syvyys: 4,5cm Paristo 1 x AA (ei sis\u00e4lly).<\/p>\n","protected":false},"featured_media":14150,"comment_status":"closed","ping_status":"closed","template":"","meta":[],"product_brand":[],"product_cat":[491,453,377],"product_tag":[],"class_list":{"0":"post-14141","1":"product","2":"type-product","3":"status-publish","4":"has-post-thumbnail","6":"product_cat-kodin-sisustustuotteet","7":"product_cat-seinakellot","8":"product_cat-sisustus-lahjatavarat","10":"first","11":"outofstock","12":"taxable","13":"shipping-taxable","14":"purchasable","15":"product-type-simple"},"_links":{"self":[{"href":"https:\/\/www.ksttukku.fi\/kauppa\/wp-json\/wp\/v2\/product\/14141","targetHints":{"allow":["GET"]}}],"collection":[{"href":"https:\/\/www.ksttukku.fi\/kauppa\/wp-json\/wp\/v2\/product"}],"about":[{"href":"https:\/\/www.ksttukku.fi\/kauppa\/wp-json\/wp\/v2\/types\/product"}],"replies":[{"embeddable":true,"href":"https:\/\/www.ksttukku.fi\/kauppa\/wp-json\/wp\/v2\/comments?post=14141"}],"wp:featuredmedia":[{"embeddable":true,"href":"https:\/\/www.ksttukku.fi\/kauppa\/wp-json\/wp\/v2\/media\/14150"}],"wp:attachment":[{"href":"https:\/\/www.ksttukku.fi\/kauppa\/wp-json\/wp\/v2\/media?parent=14141"}],"wp:term":[{"taxonomy":"product_brand","embeddable":true,"href":"https:\/\/www.ksttukku.fi\/kauppa\/wp-json\/wp\/v2\/product_brand?post=14141"},{"taxonomy":"product_cat","embeddable":true,"href":"https:\/\/www.ksttukku.fi\/kauppa\/wp-json\/wp\/v2\/product_cat?post=14141"},{"taxonomy":"product_tag","embeddable":true,"href":"https:\/\/www.ksttukku.fi\/kauppa\/wp-json\/wp\/v2\/product_tag?post=14141"}],"curies":[{"name":"wp","href":"https:\/\/api.w.org\/{rel}","templated":true}]}}