{"id":14197,"date":"2023-10-03T16:53:59","date_gmt":"2023-10-03T13:53:59","guid":{"rendered":"https:\/\/www.ksttukku.fi\/kauppa\/?post_type=product&#038;p=14197"},"modified":"2024-11-06T14:32:53","modified_gmt":"2024-11-06T12:32:53","slug":"bore-metallinen-kynttelikko-musta","status":"publish","type":"product","link":"https:\/\/www.ksttukku.fi\/kauppa\/tuote\/bore-metallinen-kynttelikko-musta\/","title":{"rendered":"Bore metallinen kynttelikk\u00f6 musta"},"content":{"rendered":"<p>N\u00e4ytt\u00e4v\u00e4 7-haarainen metallikynttelikk\u00f6 sis\u00e4k\u00e4ytt\u00f6\u00f6n.<br \/>\nIP20. 7 x E10 LED 0,5W.<br \/>\nVirtajohto katkaisijalla, pituus 180 cm.<\/p>\n<p>Muuntaja: 24V DC 2,4VA IP40 Euro-liit\u00e4nt\u00e4.<\/p>\n<p>Korkeus: 560mm<\/p>\n<p>Leveys: 380mm<\/p>\n<p>Syvyys: 150mm<\/p>\n<p>&nbsp;<\/p>\n","protected":false},"excerpt":{"rendered":"<p>N\u00e4ytt\u00e4v\u00e4 7-haarainen metallikynttelikk\u00f6 sis\u00e4k\u00e4ytt\u00f6\u00f6n. IP20. 7 x E10 LED 0,5W. Virtajohto katkaisijalla, pituus 180 cm. Muuntaja: 24V DC 2,4VA IP40 Euro-liit\u00e4nt\u00e4. Korkeus: 560mm Leveys: 380mm Syvyys: 150mm &nbsp;<\/p>\n","protected":false},"featured_media":14198,"comment_status":"closed","ping_status":"closed","template":"","meta":[],"product_brand":[],"product_cat":[176,181,34],"product_tag":[],"class_list":{"0":"post-14197","1":"product","2":"type-product","3":"status-publish","4":"has-post-thumbnail","6":"product_cat-joulu-ja-koristevalot","7":"product_cat-kynttelikot","8":"product_cat-valaisimet","10":"first","11":"outofstock","12":"taxable","13":"shipping-taxable","14":"purchasable","15":"product-type-simple"},"_links":{"self":[{"href":"https:\/\/www.ksttukku.fi\/kauppa\/wp-json\/wp\/v2\/product\/14197","targetHints":{"allow":["GET"]}}],"collection":[{"href":"https:\/\/www.ksttukku.fi\/kauppa\/wp-json\/wp\/v2\/product"}],"about":[{"href":"https:\/\/www.ksttukku.fi\/kauppa\/wp-json\/wp\/v2\/types\/product"}],"replies":[{"embeddable":true,"href":"https:\/\/www.ksttukku.fi\/kauppa\/wp-json\/wp\/v2\/comments?post=14197"}],"wp:featuredmedia":[{"embeddable":true,"href":"https:\/\/www.ksttukku.fi\/kauppa\/wp-json\/wp\/v2\/media\/14198"}],"wp:attachment":[{"href":"https:\/\/www.ksttukku.fi\/kauppa\/wp-json\/wp\/v2\/media?parent=14197"}],"wp:term":[{"taxonomy":"product_brand","embeddable":true,"href":"https:\/\/www.ksttukku.fi\/kauppa\/wp-json\/wp\/v2\/product_brand?post=14197"},{"taxonomy":"product_cat","embeddable":true,"href":"https:\/\/www.ksttukku.fi\/kauppa\/wp-json\/wp\/v2\/product_cat?post=14197"},{"taxonomy":"product_tag","embeddable":true,"href":"https:\/\/www.ksttukku.fi\/kauppa\/wp-json\/wp\/v2\/product_tag?post=14197"}],"curies":[{"name":"wp","href":"https:\/\/api.w.org\/{rel}","templated":true}]}}