{"id":14234,"date":"2023-10-05T15:00:38","date_gmt":"2023-10-05T12:00:38","guid":{"rendered":"https:\/\/www.ksttukku.fi\/kauppa\/?post_type=product&#038;p=14234"},"modified":"2023-10-05T15:00:38","modified_gmt":"2023-10-05T12:00:38","slug":"dew-drop-micro-valosarja-kirkas-15m","status":"publish","type":"product","link":"https:\/\/www.ksttukku.fi\/kauppa\/tuote\/dew-drop-micro-valosarja-kirkas-15m\/","title":{"rendered":"Dew Drop Micro valosarja kirkas 15m"},"content":{"rendered":"<p>15 m pitk\u00e4, ulkok\u00e4ytt\u00f6\u00f6n sopiva valosarja, jossa litte\u00e4ss\u00e4, l\u00e4pin\u00e4kyv\u00e4ss\u00e4 kaapelissa on 200 l\u00e4mpim\u00e4n valkoista valoa. Sopii esim. puiden, pensaiden ja kaiteiden koristeluun. Taipuisa kaapeli.<br \/>\nIP44. 200 x kiinte\u00e4 LED, kokonaisteho 3,6W.<br \/>\nLamppujen v\u00e4li 7 cm.<br \/>\nJohdon pituus 500 cm.<\/p>\n<ul>\n<li>\n<div>Materiaali: Muovi\/metalli<\/div>\n<\/li>\n<li>\n<div>V\u00e4ri: L\u00e4pin\u00e4kyv\u00e4<\/div>\n<\/li>\n<\/ul>\n","protected":false},"excerpt":{"rendered":"<p>15 m pitk\u00e4, ulkok\u00e4ytt\u00f6\u00f6n sopiva valosarja, jossa litte\u00e4ss\u00e4, l\u00e4pin\u00e4kyv\u00e4ss\u00e4 kaapelissa on 200 l\u00e4mpim\u00e4n valkoista valoa. Sopii esim. puiden, pensaiden ja kaiteiden koristeluun. Taipuisa kaapeli. IP44. 200 x kiinte\u00e4 LED, kokonaisteho 3,6W. Lamppujen v\u00e4li 7 cm. Johdon pituus 500 cm. Materiaali: Muovi\/metalli V\u00e4ri: L\u00e4pin\u00e4kyv\u00e4<\/p>\n","protected":false},"featured_media":14235,"comment_status":"closed","ping_status":"closed","template":"","meta":[],"product_brand":[],"product_cat":[176,197,491,377,177],"product_tag":[],"class_list":{"0":"post-14234","1":"product","2":"type-product","3":"status-publish","4":"has-post-thumbnail","6":"product_cat-joulu-ja-koristevalot","7":"product_cat-joulukuusen-valosarjat","8":"product_cat-kodin-sisustustuotteet","9":"product_cat-sisustus-lahjatavarat","10":"product_cat-valosarjat","12":"first","13":"instock","14":"taxable","15":"shipping-taxable","16":"purchasable","17":"product-type-simple"},"_links":{"self":[{"href":"https:\/\/www.ksttukku.fi\/kauppa\/wp-json\/wp\/v2\/product\/14234","targetHints":{"allow":["GET"]}}],"collection":[{"href":"https:\/\/www.ksttukku.fi\/kauppa\/wp-json\/wp\/v2\/product"}],"about":[{"href":"https:\/\/www.ksttukku.fi\/kauppa\/wp-json\/wp\/v2\/types\/product"}],"replies":[{"embeddable":true,"href":"https:\/\/www.ksttukku.fi\/kauppa\/wp-json\/wp\/v2\/comments?post=14234"}],"wp:featuredmedia":[{"embeddable":true,"href":"https:\/\/www.ksttukku.fi\/kauppa\/wp-json\/wp\/v2\/media\/14235"}],"wp:attachment":[{"href":"https:\/\/www.ksttukku.fi\/kauppa\/wp-json\/wp\/v2\/media?parent=14234"}],"wp:term":[{"taxonomy":"product_brand","embeddable":true,"href":"https:\/\/www.ksttukku.fi\/kauppa\/wp-json\/wp\/v2\/product_brand?post=14234"},{"taxonomy":"product_cat","embeddable":true,"href":"https:\/\/www.ksttukku.fi\/kauppa\/wp-json\/wp\/v2\/product_cat?post=14234"},{"taxonomy":"product_tag","embeddable":true,"href":"https:\/\/www.ksttukku.fi\/kauppa\/wp-json\/wp\/v2\/product_tag?post=14234"}],"curies":[{"name":"wp","href":"https:\/\/api.w.org\/{rel}","templated":true}]}}