{"id":14272,"date":"2023-10-07T10:52:02","date_gmt":"2023-10-07T07:52:02","guid":{"rendered":"https:\/\/www.ksttukku.fi\/kauppa\/?post_type=product&#038;p=14272"},"modified":"2023-10-07T10:52:03","modified_gmt":"2023-10-07T07:52:03","slug":"flyer-plafondi-mattamusta-50-cm","status":"publish","type":"product","link":"https:\/\/www.ksttukku.fi\/kauppa\/tuote\/flyer-plafondi-mattamusta-50-cm\/","title":{"rendered":"Flyer-plafondi mattamusta  50 cm"},"content":{"rendered":"<p>Suosittu Flyer -plafondi . Flyer-plafondin saa l\u00e4helle kattoon, jolloin se on oivallinen valaisin kattoon, jossa pystysuuntaista tilaa on rajatusti.<\/p>\n<p>Flyer-plafondin valo on tasaisen miellytt\u00e4v\u00e4. Plafondi on koukkuukiinnitett\u00e4v\u00e4 ja kytket\u00e4\u00e4n valaisinpistotulpalla, jolloin asennus on helppoa ja nopeaa.<\/p>\n<p>Flyer on TRIAC-himmennett\u00e4v\u00e4 valaisin. Valaisin on testattu mm. <a href=\"https:\/\/drive.google.com\/file\/d\/1U7Jy5Mlk4tNJuaunHhSXqE8XxoXJ00La\/view?usp=sharing\" target=\"_blank\" rel=\"noopener noreferrer\"><strong>Schneider Exxact WDE002299<\/strong><\/a> -himmentimell\u00e4.<\/p>\n<ul class=\"product-technical-data\">\n<li>Halkaisija: 50 cm<\/li>\n<li>Kokonaiskorkeus: 18 cm<\/li>\n<li>Kiinte\u00e4 LED: 32 W (sis\u00e4ltyy)<\/li>\n<li>1530 lm<\/li>\n<li>3000 K<\/li>\n<li>Koukkukiinnitys ja valaisinpistotulppa<\/li>\n<li>TRIAC-himmennett\u00e4v\u00e4<\/li>\n<\/ul>\n","protected":false},"excerpt":{"rendered":"<p><img loading=\"lazy\" decoding=\"async\" class=\"alignleft size-medium wp-image-14274\" src=\"https:\/\/www.ksttukku.fi\/kauppa\/wp-content\/uploads\/2023\/10\/valaisin-gronlund-01-300x169.jpg\" alt=\"\" width=\"300\" height=\"169\" srcset=\"https:\/\/www.ksttukku.fi\/kauppa\/wp-content\/uploads\/2023\/10\/valaisin-gronlund-01-300x169.jpg 300w, https:\/\/www.ksttukku.fi\/kauppa\/wp-content\/uploads\/2023\/10\/valaisin-gronlund-01-768x432.jpg 768w, https:\/\/www.ksttukku.fi\/kauppa\/wp-content\/uploads\/2023\/10\/valaisin-gronlund-01-416x234.jpg 416w, https:\/\/www.ksttukku.fi\/kauppa\/wp-content\/uploads\/2023\/10\/valaisin-gronlund-01.jpg 1024w\" sizes=\"auto, (max-width: 300px) 100vw, 300px\" \/><\/p>\n","protected":false},"featured_media":14273,"comment_status":"closed","ping_status":"closed","template":"","meta":[],"product_brand":[],"product_cat":[40,35,34],"product_tag":[],"class_list":{"0":"post-14272","1":"product","2":"type-product","3":"status-publish","4":"has-post-thumbnail","6":"product_cat-kattovalaisimet","7":"product_cat-sisavalaisimet","8":"product_cat-valaisimet","10":"first","11":"instock","12":"taxable","13":"shipping-taxable","14":"purchasable","15":"product-type-simple"},"_links":{"self":[{"href":"https:\/\/www.ksttukku.fi\/kauppa\/wp-json\/wp\/v2\/product\/14272","targetHints":{"allow":["GET"]}}],"collection":[{"href":"https:\/\/www.ksttukku.fi\/kauppa\/wp-json\/wp\/v2\/product"}],"about":[{"href":"https:\/\/www.ksttukku.fi\/kauppa\/wp-json\/wp\/v2\/types\/product"}],"replies":[{"embeddable":true,"href":"https:\/\/www.ksttukku.fi\/kauppa\/wp-json\/wp\/v2\/comments?post=14272"}],"wp:featuredmedia":[{"embeddable":true,"href":"https:\/\/www.ksttukku.fi\/kauppa\/wp-json\/wp\/v2\/media\/14273"}],"wp:attachment":[{"href":"https:\/\/www.ksttukku.fi\/kauppa\/wp-json\/wp\/v2\/media?parent=14272"}],"wp:term":[{"taxonomy":"product_brand","embeddable":true,"href":"https:\/\/www.ksttukku.fi\/kauppa\/wp-json\/wp\/v2\/product_brand?post=14272"},{"taxonomy":"product_cat","embeddable":true,"href":"https:\/\/www.ksttukku.fi\/kauppa\/wp-json\/wp\/v2\/product_cat?post=14272"},{"taxonomy":"product_tag","embeddable":true,"href":"https:\/\/www.ksttukku.fi\/kauppa\/wp-json\/wp\/v2\/product_tag?post=14272"}],"curies":[{"name":"wp","href":"https:\/\/api.w.org\/{rel}","templated":true}]}}