{"id":14436,"date":"2023-10-25T14:52:49","date_gmt":"2023-10-25T11:52:49","guid":{"rendered":"https:\/\/www.ksttukku.fi\/kauppa\/?post_type=product&#038;p=14436"},"modified":"2023-10-25T14:52:49","modified_gmt":"2023-10-25T11:52:49","slug":"moira-pastelli-matto-160x230-cm","status":"publish","type":"product","link":"https:\/\/www.ksttukku.fi\/kauppa\/tuote\/moira-pastelli-matto-160x230-cm\/","title":{"rendered":"Moira pastelli matto 160&#215;230 cm"},"content":{"rendered":"<p><b data-sanitized-data-mce-fragment=\"1\">Helppohoitoinen ja sile\u00e4pintainen matto<\/b>.<b data-sanitized-data-mce-fragment=\"1\">Kaunis v\u00e4ritys antaa matolle upean ilmeen.<\/b><\/p>\n<p><b>Kuviolliset matot ovat n\u00e4ytt\u00e4vi\u00e4 ja soveltuvat t\u00e4ydellisesti kodin oleskelutiloihin.<\/b><\/p>\n<p>V\u00e4rikk\u00e4\u00e4ll\u00e4 matolla luot\u00a0 mausteisen sisustuksen s\u00e4vyt yhteen tai pirist\u00e4 hillitty\u00e4 kotia kauniilla pastellin s\u00e4vyill\u00e4.<\/p>\n<p>Materiaali: 100% kierr\u00e4tetty\u00e4 polyesteria, liukuestenappulat pvc<\/p>\n<p>Hoito-ohje: S\u00e4\u00e4nn\u00f6llinen imurointi ja tuuletus. Vesipesu max 30 astetta<\/p>\n","protected":false},"excerpt":{"rendered":"<p>Helppohoitoinen ja sile\u00e4pintainen matto.Kaunis v\u00e4ritys antaa matolle upean ilmeen. Kuviolliset matot ovat n\u00e4ytt\u00e4vi\u00e4 ja soveltuvat t\u00e4ydellisesti kodin oleskelutiloihin. V\u00e4rikk\u00e4\u00e4ll\u00e4 matolla luot\u00a0 mausteisen sisustuksen s\u00e4vyt yhteen tai pirist\u00e4 hillitty\u00e4 kotia kauniilla pastellin s\u00e4vyill\u00e4. Materiaali: 100% kierr\u00e4tetty\u00e4 polyesteria, liukuestenappulat pvc Hoito-ohje: S\u00e4\u00e4nn\u00f6llinen imurointi ja tuuletus. Vesipesu max 30 astetta<\/p>\n","protected":false},"featured_media":14437,"comment_status":"closed","ping_status":"closed","template":"","meta":[],"product_brand":[],"product_cat":[23,22],"product_tag":[],"class_list":{"0":"post-14436","1":"product","2":"type-product","3":"status-publish","4":"has-post-thumbnail","6":"product_cat-kaytava-ja-yleismatot","7":"product_cat-matot","9":"first","10":"instock","11":"taxable","12":"shipping-taxable","13":"purchasable","14":"product-type-simple"},"_links":{"self":[{"href":"https:\/\/www.ksttukku.fi\/kauppa\/wp-json\/wp\/v2\/product\/14436","targetHints":{"allow":["GET"]}}],"collection":[{"href":"https:\/\/www.ksttukku.fi\/kauppa\/wp-json\/wp\/v2\/product"}],"about":[{"href":"https:\/\/www.ksttukku.fi\/kauppa\/wp-json\/wp\/v2\/types\/product"}],"replies":[{"embeddable":true,"href":"https:\/\/www.ksttukku.fi\/kauppa\/wp-json\/wp\/v2\/comments?post=14436"}],"wp:featuredmedia":[{"embeddable":true,"href":"https:\/\/www.ksttukku.fi\/kauppa\/wp-json\/wp\/v2\/media\/14437"}],"wp:attachment":[{"href":"https:\/\/www.ksttukku.fi\/kauppa\/wp-json\/wp\/v2\/media?parent=14436"}],"wp:term":[{"taxonomy":"product_brand","embeddable":true,"href":"https:\/\/www.ksttukku.fi\/kauppa\/wp-json\/wp\/v2\/product_brand?post=14436"},{"taxonomy":"product_cat","embeddable":true,"href":"https:\/\/www.ksttukku.fi\/kauppa\/wp-json\/wp\/v2\/product_cat?post=14436"},{"taxonomy":"product_tag","embeddable":true,"href":"https:\/\/www.ksttukku.fi\/kauppa\/wp-json\/wp\/v2\/product_tag?post=14436"}],"curies":[{"name":"wp","href":"https:\/\/api.w.org\/{rel}","templated":true}]}}