{"id":14572,"date":"2023-11-02T15:17:40","date_gmt":"2023-11-02T13:17:40","guid":{"rendered":"https:\/\/www.ksttukku.fi\/kauppa\/?post_type=product&#038;p=14572"},"modified":"2023-11-02T15:17:41","modified_gmt":"2023-11-02T13:17:41","slug":"nicolas-paperitahti-80cm-valk-hopea","status":"publish","type":"product","link":"https:\/\/www.ksttukku.fi\/kauppa\/tuote\/nicolas-paperitahti-80cm-valk-hopea\/","title":{"rendered":"Nicolas paperit\u00e4hti 80cm valk\/hopea"},"content":{"rendered":"<p>Nicolas riippuva paperit\u00e4hti.<\/p>\n<p>Hopeakuvio\u00a0 reunustaa t\u00e4hte\u00e4.<\/p>\n<p>Hopeanv\u00e4rinen tekstiilip\u00e4\u00e4llysteinen virtajohto, pituus 350 cm.<\/p>\n<p>Halkaisija: 80cm<\/p>\n<p>IP20.<\/p>\n<p>E14-kanta, max. 25W.<\/p>\n","protected":false},"excerpt":{"rendered":"<p>Nicolas riippuva paperit\u00e4hti. Hopeakuvio\u00a0 reunustaa t\u00e4hte\u00e4. Hopeanv\u00e4rinen tekstiilip\u00e4\u00e4llysteinen virtajohto, pituus 350 cm. Halkaisija: 80cm IP20. E14-kanta, max. 25W.<\/p>\n","protected":false},"featured_media":14573,"comment_status":"closed","ping_status":"closed","template":"","meta":[],"product_brand":[],"product_cat":[176,198],"product_tag":[],"class_list":{"0":"post-14572","1":"product","2":"type-product","3":"status-publish","4":"has-post-thumbnail","6":"product_cat-joulu-ja-koristevalot","7":"product_cat-paperitahdet","9":"first","10":"instock","11":"taxable","12":"shipping-taxable","13":"purchasable","14":"product-type-simple"},"_links":{"self":[{"href":"https:\/\/www.ksttukku.fi\/kauppa\/wp-json\/wp\/v2\/product\/14572","targetHints":{"allow":["GET"]}}],"collection":[{"href":"https:\/\/www.ksttukku.fi\/kauppa\/wp-json\/wp\/v2\/product"}],"about":[{"href":"https:\/\/www.ksttukku.fi\/kauppa\/wp-json\/wp\/v2\/types\/product"}],"replies":[{"embeddable":true,"href":"https:\/\/www.ksttukku.fi\/kauppa\/wp-json\/wp\/v2\/comments?post=14572"}],"wp:featuredmedia":[{"embeddable":true,"href":"https:\/\/www.ksttukku.fi\/kauppa\/wp-json\/wp\/v2\/media\/14573"}],"wp:attachment":[{"href":"https:\/\/www.ksttukku.fi\/kauppa\/wp-json\/wp\/v2\/media?parent=14572"}],"wp:term":[{"taxonomy":"product_brand","embeddable":true,"href":"https:\/\/www.ksttukku.fi\/kauppa\/wp-json\/wp\/v2\/product_brand?post=14572"},{"taxonomy":"product_cat","embeddable":true,"href":"https:\/\/www.ksttukku.fi\/kauppa\/wp-json\/wp\/v2\/product_cat?post=14572"},{"taxonomy":"product_tag","embeddable":true,"href":"https:\/\/www.ksttukku.fi\/kauppa\/wp-json\/wp\/v2\/product_tag?post=14572"}],"curies":[{"name":"wp","href":"https:\/\/api.w.org\/{rel}","templated":true}]}}