{"id":14681,"date":"2023-11-27T14:50:15","date_gmt":"2023-11-27T12:50:15","guid":{"rendered":"https:\/\/www.ksttukku.fi\/kauppa\/?post_type=product&#038;p=14681"},"modified":"2025-12-17T10:50:06","modified_gmt":"2025-12-17T08:50:06","slug":"kuusenjalan-suojus-valkoinen","status":"publish","type":"product","link":"https:\/\/www.ksttukku.fi\/kauppa\/tuote\/kuusenjalan-suojus-valkoinen\/","title":{"rendered":"Kuusenjalan Suojus valkoinen"},"content":{"rendered":"<p>Muovirottinkinen kuusenjalan suojus koostuu kahdesta osasta, jotka on helppo yhdist\u00e4\u00e4 toisiinsa kauniilla tekonahkaisella soljella.<\/p>\n<p>Helppo ja nopea tapa p\u00e4ivitt\u00e4\u00e4 vanha kuusenjalka uudenn\u00e4k\u00f6iseksi.<\/p>\n<p>T\u00e4ydellinen keino saada joulukuusesi n\u00e4ytt\u00e4m\u00e4\u00e4n entist\u00e4 paremmalta!<\/p>\n<p>Yl\u00e4osan halkaisija 40 cm, alaosan 50 cm<\/p>\n","protected":false},"excerpt":{"rendered":"<p>Muovirottinkinen kuusenjalan suojus koostuu kahdesta osasta, jotka on helppo yhdist\u00e4\u00e4 toisiinsa kauniilla tekonahkaisella soljella. Helppo ja nopea tapa p\u00e4ivitt\u00e4\u00e4 vanha kuusenjalka uudenn\u00e4k\u00f6iseksi. T\u00e4ydellinen keino saada joulukuusesi n\u00e4ytt\u00e4m\u00e4\u00e4n entist\u00e4 paremmalta! Yl\u00e4osan halkaisija 40 cm, alaosan 50 cm<\/p>\n","protected":false},"featured_media":14682,"comment_status":"closed","ping_status":"closed","template":"","meta":[],"product_brand":[],"product_cat":[176,178],"product_tag":[],"class_list":{"0":"post-14681","1":"product","2":"type-product","3":"status-publish","4":"has-post-thumbnail","6":"product_cat-joulu-ja-koristevalot","7":"product_cat-joulukuuset","9":"first","10":"outofstock","11":"taxable","12":"shipping-taxable","13":"purchasable","14":"product-type-simple"},"_links":{"self":[{"href":"https:\/\/www.ksttukku.fi\/kauppa\/wp-json\/wp\/v2\/product\/14681","targetHints":{"allow":["GET"]}}],"collection":[{"href":"https:\/\/www.ksttukku.fi\/kauppa\/wp-json\/wp\/v2\/product"}],"about":[{"href":"https:\/\/www.ksttukku.fi\/kauppa\/wp-json\/wp\/v2\/types\/product"}],"replies":[{"embeddable":true,"href":"https:\/\/www.ksttukku.fi\/kauppa\/wp-json\/wp\/v2\/comments?post=14681"}],"wp:featuredmedia":[{"embeddable":true,"href":"https:\/\/www.ksttukku.fi\/kauppa\/wp-json\/wp\/v2\/media\/14682"}],"wp:attachment":[{"href":"https:\/\/www.ksttukku.fi\/kauppa\/wp-json\/wp\/v2\/media?parent=14681"}],"wp:term":[{"taxonomy":"product_brand","embeddable":true,"href":"https:\/\/www.ksttukku.fi\/kauppa\/wp-json\/wp\/v2\/product_brand?post=14681"},{"taxonomy":"product_cat","embeddable":true,"href":"https:\/\/www.ksttukku.fi\/kauppa\/wp-json\/wp\/v2\/product_cat?post=14681"},{"taxonomy":"product_tag","embeddable":true,"href":"https:\/\/www.ksttukku.fi\/kauppa\/wp-json\/wp\/v2\/product_tag?post=14681"}],"curies":[{"name":"wp","href":"https:\/\/api.w.org\/{rel}","templated":true}]}}