{"id":14687,"date":"2023-11-27T17:03:36","date_gmt":"2023-11-27T15:03:36","guid":{"rendered":"https:\/\/www.ksttukku.fi\/kauppa\/?post_type=product&#038;p=14687"},"modified":"2026-01-08T14:55:53","modified_gmt":"2026-01-08T12:55:53","slug":"eglo-cluster-valosarja-24-m-1200ledia-amber-valonvari","status":"publish","type":"product","link":"https:\/\/www.ksttukku.fi\/kauppa\/tuote\/eglo-cluster-valosarja-24-m-1200ledia-amber-valonvari\/","title":{"rendered":"Eglo Cluster valosarja amber 24 M 1200ledi\u00e4"},"content":{"rendered":"<p>N\u00e4ytt\u00e4v\u00e4 1200 ledin\u00a0 valosarja.<\/p>\n<p>Led-lamput 2 cm v\u00e4lein, valosarjan pituus 24m.<\/p>\n<p>V\u00e4ris\u00e4vyn\u00e4\u00a0 amber<br \/>\nMusta johto, liitosjohto 5 m.<br \/>\nSis\u00e4- ja ulkok\u00e4ytt\u00f6\u00f6n.<\/p>\n<p>IP 44<\/p>\n","protected":false},"excerpt":{"rendered":"<p>N\u00e4ytt\u00e4v\u00e4 1200 ledin\u00a0 valosarja. Led-lamput 2 cm v\u00e4lein, valosarjan pituus 24m. V\u00e4ris\u00e4vyn\u00e4\u00a0 amber Musta johto, liitosjohto 5 m. Sis\u00e4- ja ulkok\u00e4ytt\u00f6\u00f6n. IP 44<\/p>\n","protected":false},"featured_media":14688,"comment_status":"closed","ping_status":"closed","template":"","meta":[],"product_brand":[],"product_cat":[176,197,199,34,177],"product_tag":[],"class_list":{"0":"post-14687","1":"product","2":"type-product","3":"status-publish","4":"has-post-thumbnail","6":"product_cat-joulu-ja-koristevalot","7":"product_cat-joulukuusen-valosarjat","8":"product_cat-koristevalot","9":"product_cat-valaisimet","10":"product_cat-valosarjat","12":"first","13":"outofstock","14":"featured","15":"taxable","16":"shipping-taxable","17":"purchasable","18":"product-type-simple"},"_links":{"self":[{"href":"https:\/\/www.ksttukku.fi\/kauppa\/wp-json\/wp\/v2\/product\/14687","targetHints":{"allow":["GET"]}}],"collection":[{"href":"https:\/\/www.ksttukku.fi\/kauppa\/wp-json\/wp\/v2\/product"}],"about":[{"href":"https:\/\/www.ksttukku.fi\/kauppa\/wp-json\/wp\/v2\/types\/product"}],"replies":[{"embeddable":true,"href":"https:\/\/www.ksttukku.fi\/kauppa\/wp-json\/wp\/v2\/comments?post=14687"}],"wp:featuredmedia":[{"embeddable":true,"href":"https:\/\/www.ksttukku.fi\/kauppa\/wp-json\/wp\/v2\/media\/14688"}],"wp:attachment":[{"href":"https:\/\/www.ksttukku.fi\/kauppa\/wp-json\/wp\/v2\/media?parent=14687"}],"wp:term":[{"taxonomy":"product_brand","embeddable":true,"href":"https:\/\/www.ksttukku.fi\/kauppa\/wp-json\/wp\/v2\/product_brand?post=14687"},{"taxonomy":"product_cat","embeddable":true,"href":"https:\/\/www.ksttukku.fi\/kauppa\/wp-json\/wp\/v2\/product_cat?post=14687"},{"taxonomy":"product_tag","embeddable":true,"href":"https:\/\/www.ksttukku.fi\/kauppa\/wp-json\/wp\/v2\/product_tag?post=14687"}],"curies":[{"name":"wp","href":"https:\/\/api.w.org\/{rel}","templated":true}]}}