{"id":14872,"date":"2024-01-24T13:55:34","date_gmt":"2024-01-24T11:55:34","guid":{"rendered":"https:\/\/www.ksttukku.fi\/kauppa\/?post_type=product&#038;p=14872"},"modified":"2024-01-24T13:55:34","modified_gmt":"2024-01-24T11:55:34","slug":"zion-4-os-spottivalaisin-musta","status":"publish","type":"product","link":"https:\/\/www.ksttukku.fi\/kauppa\/tuote\/zion-4-os-spottivalaisin-musta\/","title":{"rendered":"Zion 4-os spottivalaisin musta"},"content":{"rendered":"<p>Elegantti 4-osainen kattospottivalaisin Zion luo tilaan reilusti valoa.<\/p>\n<p>Messingin v\u00e4riset yksityiskohdat viimeistelev\u00e4t valaisimen tyylin. Valaisin on helposti sijoitettavissa eteiseen, keitti\u00f6\u00f6n tai olohuoneeseen.<\/p>\n<p>Valon voi levitt\u00e4\u00e4 koko huoneeseen tai suunnata korostamaan tauluja tai tuomaan valo esimerkiksi lukunurkkaukseen.<\/p>\n<p>Valaisin varret k\u00e4\u00e4nnett\u00e4viss\u00e4.<\/p>\n<p>Valaisin on katosta noin 20 cm ja leveydelt\u00e4\u00e4n 72 cm<\/p>\n<p>Kanta: 4 x GU 10<\/p>\n<p>Korkeus :<span data-key=\"korkeus\">20 cm<br \/>\n<\/span><\/p>\n<p>Leveys :<span data-key=\"leveys\">72 cm<br \/>\n<\/span><\/p>\n<p>Koukkukiinnitys + valaisin pistotulppa<\/p>\n<p>Materiaali: metalli<\/p>\n<p>&nbsp;<\/p>\n","protected":false},"excerpt":{"rendered":"<p>Elegantti 4-osainen kattospottivalaisin Zion luo tilaan reilusti valoa. Messingin v\u00e4riset yksityiskohdat viimeistelev\u00e4t valaisimen tyylin. Valaisin on helposti sijoitettavissa eteiseen, keitti\u00f6\u00f6n tai olohuoneeseen. Valon voi levitt\u00e4\u00e4 koko huoneeseen tai suunnata korostamaan tauluja tai tuomaan valo esimerkiksi lukunurkkaukseen. Valaisin varret k\u00e4\u00e4nnett\u00e4viss\u00e4. Valaisin on katosta noin 20 cm ja leveydelt\u00e4\u00e4n 72 cm Kanta: 4 x GU 10 Korkeus [&hellip;]<\/p>\n","protected":false},"featured_media":14873,"comment_status":"closed","ping_status":"closed","template":"","meta":[],"product_brand":[],"product_cat":[40,41,35,34],"product_tag":[],"class_list":{"0":"post-14872","1":"product","2":"type-product","3":"status-publish","4":"has-post-thumbnail","6":"product_cat-kattovalaisimet","7":"product_cat-kohdevalaisimet","8":"product_cat-sisavalaisimet","9":"product_cat-valaisimet","11":"first","12":"instock","13":"taxable","14":"shipping-taxable","15":"purchasable","16":"product-type-simple"},"_links":{"self":[{"href":"https:\/\/www.ksttukku.fi\/kauppa\/wp-json\/wp\/v2\/product\/14872","targetHints":{"allow":["GET"]}}],"collection":[{"href":"https:\/\/www.ksttukku.fi\/kauppa\/wp-json\/wp\/v2\/product"}],"about":[{"href":"https:\/\/www.ksttukku.fi\/kauppa\/wp-json\/wp\/v2\/types\/product"}],"replies":[{"embeddable":true,"href":"https:\/\/www.ksttukku.fi\/kauppa\/wp-json\/wp\/v2\/comments?post=14872"}],"wp:featuredmedia":[{"embeddable":true,"href":"https:\/\/www.ksttukku.fi\/kauppa\/wp-json\/wp\/v2\/media\/14873"}],"wp:attachment":[{"href":"https:\/\/www.ksttukku.fi\/kauppa\/wp-json\/wp\/v2\/media?parent=14872"}],"wp:term":[{"taxonomy":"product_brand","embeddable":true,"href":"https:\/\/www.ksttukku.fi\/kauppa\/wp-json\/wp\/v2\/product_brand?post=14872"},{"taxonomy":"product_cat","embeddable":true,"href":"https:\/\/www.ksttukku.fi\/kauppa\/wp-json\/wp\/v2\/product_cat?post=14872"},{"taxonomy":"product_tag","embeddable":true,"href":"https:\/\/www.ksttukku.fi\/kauppa\/wp-json\/wp\/v2\/product_tag?post=14872"}],"curies":[{"name":"wp","href":"https:\/\/api.w.org\/{rel}","templated":true}]}}