{"id":15040,"date":"2024-02-23T16:27:36","date_gmt":"2024-02-23T14:27:36","guid":{"rendered":"https:\/\/www.ksttukku.fi\/kauppa\/?post_type=product&#038;p=15040"},"modified":"2024-02-23T16:27:37","modified_gmt":"2024-02-23T14:27:37","slug":"kaunis-koti-paivapeite-260cmx-250cm-2","status":"publish","type":"product","link":"https:\/\/www.ksttukku.fi\/kauppa\/tuote\/kaunis-koti-paivapeite-260cmx-250cm-2\/","title":{"rendered":"Kaunis koti p\u00e4iv\u00e4peite 260cmx 250cm"},"content":{"rendered":"<p>P\u00e4iv\u00e4peite tikattu\u00a0 260x250cm<\/p>\n<p>V\u00e4ri: tumman harmaa<\/p>\n<p>Materiaali: polyester 100%<\/p>\n<p>vesipesu 30 astetta<\/p>\n","protected":false},"excerpt":{"rendered":"<p>P\u00e4iv\u00e4peite tikattu\u00a0 260x250cm V\u00e4ri: tumman harmaa Materiaali: polyester 100% vesipesu 30 astetta<\/p>\n","protected":false},"featured_media":15041,"comment_status":"closed","ping_status":"closed","template":"","meta":[],"product_brand":[],"product_cat":[491,377],"product_tag":[],"class_list":{"0":"post-15040","1":"product","2":"type-product","3":"status-publish","4":"has-post-thumbnail","6":"product_cat-kodin-sisustustuotteet","7":"product_cat-sisustus-lahjatavarat","9":"first","10":"instock","11":"taxable","12":"shipping-taxable","13":"purchasable","14":"product-type-simple"},"_links":{"self":[{"href":"https:\/\/www.ksttukku.fi\/kauppa\/wp-json\/wp\/v2\/product\/15040","targetHints":{"allow":["GET"]}}],"collection":[{"href":"https:\/\/www.ksttukku.fi\/kauppa\/wp-json\/wp\/v2\/product"}],"about":[{"href":"https:\/\/www.ksttukku.fi\/kauppa\/wp-json\/wp\/v2\/types\/product"}],"replies":[{"embeddable":true,"href":"https:\/\/www.ksttukku.fi\/kauppa\/wp-json\/wp\/v2\/comments?post=15040"}],"wp:featuredmedia":[{"embeddable":true,"href":"https:\/\/www.ksttukku.fi\/kauppa\/wp-json\/wp\/v2\/media\/15041"}],"wp:attachment":[{"href":"https:\/\/www.ksttukku.fi\/kauppa\/wp-json\/wp\/v2\/media?parent=15040"}],"wp:term":[{"taxonomy":"product_brand","embeddable":true,"href":"https:\/\/www.ksttukku.fi\/kauppa\/wp-json\/wp\/v2\/product_brand?post=15040"},{"taxonomy":"product_cat","embeddable":true,"href":"https:\/\/www.ksttukku.fi\/kauppa\/wp-json\/wp\/v2\/product_cat?post=15040"},{"taxonomy":"product_tag","embeddable":true,"href":"https:\/\/www.ksttukku.fi\/kauppa\/wp-json\/wp\/v2\/product_tag?post=15040"}],"curies":[{"name":"wp","href":"https:\/\/api.w.org\/{rel}","templated":true}]}}