{"id":15078,"date":"2024-02-26T14:10:56","date_gmt":"2024-02-26T12:10:56","guid":{"rendered":"https:\/\/www.ksttukku.fi\/kauppa\/?post_type=product&#038;p=15078"},"modified":"2024-02-26T14:12:41","modified_gmt":"2024-02-26T12:12:41","slug":"sailytyskori-niki","status":"publish","type":"product","link":"https:\/\/www.ksttukku.fi\/kauppa\/tuote\/sailytyskori-niki\/","title":{"rendered":"Niki s\u00e4ilytyskori vesihyasintti"},"content":{"rendered":"<p>S\u00e4ilytyskori Niki on j\u00e4m\u00e4kk\u00e4, tyylik\u00e4s ja monik\u00e4ytt\u00f6inen.<\/p>\n<p>Soveltuu mainiosti my\u00f6s WC-.paperikoriksi: kahvaa voi k\u00e4ytt\u00e4\u00e4 WC-paperitelineen\u00e4.<\/p>\n<p>Materiaali: vesihyasintti\/bambu<\/p>\n<p>Korkeus: 48,5 cm<\/p>\n<p>Syvyys: 42,5 cm<\/p>\n<p>Leveys:\u00a0 32 cm<\/p>\n<table id=\"product-attribute-specs-table\" class=\"data table additional-attributes\">\n<tbody>\n<tr>\n<th class=\"col label\" scope=\"row\"><\/th>\n<td class=\"col data\" data-th=\"Materiaali\"><\/td>\n<\/tr>\n<\/tbody>\n<\/table>\n","protected":false},"excerpt":{"rendered":"<p>S\u00e4ilytyskori Niki on j\u00e4m\u00e4kk\u00e4, tyylik\u00e4s ja monik\u00e4ytt\u00f6inen. Soveltuu mainiosti my\u00f6s WC-.paperikoriksi: kahvaa voi k\u00e4ytt\u00e4\u00e4 WC-paperitelineen\u00e4. Materiaali: vesihyasintti\/bambu Korkeus: 48,5 cm Syvyys: 42,5 cm Leveys:\u00a0 32 cm<\/p>\n","protected":false},"featured_media":15079,"comment_status":"closed","ping_status":"closed","template":"","meta":[],"product_brand":[],"product_cat":[491,377],"product_tag":[],"class_list":{"0":"post-15078","1":"product","2":"type-product","3":"status-publish","4":"has-post-thumbnail","6":"product_cat-kodin-sisustustuotteet","7":"product_cat-sisustus-lahjatavarat","9":"first","10":"instock","11":"taxable","12":"shipping-taxable","13":"purchasable","14":"product-type-simple"},"_links":{"self":[{"href":"https:\/\/www.ksttukku.fi\/kauppa\/wp-json\/wp\/v2\/product\/15078","targetHints":{"allow":["GET"]}}],"collection":[{"href":"https:\/\/www.ksttukku.fi\/kauppa\/wp-json\/wp\/v2\/product"}],"about":[{"href":"https:\/\/www.ksttukku.fi\/kauppa\/wp-json\/wp\/v2\/types\/product"}],"replies":[{"embeddable":true,"href":"https:\/\/www.ksttukku.fi\/kauppa\/wp-json\/wp\/v2\/comments?post=15078"}],"wp:featuredmedia":[{"embeddable":true,"href":"https:\/\/www.ksttukku.fi\/kauppa\/wp-json\/wp\/v2\/media\/15079"}],"wp:attachment":[{"href":"https:\/\/www.ksttukku.fi\/kauppa\/wp-json\/wp\/v2\/media?parent=15078"}],"wp:term":[{"taxonomy":"product_brand","embeddable":true,"href":"https:\/\/www.ksttukku.fi\/kauppa\/wp-json\/wp\/v2\/product_brand?post=15078"},{"taxonomy":"product_cat","embeddable":true,"href":"https:\/\/www.ksttukku.fi\/kauppa\/wp-json\/wp\/v2\/product_cat?post=15078"},{"taxonomy":"product_tag","embeddable":true,"href":"https:\/\/www.ksttukku.fi\/kauppa\/wp-json\/wp\/v2\/product_tag?post=15078"}],"curies":[{"name":"wp","href":"https:\/\/api.w.org\/{rel}","templated":true}]}}