{"id":1509,"date":"2018-04-28T15:37:48","date_gmt":"2018-04-28T12:37:48","guid":{"rendered":"http:\/\/www.ksttukku.fi\/kauppa\/?post_type=product&#038;p=1509"},"modified":"2025-06-05T11:47:41","modified_gmt":"2025-06-05T08:47:41","slug":"cristo-riippuvalaisin-40cm","status":"publish","type":"product","link":"https:\/\/www.ksttukku.fi\/kauppa\/tuote\/cristo-riippuvalaisin-40cm\/","title":{"rendered":"Cristo riippuvalaisin 40cm"},"content":{"rendered":"<p>Cristo-riippuvalaisin on upea kristallivalaisin joka tuo kotiisi aitoa ylellisyytt\u00e4. Sen valoteho on erinomainen ja kristallien s\u00e4ihke silmi\u00e4 hivelev\u00e4. T\u00e4ss\u00e4 majesteettisessa valaisimessa on kromattu metallinen varjostin johon on upotettu lukuisia hiottuja kristallikiteit\u00e4. T\u00e4m\u00e4 antaa ainutlaatuisen kauniin ja l\u00e4mpim\u00e4n valon.<\/p>\n<p>\u2022 V\u00e4ri : kromi<br \/>\n\u2022 halk. : 40,0cm<br \/>\n\u2022 kork. : 160,0cm<br \/>\n\u2022 5xG9 \/ 33W (sis\u00e4ltyy pakkaukseen)<br \/>\nKoukkukiinnitys, sis\u00e4lt\u00e4\u00e4 pistokkeen<\/p>\n","protected":false},"excerpt":{"rendered":"<p>Cristo-riippuvalaisin on upea kristallivalaisin joka tuo kotiisi aitoa ylellisyytt\u00e4. Sen valoteho on erinomainen ja kristallien s\u00e4ihke silmi\u00e4 hivelev\u00e4. T\u00e4ss\u00e4 majesteettisessa valaisimessa on kromattu metallinen varjostin johon on upotettu lukuisia hiottuja kristallikiteit\u00e4. T\u00e4m\u00e4 antaa ainutlaatuisen kauniin ja l\u00e4mpim\u00e4n valon. \u2022 V\u00e4ri : kromi \u2022 halk. : 40,0cm \u2022 kork. : 160,0cm \u2022 5xG9 \/ 33W (sis\u00e4ltyy [&hellip;]<\/p>\n","protected":false},"featured_media":1510,"comment_status":"closed","ping_status":"closed","template":"","meta":[],"product_brand":[],"product_cat":[49,35,34],"product_tag":[],"class_list":{"0":"post-1509","1":"product","2":"type-product","3":"status-publish","4":"has-post-thumbnail","6":"product_cat-riippuvalaisimet","7":"product_cat-sisavalaisimet","8":"product_cat-valaisimet","10":"first","11":"instock","12":"taxable","13":"shipping-taxable","14":"purchasable","15":"product-type-simple"},"_links":{"self":[{"href":"https:\/\/www.ksttukku.fi\/kauppa\/wp-json\/wp\/v2\/product\/1509","targetHints":{"allow":["GET"]}}],"collection":[{"href":"https:\/\/www.ksttukku.fi\/kauppa\/wp-json\/wp\/v2\/product"}],"about":[{"href":"https:\/\/www.ksttukku.fi\/kauppa\/wp-json\/wp\/v2\/types\/product"}],"replies":[{"embeddable":true,"href":"https:\/\/www.ksttukku.fi\/kauppa\/wp-json\/wp\/v2\/comments?post=1509"}],"wp:featuredmedia":[{"embeddable":true,"href":"https:\/\/www.ksttukku.fi\/kauppa\/wp-json\/wp\/v2\/media\/1510"}],"wp:attachment":[{"href":"https:\/\/www.ksttukku.fi\/kauppa\/wp-json\/wp\/v2\/media?parent=1509"}],"wp:term":[{"taxonomy":"product_brand","embeddable":true,"href":"https:\/\/www.ksttukku.fi\/kauppa\/wp-json\/wp\/v2\/product_brand?post=1509"},{"taxonomy":"product_cat","embeddable":true,"href":"https:\/\/www.ksttukku.fi\/kauppa\/wp-json\/wp\/v2\/product_cat?post=1509"},{"taxonomy":"product_tag","embeddable":true,"href":"https:\/\/www.ksttukku.fi\/kauppa\/wp-json\/wp\/v2\/product_tag?post=1509"}],"curies":[{"name":"wp","href":"https:\/\/api.w.org\/{rel}","templated":true}]}}