{"id":15195,"date":"2024-03-28T15:51:57","date_gmt":"2024-03-28T13:51:57","guid":{"rendered":"https:\/\/www.ksttukku.fi\/kauppa\/?post_type=product&#038;p=15195"},"modified":"2024-03-28T15:51:58","modified_gmt":"2024-03-28T13:51:58","slug":"classic-plus-black-suihkukori-2-osainen","status":"publish","type":"product","link":"https:\/\/www.ksttukku.fi\/kauppa\/tuote\/classic-plus-black-suihkukori-2-osainen\/","title":{"rendered":"Classic Plus Black suihkukori 2-osainen"},"content":{"rendered":"<p>Luo lis\u00e4s\u00e4ilytystilaa suihkuusi ilman ty\u00f6kaluja tai poraamista.<\/p>\n<p>Pinnoitetusta ter\u00e4ksest\u00e4 valmistetussa suihkukulmahyllyss\u00e4 on runsaasti s\u00e4ilytystilaa pesuaineille ja -v\u00e4lineille.<\/p>\n<p>Hylly kiinnitet\u00e4\u00e4n sein\u00e4\u00e4n TurboLoc-tarrakiinnityksell\u00e4.<\/p>\n<ul>\n<li>Pinnoitettua ter\u00e4st\u00e4<\/li>\n<li>Mitat L 26,5 x K 33 x S 14,5 cm<\/li>\n<\/ul>\n","protected":false},"excerpt":{"rendered":"<p>Luo lis\u00e4s\u00e4ilytystilaa suihkuusi ilman ty\u00f6kaluja tai poraamista. Pinnoitetusta ter\u00e4ksest\u00e4 valmistetussa suihkukulmahyllyss\u00e4 on runsaasti s\u00e4ilytystilaa pesuaineille ja -v\u00e4lineille. Hylly kiinnitet\u00e4\u00e4n sein\u00e4\u00e4n TurboLoc-tarrakiinnityksell\u00e4. Pinnoitettua ter\u00e4st\u00e4 Mitat L 26,5 x K 33 x S 14,5 cm<\/p>\n","protected":false},"featured_media":15196,"comment_status":"closed","ping_status":"closed","template":"","meta":[],"product_brand":[],"product_cat":[151,150,360],"product_tag":[],"class_list":{"0":"post-15195","1":"product","2":"type-product","3":"status-publish","4":"has-post-thumbnail","6":"product_cat-kalusteet","7":"product_cat-kylpyhuone","8":"product_cat-pyyhekoukut-ja-tarvikkeet","10":"first","11":"instock","12":"taxable","13":"shipping-taxable","14":"purchasable","15":"product-type-simple"},"_links":{"self":[{"href":"https:\/\/www.ksttukku.fi\/kauppa\/wp-json\/wp\/v2\/product\/15195","targetHints":{"allow":["GET"]}}],"collection":[{"href":"https:\/\/www.ksttukku.fi\/kauppa\/wp-json\/wp\/v2\/product"}],"about":[{"href":"https:\/\/www.ksttukku.fi\/kauppa\/wp-json\/wp\/v2\/types\/product"}],"replies":[{"embeddable":true,"href":"https:\/\/www.ksttukku.fi\/kauppa\/wp-json\/wp\/v2\/comments?post=15195"}],"wp:featuredmedia":[{"embeddable":true,"href":"https:\/\/www.ksttukku.fi\/kauppa\/wp-json\/wp\/v2\/media\/15196"}],"wp:attachment":[{"href":"https:\/\/www.ksttukku.fi\/kauppa\/wp-json\/wp\/v2\/media?parent=15195"}],"wp:term":[{"taxonomy":"product_brand","embeddable":true,"href":"https:\/\/www.ksttukku.fi\/kauppa\/wp-json\/wp\/v2\/product_brand?post=15195"},{"taxonomy":"product_cat","embeddable":true,"href":"https:\/\/www.ksttukku.fi\/kauppa\/wp-json\/wp\/v2\/product_cat?post=15195"},{"taxonomy":"product_tag","embeddable":true,"href":"https:\/\/www.ksttukku.fi\/kauppa\/wp-json\/wp\/v2\/product_tag?post=15195"}],"curies":[{"name":"wp","href":"https:\/\/api.w.org\/{rel}","templated":true}]}}