{"id":15351,"date":"2024-04-27T14:35:05","date_gmt":"2024-04-27T11:35:05","guid":{"rendered":"https:\/\/www.ksttukku.fi\/kauppa\/?post_type=product&#038;p=15351"},"modified":"2024-04-29T17:56:43","modified_gmt":"2024-04-29T14:56:43","slug":"akustiikkaseinapaneeli-jarnvik-5100-miranus-600x24x2440mm","status":"publish","type":"product","link":"https:\/\/www.ksttukku.fi\/kauppa\/tuote\/akustiikkaseinapaneeli-jarnvik-5100-miranus-600x24x2440mm\/","title":{"rendered":"Akustiikkasein\u00e4paneeli J\u00e4rnvik 5100  Miranus 600x24x2440mm"},"content":{"rendered":"<p>Korkeaprofiilinen, tyylik\u00e4s akustinen rimapaneelilevy,<br \/>\njossa pohja on mustaa huopaa ja p\u00e4\u00e4llinen valkolakattua<br \/>\ntammea muistuttavaa puukuviota. Voidaan asentaa<br \/>\npystyyn tai vaakaan sek\u00e4 kattoon.<br \/>\n\u00c4\u00e4nt\u00e4 erist\u00e4v\u00e4 pohjahuopa vaimentaa melua ja<br \/>\nj\u00e4lkikaikuja. Mdf -rimoissa n\u00e4ytt\u00e4v\u00e4 puunsyykuviointi.<br \/>\nAkustisella huovalla on paloa viiv\u00e4stytt\u00e4v\u00e4 ominaisuus ja<br \/>\nse kuuluu B1 -paloluokkaan. Ei sis\u00e4ll\u00e4 haitallisia<br \/>\nyhdisteit\u00e4. Helppo ja nopea asentaa. Suoraan sein\u00e4\u00e4n<br \/>\nasennettuna NRC-arvo 0,3, \u00e4\u00e4nenvaimennusluokka D.<br \/>\nKoolattuna \u00e4\u00e4nenvaimennusluokka A. Levyn paino<br \/>\n10,8kg, pituus 2440mm, leveys 600mm ja paksuus<br \/>\n24mm.<br \/>\nEN 13501-1:2018 CLASS B, ASTM E84 CLASS A.<\/p>\n<p>&nbsp;<\/p>\n","protected":false},"excerpt":{"rendered":"<p>Korkeaprofiilinen, tyylik\u00e4s akustinen rimapaneelilevy, jossa pohja on mustaa huopaa ja p\u00e4\u00e4llinen valkolakattua tammea muistuttavaa puukuviota. Voidaan asentaa pystyyn tai vaakaan sek\u00e4 kattoon. \u00c4\u00e4nt\u00e4 erist\u00e4v\u00e4 pohjahuopa vaimentaa melua ja j\u00e4lkikaikuja. Mdf -rimoissa n\u00e4ytt\u00e4v\u00e4 puunsyykuviointi. Akustisella huovalla on paloa viiv\u00e4stytt\u00e4v\u00e4 ominaisuus ja se kuuluu B1 -paloluokkaan. Ei sis\u00e4ll\u00e4 haitallisia yhdisteit\u00e4. Helppo ja nopea asentaa. Suoraan sein\u00e4\u00e4n asennettuna [&hellip;]<\/p>\n","protected":false},"featured_media":15353,"comment_status":"closed","ping_status":"closed","template":"","meta":[],"product_brand":[],"product_cat":[358,490,245],"product_tag":[],"class_list":{"0":"post-15351","1":"product","2":"type-product","3":"status-publish","4":"has-post-thumbnail","6":"product_cat-akustiikkalevyt","7":"product_cat-jarnvik-seinapaneelit","8":"product_cat-sisustuslevyt","10":"first","11":"instock","12":"taxable","13":"shipping-taxable","14":"purchasable","15":"product-type-simple"},"_links":{"self":[{"href":"https:\/\/www.ksttukku.fi\/kauppa\/wp-json\/wp\/v2\/product\/15351","targetHints":{"allow":["GET"]}}],"collection":[{"href":"https:\/\/www.ksttukku.fi\/kauppa\/wp-json\/wp\/v2\/product"}],"about":[{"href":"https:\/\/www.ksttukku.fi\/kauppa\/wp-json\/wp\/v2\/types\/product"}],"replies":[{"embeddable":true,"href":"https:\/\/www.ksttukku.fi\/kauppa\/wp-json\/wp\/v2\/comments?post=15351"}],"wp:featuredmedia":[{"embeddable":true,"href":"https:\/\/www.ksttukku.fi\/kauppa\/wp-json\/wp\/v2\/media\/15353"}],"wp:attachment":[{"href":"https:\/\/www.ksttukku.fi\/kauppa\/wp-json\/wp\/v2\/media?parent=15351"}],"wp:term":[{"taxonomy":"product_brand","embeddable":true,"href":"https:\/\/www.ksttukku.fi\/kauppa\/wp-json\/wp\/v2\/product_brand?post=15351"},{"taxonomy":"product_cat","embeddable":true,"href":"https:\/\/www.ksttukku.fi\/kauppa\/wp-json\/wp\/v2\/product_cat?post=15351"},{"taxonomy":"product_tag","embeddable":true,"href":"https:\/\/www.ksttukku.fi\/kauppa\/wp-json\/wp\/v2\/product_tag?post=15351"}],"curies":[{"name":"wp","href":"https:\/\/api.w.org\/{rel}","templated":true}]}}