{"id":15399,"date":"2024-05-07T17:42:44","date_gmt":"2024-05-07T14:42:44","guid":{"rendered":"https:\/\/www.ksttukku.fi\/kauppa\/?post_type=product&#038;p=15399"},"modified":"2024-05-07T17:42:45","modified_gmt":"2024-05-07T14:42:45","slug":"sailytyslaatikko-antrasiitti-750-l","status":"publish","type":"product","link":"https:\/\/www.ksttukku.fi\/kauppa\/tuote\/sailytyslaatikko-antrasiitti-750-l\/","title":{"rendered":"S\u00e4ilytyslaatikko antrasiitti 750 L"},"content":{"rendered":"<p>Muovinen s\u00e4ilytysarkku ymp\u00e4rivuotiseen ulkok\u00e4ytt\u00f6\u00f6n. Paikka lukolle (lukko ei sis\u00e4lly).<\/p>\n<p>Leveys:\u00a0 155 cm<\/p>\n<p>Syvyys:\u00a0 66 cm<\/p>\n<p>Korkeus: 80 cm<\/p>\n<p>Materiaali: polypropyleeni<\/p>\n","protected":false},"excerpt":{"rendered":"<p>Muovinen s\u00e4ilytysarkku ymp\u00e4rivuotiseen ulkok\u00e4ytt\u00f6\u00f6n. Paikka lukolle (lukko ei sis\u00e4lly). Leveys:\u00a0 155 cm Syvyys:\u00a0 66 cm Korkeus: 80 cm Materiaali: polypropyleeni<\/p>\n","protected":false},"featured_media":15401,"comment_status":"closed","ping_status":"closed","template":"","meta":[],"product_brand":[],"product_cat":[119,124],"product_tag":[],"class_list":{"0":"post-15399","1":"product","2":"type-product","3":"status-publish","4":"has-post-thumbnail","6":"product_cat-kesakalusteet","7":"product_cat-puutarha-arkut","9":"first","10":"instock","11":"taxable","12":"shipping-taxable","13":"purchasable","14":"product-type-simple"},"_links":{"self":[{"href":"https:\/\/www.ksttukku.fi\/kauppa\/wp-json\/wp\/v2\/product\/15399","targetHints":{"allow":["GET"]}}],"collection":[{"href":"https:\/\/www.ksttukku.fi\/kauppa\/wp-json\/wp\/v2\/product"}],"about":[{"href":"https:\/\/www.ksttukku.fi\/kauppa\/wp-json\/wp\/v2\/types\/product"}],"replies":[{"embeddable":true,"href":"https:\/\/www.ksttukku.fi\/kauppa\/wp-json\/wp\/v2\/comments?post=15399"}],"wp:featuredmedia":[{"embeddable":true,"href":"https:\/\/www.ksttukku.fi\/kauppa\/wp-json\/wp\/v2\/media\/15401"}],"wp:attachment":[{"href":"https:\/\/www.ksttukku.fi\/kauppa\/wp-json\/wp\/v2\/media?parent=15399"}],"wp:term":[{"taxonomy":"product_brand","embeddable":true,"href":"https:\/\/www.ksttukku.fi\/kauppa\/wp-json\/wp\/v2\/product_brand?post=15399"},{"taxonomy":"product_cat","embeddable":true,"href":"https:\/\/www.ksttukku.fi\/kauppa\/wp-json\/wp\/v2\/product_cat?post=15399"},{"taxonomy":"product_tag","embeddable":true,"href":"https:\/\/www.ksttukku.fi\/kauppa\/wp-json\/wp\/v2\/product_tag?post=15399"}],"curies":[{"name":"wp","href":"https:\/\/api.w.org\/{rel}","templated":true}]}}