{"id":15463,"date":"2024-06-01T13:54:46","date_gmt":"2024-06-01T10:54:46","guid":{"rendered":"https:\/\/www.ksttukku.fi\/kauppa\/?post_type=product&#038;p=15463"},"modified":"2024-06-01T13:54:46","modified_gmt":"2024-06-01T10:54:46","slug":"varberg-kattotuuletinvalaisin-pyorimissuunnan-vaihdolla","status":"publish","type":"product","link":"https:\/\/www.ksttukku.fi\/kauppa\/tuote\/varberg-kattotuuletinvalaisin-pyorimissuunnan-vaihdolla\/","title":{"rendered":"Varberg kattotuuletinvalaisin py\u00f6rimissuunnan vaihdolla"},"content":{"rendered":"<p>Varberg on moderni kattotuuletinvalaisin,joka soveltuu erinomaisesti kodin eri tiloihin, esim makuuhuone ,oleskelutilat<\/p>\n<p>Mukana toimitettavalla kaukos\u00e4\u00e4timell\u00e4 voit s\u00e4\u00e4t\u00e4\u00e4 valon voimakkuutta ja v\u00e4ri\u00e4. Integroitu tuuletin voidaan kytke\u00e4 kattovalaisimesta erill\u00e4\u00e4n kolmella nopeusasetuksella, ja se takaa optimaalisen tasapainoisen huoneilman sek\u00e4 kes\u00e4ll\u00e4 ett\u00e4 talvella. Integroidun ajastintoiminnon ansiosta tuuletin sammuu automaattisesti valitun ajan kuluttua. Muisti- ja y\u00f6valotoiminto t\u00e4ydent\u00e4v\u00e4t VARBERGin monipuolisia toimintoja ihanteellisesti. Mustan kankaan ja valkoisen muovin yhdistelm\u00e4, jossa on t\u00e4htivaloefekti, luo viihtyis\u00e4n tunnelman. Valaisimessa on my\u00f6s nykyaikainen LED-tekniikka, jolle on ominaista korkea valonlaatu ja energiatehokkuus. Perinteisiin halogeenivalonl\u00e4hteisiin verrattuna energiakustannuksia voidaan s\u00e4\u00e4st\u00e4\u00e4 jopa 80 %. LED-valonl\u00e4hteill\u00e4 hy\u00f6dyt my\u00f6s pitk\u00e4st\u00e4 k\u00e4ytt\u00f6i\u00e4st\u00e4 ja v\u00e4h\u00e4isest\u00e4 l\u00e4mm\u00f6ntuotannosta ymp\u00e4rist\u00f6\u00e4 s\u00e4\u00e4st\u00e4en.<\/p>\n","protected":false},"excerpt":{"rendered":"<p>Varberg on moderni kattotuuletinvalaisin,joka soveltuu erinomaisesti kodin eri tiloihin, esim makuuhuone ,oleskelutilat Mukana toimitettavalla kaukos\u00e4\u00e4timell\u00e4 voit s\u00e4\u00e4t\u00e4\u00e4 valon voimakkuutta ja v\u00e4ri\u00e4. Integroitu tuuletin voidaan kytke\u00e4 kattovalaisimesta erill\u00e4\u00e4n kolmella nopeusasetuksella, ja se takaa optimaalisen tasapainoisen huoneilman sek\u00e4 kes\u00e4ll\u00e4 ett\u00e4 talvella. Integroidun ajastintoiminnon ansiosta tuuletin sammuu automaattisesti valitun ajan kuluttua. Muisti- ja y\u00f6valotoiminto t\u00e4ydent\u00e4v\u00e4t VARBERGin monipuolisia toimintoja [&hellip;]<\/p>\n","protected":false},"featured_media":15468,"comment_status":"closed","ping_status":"closed","template":"","meta":[],"product_brand":[],"product_cat":[175,35,34],"product_tag":[],"class_list":{"0":"post-15463","1":"product","2":"type-product","3":"status-publish","4":"has-post-thumbnail","6":"product_cat-tuuletinvalaisimet","7":"product_cat-sisavalaisimet","8":"product_cat-valaisimet","10":"first","11":"instock","12":"taxable","13":"shipping-taxable","14":"purchasable","15":"product-type-simple"},"_links":{"self":[{"href":"https:\/\/www.ksttukku.fi\/kauppa\/wp-json\/wp\/v2\/product\/15463","targetHints":{"allow":["GET"]}}],"collection":[{"href":"https:\/\/www.ksttukku.fi\/kauppa\/wp-json\/wp\/v2\/product"}],"about":[{"href":"https:\/\/www.ksttukku.fi\/kauppa\/wp-json\/wp\/v2\/types\/product"}],"replies":[{"embeddable":true,"href":"https:\/\/www.ksttukku.fi\/kauppa\/wp-json\/wp\/v2\/comments?post=15463"}],"wp:featuredmedia":[{"embeddable":true,"href":"https:\/\/www.ksttukku.fi\/kauppa\/wp-json\/wp\/v2\/media\/15468"}],"wp:attachment":[{"href":"https:\/\/www.ksttukku.fi\/kauppa\/wp-json\/wp\/v2\/media?parent=15463"}],"wp:term":[{"taxonomy":"product_brand","embeddable":true,"href":"https:\/\/www.ksttukku.fi\/kauppa\/wp-json\/wp\/v2\/product_brand?post=15463"},{"taxonomy":"product_cat","embeddable":true,"href":"https:\/\/www.ksttukku.fi\/kauppa\/wp-json\/wp\/v2\/product_cat?post=15463"},{"taxonomy":"product_tag","embeddable":true,"href":"https:\/\/www.ksttukku.fi\/kauppa\/wp-json\/wp\/v2\/product_tag?post=15463"}],"curies":[{"name":"wp","href":"https:\/\/api.w.org\/{rel}","templated":true}]}}