{"id":15511,"date":"2024-06-05T11:50:06","date_gmt":"2024-06-05T08:50:06","guid":{"rendered":"https:\/\/www.ksttukku.fi\/kauppa\/?post_type=product&#038;p=15511"},"modified":"2024-06-05T11:50:09","modified_gmt":"2024-06-05T08:50:09","slug":"nala-kattoplafondi-6800-lm-trio-select","status":"publish","type":"product","link":"https:\/\/www.ksttukku.fi\/kauppa\/tuote\/nala-kattoplafondi-6800-lm-trio-select\/","title":{"rendered":"Nala kattoplafondi 6800 lm trio select"},"content":{"rendered":"<p>NALA-sarjan poikkeukselliset valaisimet tekev\u00e4t vaikutuksen kaarevalla muotoilullaan.<\/p>\n<p>Useista dynaamisista valaisuelementeist\u00e4 koostuva kattovalaisin on keskeinen katseenvangitsija olohuoneen tai makuuhuoneen katossa.<\/p>\n<p>Muotoilunsa lis\u00e4ksi valaisimessa on k\u00e4yt\u00e4nn\u00f6llisi\u00e4 toimintoja. Integroidun SWITCH-himmennin mahdollistaa kirkkauden s\u00e4\u00e4t\u00e4misen kolmessa vaiheessa (100 %, 50 % ja 25 %) tavallisella valokytkimell\u00e4.<\/p>\n<p>Voit my\u00f6s k\u00e4ytt\u00e4\u00e4 suoraan valaisimessa olevaa DIP SWITCH -kytkint\u00e4, jolla voit valita kolmesta eri valon v\u00e4rist\u00e4 haluamasi tunnelman luomiseksi.<\/p>\n<p>Muotoilun ja mattavalkoisen pinnan yhdistelm\u00e4 antaa NALA-riippuvalaisimelle aivan erityisen tunnelman.<\/p>\n<p>Valaisimessa on my\u00f6s nykyaikainen LED-tekniikka, jolle on ominaista korkea valonlaatu ja energiatehokkuus<\/p>\n<p>Materiaali: metalli<\/p>\n<p>V\u00e4ri: mattavalkoinen<\/p>\n<p>Halkaisija: 72 cm<\/p>\n<p>Korkeus: 35 cm<\/p>\n","protected":false},"excerpt":{"rendered":"<p>NALA-sarjan poikkeukselliset valaisimet tekev\u00e4t vaikutuksen kaarevalla muotoilullaan. Useista dynaamisista valaisuelementeist\u00e4 koostuva kattovalaisin on keskeinen katseenvangitsija olohuoneen tai makuuhuoneen katossa. Muotoilunsa lis\u00e4ksi valaisimessa on k\u00e4yt\u00e4nn\u00f6llisi\u00e4 toimintoja. Integroidun SWITCH-himmennin mahdollistaa kirkkauden s\u00e4\u00e4t\u00e4misen kolmessa vaiheessa (100 %, 50 % ja 25 %) tavallisella valokytkimell\u00e4. Voit my\u00f6s k\u00e4ytt\u00e4\u00e4 suoraan valaisimessa olevaa DIP SWITCH -kytkint\u00e4, jolla voit valita kolmesta eri [&hellip;]<\/p>\n","protected":false},"featured_media":15512,"comment_status":"closed","ping_status":"closed","template":"","meta":[],"product_brand":[],"product_cat":[40,35,34],"product_tag":[],"class_list":{"0":"post-15511","1":"product","2":"type-product","3":"status-publish","4":"has-post-thumbnail","6":"product_cat-kattovalaisimet","7":"product_cat-sisavalaisimet","8":"product_cat-valaisimet","10":"first","11":"instock","12":"taxable","13":"shipping-taxable","14":"purchasable","15":"product-type-simple"},"_links":{"self":[{"href":"https:\/\/www.ksttukku.fi\/kauppa\/wp-json\/wp\/v2\/product\/15511","targetHints":{"allow":["GET"]}}],"collection":[{"href":"https:\/\/www.ksttukku.fi\/kauppa\/wp-json\/wp\/v2\/product"}],"about":[{"href":"https:\/\/www.ksttukku.fi\/kauppa\/wp-json\/wp\/v2\/types\/product"}],"replies":[{"embeddable":true,"href":"https:\/\/www.ksttukku.fi\/kauppa\/wp-json\/wp\/v2\/comments?post=15511"}],"wp:featuredmedia":[{"embeddable":true,"href":"https:\/\/www.ksttukku.fi\/kauppa\/wp-json\/wp\/v2\/media\/15512"}],"wp:attachment":[{"href":"https:\/\/www.ksttukku.fi\/kauppa\/wp-json\/wp\/v2\/media?parent=15511"}],"wp:term":[{"taxonomy":"product_brand","embeddable":true,"href":"https:\/\/www.ksttukku.fi\/kauppa\/wp-json\/wp\/v2\/product_brand?post=15511"},{"taxonomy":"product_cat","embeddable":true,"href":"https:\/\/www.ksttukku.fi\/kauppa\/wp-json\/wp\/v2\/product_cat?post=15511"},{"taxonomy":"product_tag","embeddable":true,"href":"https:\/\/www.ksttukku.fi\/kauppa\/wp-json\/wp\/v2\/product_tag?post=15511"}],"curies":[{"name":"wp","href":"https:\/\/api.w.org\/{rel}","templated":true}]}}