{"id":15541,"date":"2024-06-07T12:47:55","date_gmt":"2024-06-07T09:47:55","guid":{"rendered":"https:\/\/www.ksttukku.fi\/kauppa\/?post_type=product&#038;p=15541"},"modified":"2026-03-16T14:16:17","modified_gmt":"2026-03-16T12:16:17","slug":"zandor-led-seinavalaisin-65w-700lm-3000k","status":"publish","type":"product","link":"https:\/\/www.ksttukku.fi\/kauppa\/tuote\/zandor-led-seinavalaisin-65w-700lm-3000k\/","title":{"rendered":"ZANDOR -Led-sein\u00e4valaisin , 6,5W , 700lm, 3000K"},"content":{"rendered":"<p>Sis\u00e4k\u00e4ytt\u00f6\u00f6n tarkoitettu moderni ZANDOR-sein\u00e4valaisin on todellinen katseenvangitsija miss\u00e4 tahansa asuintilassa. Kaunista ep\u00e4suoraa valoa,joka ei h\u00e4ik\u00e4ise silmiin. ZANDOR-sein\u00e4valaisin soveltuu siksi erityisen hyvin lis\u00e4- tai korostusvalaisimeksi, koska p\u00e4\u00e4paino ei luonnollisesti ole kirkkaassa valaistuksessa vaan tunnelmallisessa vaikutelmassa.<\/p>\n<p>Valaisin on valmistettu valkoisesta mattapintaisesta metallista.<\/p>\n<p>Lis\u00e4ksi valaisimessa on nykyaikainen LED-tekniikka, jolle on ominaista korkea valonlaatu ja energiatehokkuus.<\/p>\n<p>Leveys: 18cm<\/p>\n<p>Korkeus: 13cm<\/p>\n<p>&nbsp;<\/p>\n","protected":false},"excerpt":{"rendered":"<p>Sis\u00e4k\u00e4ytt\u00f6\u00f6n tarkoitettu moderni ZANDOR-sein\u00e4valaisin on todellinen katseenvangitsija miss\u00e4 tahansa asuintilassa. Kaunista ep\u00e4suoraa valoa,joka ei h\u00e4ik\u00e4ise silmiin. ZANDOR-sein\u00e4valaisin soveltuu siksi erityisen hyvin lis\u00e4- tai korostusvalaisimeksi, koska p\u00e4\u00e4paino ei luonnollisesti ole kirkkaassa valaistuksessa vaan tunnelmallisessa vaikutelmassa. Valaisin on valmistettu valkoisesta mattapintaisesta metallista. Lis\u00e4ksi valaisimessa on nykyaikainen LED-tekniikka, jolle on ominaista korkea valonlaatu ja energiatehokkuus. Leveys: 18cm Korkeus: [&hellip;]<\/p>\n","protected":false},"featured_media":15545,"comment_status":"closed","ping_status":"closed","template":"","meta":[],"product_brand":[],"product_cat":[42,35,34],"product_tag":[],"class_list":{"0":"post-15541","1":"product","2":"type-product","3":"status-publish","4":"has-post-thumbnail","6":"product_cat-seinavalaisimet-sisavalaisimet","7":"product_cat-sisavalaisimet","8":"product_cat-valaisimet","10":"first","11":"outofstock","12":"taxable","13":"shipping-taxable","14":"purchasable","15":"product-type-simple"},"_links":{"self":[{"href":"https:\/\/www.ksttukku.fi\/kauppa\/wp-json\/wp\/v2\/product\/15541","targetHints":{"allow":["GET"]}}],"collection":[{"href":"https:\/\/www.ksttukku.fi\/kauppa\/wp-json\/wp\/v2\/product"}],"about":[{"href":"https:\/\/www.ksttukku.fi\/kauppa\/wp-json\/wp\/v2\/types\/product"}],"replies":[{"embeddable":true,"href":"https:\/\/www.ksttukku.fi\/kauppa\/wp-json\/wp\/v2\/comments?post=15541"}],"wp:featuredmedia":[{"embeddable":true,"href":"https:\/\/www.ksttukku.fi\/kauppa\/wp-json\/wp\/v2\/media\/15545"}],"wp:attachment":[{"href":"https:\/\/www.ksttukku.fi\/kauppa\/wp-json\/wp\/v2\/media?parent=15541"}],"wp:term":[{"taxonomy":"product_brand","embeddable":true,"href":"https:\/\/www.ksttukku.fi\/kauppa\/wp-json\/wp\/v2\/product_brand?post=15541"},{"taxonomy":"product_cat","embeddable":true,"href":"https:\/\/www.ksttukku.fi\/kauppa\/wp-json\/wp\/v2\/product_cat?post=15541"},{"taxonomy":"product_tag","embeddable":true,"href":"https:\/\/www.ksttukku.fi\/kauppa\/wp-json\/wp\/v2\/product_tag?post=15541"}],"curies":[{"name":"wp","href":"https:\/\/api.w.org\/{rel}","templated":true}]}}