{"id":15565,"date":"2024-06-15T12:41:31","date_gmt":"2024-06-15T09:41:31","guid":{"rendered":"https:\/\/www.ksttukku.fi\/kauppa\/?post_type=product&#038;p=15565"},"modified":"2024-06-15T12:43:41","modified_gmt":"2024-06-15T09:43:41","slug":"katto-seinavalaisin-18-w-1530-lm","status":"publish","type":"product","link":"https:\/\/www.ksttukku.fi\/kauppa\/tuote\/katto-seinavalaisin-18-w-1530-lm\/","title":{"rendered":"Katto-\/Sein\u00e4valaisin 18 W 1530 lm"},"content":{"rendered":"<p>Tyylik\u00e4s ja moderni kattovalaisin sopii kuivan sis\u00e4tilan yleisvalaistukseen. Se tarjoaa tehokkaan ja tasaisen valaistuksen 18 watin teholla ja 1530 lumenin valovirralla.<\/p>\n<p>Valaisimen v\u00e4ril\u00e4mp\u00f6tila on 4000K, mik\u00e4 tuottaa miellytt\u00e4v\u00e4n neutraalin valon. Korkea v\u00e4rintoistoindeksi (Ra &gt; 80) takaa luonnolliset ja tarkat v\u00e4rit<\/p>\n<p>Valaisin on valmistettu kest\u00e4v\u00e4st\u00e4 muovista, ja iskunkest\u00e4vyysluokitus IK03 suojaa sit\u00e4 kevyilt\u00e4 iskuilta ja kolhuilta. Valaisimen kotelointiluokka on IP20. Valaisin t\u00e4ytt\u00e4\u00e4 CE, EMC, RoHs ja LVD -hyv\u00e4ksynn\u00e4t.<\/p>\n<p>Valonjakokulma: 120\u02da<\/p>\n<p>Halkaisija: 28 cm<\/p>\n<p>&nbsp;<\/p>\n","protected":false},"excerpt":{"rendered":"<p>Tyylik\u00e4s ja moderni kattovalaisin sopii kuivan sis\u00e4tilan yleisvalaistukseen. Se tarjoaa tehokkaan ja tasaisen valaistuksen 18 watin teholla ja 1530 lumenin valovirralla. Valaisimen v\u00e4ril\u00e4mp\u00f6tila on 4000K, mik\u00e4 tuottaa miellytt\u00e4v\u00e4n neutraalin valon. Korkea v\u00e4rintoistoindeksi (Ra &gt; 80) takaa luonnolliset ja tarkat v\u00e4rit Valaisin on valmistettu kest\u00e4v\u00e4st\u00e4 muovista, ja iskunkest\u00e4vyysluokitus IK03 suojaa sit\u00e4 kevyilt\u00e4 iskuilta ja kolhuilta. Valaisimen [&hellip;]<\/p>\n","protected":false},"featured_media":15765,"comment_status":"closed","ping_status":"closed","template":"","meta":[],"product_brand":[],"product_cat":[40,42,35,34],"product_tag":[],"class_list":{"0":"post-15565","1":"product","2":"type-product","3":"status-publish","4":"has-post-thumbnail","6":"product_cat-kattovalaisimet","7":"product_cat-seinavalaisimet-sisavalaisimet","8":"product_cat-sisavalaisimet","9":"product_cat-valaisimet","11":"first","12":"instock","13":"taxable","14":"shipping-taxable","15":"purchasable","16":"product-type-simple"},"_links":{"self":[{"href":"https:\/\/www.ksttukku.fi\/kauppa\/wp-json\/wp\/v2\/product\/15565","targetHints":{"allow":["GET"]}}],"collection":[{"href":"https:\/\/www.ksttukku.fi\/kauppa\/wp-json\/wp\/v2\/product"}],"about":[{"href":"https:\/\/www.ksttukku.fi\/kauppa\/wp-json\/wp\/v2\/types\/product"}],"replies":[{"embeddable":true,"href":"https:\/\/www.ksttukku.fi\/kauppa\/wp-json\/wp\/v2\/comments?post=15565"}],"wp:featuredmedia":[{"embeddable":true,"href":"https:\/\/www.ksttukku.fi\/kauppa\/wp-json\/wp\/v2\/media\/15765"}],"wp:attachment":[{"href":"https:\/\/www.ksttukku.fi\/kauppa\/wp-json\/wp\/v2\/media?parent=15565"}],"wp:term":[{"taxonomy":"product_brand","embeddable":true,"href":"https:\/\/www.ksttukku.fi\/kauppa\/wp-json\/wp\/v2\/product_brand?post=15565"},{"taxonomy":"product_cat","embeddable":true,"href":"https:\/\/www.ksttukku.fi\/kauppa\/wp-json\/wp\/v2\/product_cat?post=15565"},{"taxonomy":"product_tag","embeddable":true,"href":"https:\/\/www.ksttukku.fi\/kauppa\/wp-json\/wp\/v2\/product_tag?post=15565"}],"curies":[{"name":"wp","href":"https:\/\/api.w.org\/{rel}","templated":true}]}}