{"id":15825,"date":"2024-07-08T17:06:07","date_gmt":"2024-07-08T14:06:07","guid":{"rendered":"https:\/\/www.ksttukku.fi\/kauppa\/?post_type=product&#038;p=15825"},"modified":"2025-07-08T16:32:27","modified_gmt":"2025-07-08T13:32:27","slug":"metallinen-deco-seinakoriste-musta-100cm","status":"publish","type":"product","link":"https:\/\/www.ksttukku.fi\/kauppa\/tuote\/metallinen-deco-seinakoriste-musta-100cm\/","title":{"rendered":"Metallinen  Deco sein\u00e4koriste musta 100cm"},"content":{"rendered":"<p><strong>\u00a0T\u00e4m\u00e4 tyylik\u00e4s\u00a0 metallinen sein\u00e4koriste ei vaadi kokoamista ja on helppo ripustaa kotiin tai toimistoon.<br \/>\n<\/strong><\/p>\n<p><strong>Halkaisija: 100cm<\/strong><\/p>\n<p><strong>Materiaali: metalli<\/strong><\/p>\n<p><strong>V\u00e4ri: musta<\/strong><\/p>\n","protected":false},"excerpt":{"rendered":"<p>\u00a0T\u00e4m\u00e4 tyylik\u00e4s\u00a0 metallinen sein\u00e4koriste ei vaadi kokoamista ja on helppo ripustaa kotiin tai toimistoon. Halkaisija: 100cm Materiaali: metalli V\u00e4ri: musta<\/p>\n","protected":false},"featured_media":15826,"comment_status":"closed","ping_status":"closed","template":"","meta":[],"product_brand":[],"product_cat":[491,377],"product_tag":[],"class_list":{"0":"post-15825","1":"product","2":"type-product","3":"status-publish","4":"has-post-thumbnail","6":"product_cat-kodin-sisustustuotteet","7":"product_cat-sisustus-lahjatavarat","9":"first","10":"outofstock","11":"taxable","12":"shipping-taxable","13":"purchasable","14":"product-type-simple"},"_links":{"self":[{"href":"https:\/\/www.ksttukku.fi\/kauppa\/wp-json\/wp\/v2\/product\/15825","targetHints":{"allow":["GET"]}}],"collection":[{"href":"https:\/\/www.ksttukku.fi\/kauppa\/wp-json\/wp\/v2\/product"}],"about":[{"href":"https:\/\/www.ksttukku.fi\/kauppa\/wp-json\/wp\/v2\/types\/product"}],"replies":[{"embeddable":true,"href":"https:\/\/www.ksttukku.fi\/kauppa\/wp-json\/wp\/v2\/comments?post=15825"}],"wp:featuredmedia":[{"embeddable":true,"href":"https:\/\/www.ksttukku.fi\/kauppa\/wp-json\/wp\/v2\/media\/15826"}],"wp:attachment":[{"href":"https:\/\/www.ksttukku.fi\/kauppa\/wp-json\/wp\/v2\/media?parent=15825"}],"wp:term":[{"taxonomy":"product_brand","embeddable":true,"href":"https:\/\/www.ksttukku.fi\/kauppa\/wp-json\/wp\/v2\/product_brand?post=15825"},{"taxonomy":"product_cat","embeddable":true,"href":"https:\/\/www.ksttukku.fi\/kauppa\/wp-json\/wp\/v2\/product_cat?post=15825"},{"taxonomy":"product_tag","embeddable":true,"href":"https:\/\/www.ksttukku.fi\/kauppa\/wp-json\/wp\/v2\/product_tag?post=15825"}],"curies":[{"name":"wp","href":"https:\/\/api.w.org\/{rel}","templated":true}]}}