{"id":16005,"date":"2024-08-13T17:11:44","date_gmt":"2024-08-13T14:11:44","guid":{"rendered":"https:\/\/www.ksttukku.fi\/kauppa\/?post_type=product&#038;p=16005"},"modified":"2024-08-13T17:11:44","modified_gmt":"2024-08-13T14:11:44","slug":"konstsmide-udine-led-seinavalaisin-led-12w-valkoinen","status":"publish","type":"product","link":"https:\/\/www.ksttukku.fi\/kauppa\/tuote\/konstsmide-udine-led-seinavalaisin-led-12w-valkoinen\/","title":{"rendered":"Konstsmide Udine Led-sein\u00e4valaisin , Led 12W valkoinen"},"content":{"rendered":"<p>Uutta muotoilua julkisivuvalaistukseen, valaisee kauniisti ja h\u00e4ik\u00e4isem\u00e4tt\u00f6m\u00e4sti<\/p>\n<p>kirkas lasi, valkoinen, maalattu alumiini<\/p>\n<p>Korkeus 33 cm,<\/p>\n<p>leveys 7,5 cm<\/p>\n<p>syvyys 13,5<\/p>\n","protected":false},"excerpt":{"rendered":"<p>Uutta muotoilua julkisivuvalaistukseen, valaisee kauniisti ja h\u00e4ik\u00e4isem\u00e4tt\u00f6m\u00e4sti kirkas lasi, valkoinen, maalattu alumiini Korkeus 33 cm, leveys 7,5 cm syvyys 13,5<\/p>\n","protected":false},"featured_media":16006,"comment_status":"closed","ping_status":"closed","template":"","meta":[],"product_brand":[],"product_cat":[37,36,34],"product_tag":[],"class_list":{"0":"post-16005","1":"product","2":"type-product","3":"status-publish","4":"has-post-thumbnail","6":"product_cat-seinavalaisimet","7":"product_cat-ulkovalaisimet","8":"product_cat-valaisimet","10":"first","11":"instock","12":"taxable","13":"shipping-taxable","14":"purchasable","15":"product-type-simple"},"_links":{"self":[{"href":"https:\/\/www.ksttukku.fi\/kauppa\/wp-json\/wp\/v2\/product\/16005","targetHints":{"allow":["GET"]}}],"collection":[{"href":"https:\/\/www.ksttukku.fi\/kauppa\/wp-json\/wp\/v2\/product"}],"about":[{"href":"https:\/\/www.ksttukku.fi\/kauppa\/wp-json\/wp\/v2\/types\/product"}],"replies":[{"embeddable":true,"href":"https:\/\/www.ksttukku.fi\/kauppa\/wp-json\/wp\/v2\/comments?post=16005"}],"wp:featuredmedia":[{"embeddable":true,"href":"https:\/\/www.ksttukku.fi\/kauppa\/wp-json\/wp\/v2\/media\/16006"}],"wp:attachment":[{"href":"https:\/\/www.ksttukku.fi\/kauppa\/wp-json\/wp\/v2\/media?parent=16005"}],"wp:term":[{"taxonomy":"product_brand","embeddable":true,"href":"https:\/\/www.ksttukku.fi\/kauppa\/wp-json\/wp\/v2\/product_brand?post=16005"},{"taxonomy":"product_cat","embeddable":true,"href":"https:\/\/www.ksttukku.fi\/kauppa\/wp-json\/wp\/v2\/product_cat?post=16005"},{"taxonomy":"product_tag","embeddable":true,"href":"https:\/\/www.ksttukku.fi\/kauppa\/wp-json\/wp\/v2\/product_tag?post=16005"}],"curies":[{"name":"wp","href":"https:\/\/api.w.org\/{rel}","templated":true}]}}