{"id":16029,"date":"2024-08-17T13:30:38","date_gmt":"2024-08-17T10:30:38","guid":{"rendered":"https:\/\/www.ksttukku.fi\/kauppa\/?post_type=product&#038;p=16029"},"modified":"2024-08-17T13:30:38","modified_gmt":"2024-08-17T10:30:38","slug":"atom-juoksuvalo-rintamalli-led","status":"publish","type":"product","link":"https:\/\/www.ksttukku.fi\/kauppa\/tuote\/atom-juoksuvalo-rintamalli-led\/","title":{"rendered":"Atom Juoksuvalo rintamalli LED"},"content":{"rendered":"<p>Juoksuvalo on monik\u00e4ytt\u00f6inen valo ulkoiluun pime\u00e4ll\u00e4. Sopii erinomaisesti k\u00e4velij\u00f6ille ja koiranulkoiluttajille sek\u00e4 ulkoilmassa ty\u00f6skenteleville. Mukava ja huomaamaton p\u00e4\u00e4ll\u00e4, ei purista ja pit\u00e4\u00e4 k\u00e4det vapaana muihin toimintoihin. Valkoinen LED edess\u00e4, punaiset varoitus-ledit takana Ladattava paristo: 3,7 V 1500 mAh. Toiminta-aika t\u00e4yteen ladatulla akulla 4,5 h. Toimintatilat: Kirkas-Himme\u00e4-Vilkkuva. Sis\u00e4lt\u00e4\u00e4 USB-latauskaapelin.<\/p>\n","protected":false},"excerpt":{"rendered":"<p>Juoksuvalo on monik\u00e4ytt\u00f6inen valo ulkoiluun pime\u00e4ll\u00e4. Sopii erinomaisesti k\u00e4velij\u00f6ille ja koiranulkoiluttajille sek\u00e4 ulkoilmassa ty\u00f6skenteleville. Mukava ja huomaamaton p\u00e4\u00e4ll\u00e4, ei purista ja pit\u00e4\u00e4 k\u00e4det vapaana muihin toimintoihin. Valkoinen LED edess\u00e4, punaiset varoitus-ledit takana Ladattava paristo: 3,7 V 1500 mAh. Toiminta-aika t\u00e4yteen ladatulla akulla 4,5 h. Toimintatilat: Kirkas-Himme\u00e4-Vilkkuva. Sis\u00e4lt\u00e4\u00e4 USB-latauskaapelin.<\/p>\n","protected":false},"featured_media":16030,"comment_status":"closed","ping_status":"closed","template":"","meta":[],"product_brand":[],"product_cat":[310,309,57],"product_tag":[],"class_list":{"0":"post-16029","1":"product","2":"type-product","3":"status-publish","4":"has-post-thumbnail","6":"product_cat-kasivalaisimet","7":"product_cat-paristovalaisimet","8":"product_cat-retkeily","10":"first","11":"instock","12":"taxable","13":"shipping-taxable","14":"purchasable","15":"product-type-simple"},"_links":{"self":[{"href":"https:\/\/www.ksttukku.fi\/kauppa\/wp-json\/wp\/v2\/product\/16029","targetHints":{"allow":["GET"]}}],"collection":[{"href":"https:\/\/www.ksttukku.fi\/kauppa\/wp-json\/wp\/v2\/product"}],"about":[{"href":"https:\/\/www.ksttukku.fi\/kauppa\/wp-json\/wp\/v2\/types\/product"}],"replies":[{"embeddable":true,"href":"https:\/\/www.ksttukku.fi\/kauppa\/wp-json\/wp\/v2\/comments?post=16029"}],"wp:featuredmedia":[{"embeddable":true,"href":"https:\/\/www.ksttukku.fi\/kauppa\/wp-json\/wp\/v2\/media\/16030"}],"wp:attachment":[{"href":"https:\/\/www.ksttukku.fi\/kauppa\/wp-json\/wp\/v2\/media?parent=16029"}],"wp:term":[{"taxonomy":"product_brand","embeddable":true,"href":"https:\/\/www.ksttukku.fi\/kauppa\/wp-json\/wp\/v2\/product_brand?post=16029"},{"taxonomy":"product_cat","embeddable":true,"href":"https:\/\/www.ksttukku.fi\/kauppa\/wp-json\/wp\/v2\/product_cat?post=16029"},{"taxonomy":"product_tag","embeddable":true,"href":"https:\/\/www.ksttukku.fi\/kauppa\/wp-json\/wp\/v2\/product_tag?post=16029"}],"curies":[{"name":"wp","href":"https:\/\/api.w.org\/{rel}","templated":true}]}}