{"id":16175,"date":"2024-08-29T15:16:17","date_gmt":"2024-08-29T12:16:17","guid":{"rendered":"https:\/\/www.ksttukku.fi\/kauppa\/?post_type=product&#038;p=16175"},"modified":"2024-08-29T15:16:18","modified_gmt":"2024-08-29T12:16:18","slug":"louna-nukkamatto-vaalean-harmaa-160-x-230-cm","status":"publish","type":"product","link":"https:\/\/www.ksttukku.fi\/kauppa\/tuote\/louna-nukkamatto-vaalean-harmaa-160-x-230-cm\/","title":{"rendered":"Louna nukkamatto vaalean harmaa 160 x 230 cm"},"content":{"rendered":"<p>Lyhytnukkainen matto on tiivispintainen ja tuntuu mukavalta jalan alla. Nukkamatto onkin ajaton valinta olohuoneen sohvaryhm\u00e4n yhteyteen. Pehme\u00e4ll\u00e4 matolla saat hotellimaista tunnelmaa my\u00f6s makuuhuoneeseen. Matto sopii niin moderniin kuin perinteiseenkin sisustukseen.<\/p>\n<p>Imuroi ja tuuleta mattoa s\u00e4\u00e4nn\u00f6llisesti. Painon vuoksi suosittelemme matolle ammattimaista pesulapesua. Tahroja voi pyyhki\u00e4 nihke\u00e4ll\u00e4 nukkaamattomalla liinalla.<\/p>\n<p>Materiaali: 100 % polypropeeni, pohjamateriaali sis\u00e4lt\u00e4\u00e4 juuttia ja lateksia<\/p>\n","protected":false},"excerpt":{"rendered":"<p>Lyhytnukkainen matto on tiivispintainen ja tuntuu mukavalta jalan alla. Nukkamatto onkin ajaton valinta olohuoneen sohvaryhm\u00e4n yhteyteen. Pehme\u00e4ll\u00e4 matolla saat hotellimaista tunnelmaa my\u00f6s makuuhuoneeseen. Matto sopii niin moderniin kuin perinteiseenkin sisustukseen. Imuroi ja tuuleta mattoa s\u00e4\u00e4nn\u00f6llisesti. Painon vuoksi suosittelemme matolle ammattimaista pesulapesua. Tahroja voi pyyhki\u00e4 nihke\u00e4ll\u00e4 nukkaamattomalla liinalla. Materiaali: 100 % polypropeeni, pohjamateriaali sis\u00e4lt\u00e4\u00e4 juuttia ja [&hellip;]<\/p>\n","protected":false},"featured_media":16177,"comment_status":"closed","ping_status":"closed","template":"","meta":[],"product_brand":[],"product_cat":[22,27],"product_tag":[],"class_list":{"0":"post-16175","1":"product","2":"type-product","3":"status-publish","4":"has-post-thumbnail","6":"product_cat-matot","7":"product_cat-nukkamatot","9":"first","10":"instock","11":"taxable","12":"shipping-taxable","13":"purchasable","14":"product-type-simple"},"_links":{"self":[{"href":"https:\/\/www.ksttukku.fi\/kauppa\/wp-json\/wp\/v2\/product\/16175","targetHints":{"allow":["GET"]}}],"collection":[{"href":"https:\/\/www.ksttukku.fi\/kauppa\/wp-json\/wp\/v2\/product"}],"about":[{"href":"https:\/\/www.ksttukku.fi\/kauppa\/wp-json\/wp\/v2\/types\/product"}],"replies":[{"embeddable":true,"href":"https:\/\/www.ksttukku.fi\/kauppa\/wp-json\/wp\/v2\/comments?post=16175"}],"wp:featuredmedia":[{"embeddable":true,"href":"https:\/\/www.ksttukku.fi\/kauppa\/wp-json\/wp\/v2\/media\/16177"}],"wp:attachment":[{"href":"https:\/\/www.ksttukku.fi\/kauppa\/wp-json\/wp\/v2\/media?parent=16175"}],"wp:term":[{"taxonomy":"product_brand","embeddable":true,"href":"https:\/\/www.ksttukku.fi\/kauppa\/wp-json\/wp\/v2\/product_brand?post=16175"},{"taxonomy":"product_cat","embeddable":true,"href":"https:\/\/www.ksttukku.fi\/kauppa\/wp-json\/wp\/v2\/product_cat?post=16175"},{"taxonomy":"product_tag","embeddable":true,"href":"https:\/\/www.ksttukku.fi\/kauppa\/wp-json\/wp\/v2\/product_tag?post=16175"}],"curies":[{"name":"wp","href":"https:\/\/api.w.org\/{rel}","templated":true}]}}