{"id":16195,"date":"2024-08-30T10:52:01","date_gmt":"2024-08-30T07:52:01","guid":{"rendered":"https:\/\/www.ksttukku.fi\/kauppa\/?post_type=product&#038;p=16195"},"modified":"2024-08-30T10:52:01","modified_gmt":"2024-08-30T07:52:01","slug":"ceela-nukkamatto-vihrea-160-x-230-cm","status":"publish","type":"product","link":"https:\/\/www.ksttukku.fi\/kauppa\/tuote\/ceela-nukkamatto-vihrea-160-x-230-cm\/","title":{"rendered":"Ceela nukkamatto vihre\u00e4 160 x 230 cm"},"content":{"rendered":"<p>Ceela nukkamatto on tiivispintainen matto kodin oleskelutiloihin. Pehme\u00e4t s\u00e4vyt on helppo yhdist\u00e4\u00e4 kodin muuhun sisustukseen.<\/p>\n<p>Yksiv\u00e4rinen matto sopii niin moderniin kuin perinteiseenkin sisustukseen. Maton kaunis pinta muodostuu lyhyest\u00e4 nukasta ja lenkkinukasta. V\u00e4rit toistuvat kauniisti maton el\u00e4v\u00e4ll\u00e4 pinnalla<\/p>\n<p>Vihre\u00e4 s\u00e4vy on trendik\u00e4s ja moderni. Vihre\u00e4ll\u00e4 matolla saa sisustukseen hienostuneen ilmeen.<\/p>\n<p>Lyhytnukkainen ja tiivispintainen matto on valmistettu kierr\u00e4tetyst\u00e4 polyesterist\u00e4 ja villasta. Villa on miellytt\u00e4v\u00e4 luonnonmateriaali, joka tuntuu l\u00e4mpim\u00e4lt\u00e4 jalan alla. Maton pohja on puuvillaa. Maton reunat on kantattu langalla.<\/p>\n<p>Imuroi ja tuuleta matto s\u00e4\u00e4nn\u00f6llisesti. Tarvittaessa ammattimainen kuivapesu pesulassa<\/p>\n","protected":false},"excerpt":{"rendered":"<p>Ceela nukkamatto on tiivispintainen matto kodin oleskelutiloihin. Pehme\u00e4t s\u00e4vyt on helppo yhdist\u00e4\u00e4 kodin muuhun sisustukseen. Yksiv\u00e4rinen matto sopii niin moderniin kuin perinteiseenkin sisustukseen. Maton kaunis pinta muodostuu lyhyest\u00e4 nukasta ja lenkkinukasta. V\u00e4rit toistuvat kauniisti maton el\u00e4v\u00e4ll\u00e4 pinnalla Vihre\u00e4 s\u00e4vy on trendik\u00e4s ja moderni. Vihre\u00e4ll\u00e4 matolla saa sisustukseen hienostuneen ilmeen. Lyhytnukkainen ja tiivispintainen matto on valmistettu [&hellip;]<\/p>\n","protected":false},"featured_media":16197,"comment_status":"closed","ping_status":"closed","template":"","meta":[],"product_brand":[],"product_cat":[22,27],"product_tag":[],"class_list":{"0":"post-16195","1":"product","2":"type-product","3":"status-publish","4":"has-post-thumbnail","6":"product_cat-matot","7":"product_cat-nukkamatot","9":"first","10":"instock","11":"taxable","12":"shipping-taxable","13":"purchasable","14":"product-type-simple"},"_links":{"self":[{"href":"https:\/\/www.ksttukku.fi\/kauppa\/wp-json\/wp\/v2\/product\/16195","targetHints":{"allow":["GET"]}}],"collection":[{"href":"https:\/\/www.ksttukku.fi\/kauppa\/wp-json\/wp\/v2\/product"}],"about":[{"href":"https:\/\/www.ksttukku.fi\/kauppa\/wp-json\/wp\/v2\/types\/product"}],"replies":[{"embeddable":true,"href":"https:\/\/www.ksttukku.fi\/kauppa\/wp-json\/wp\/v2\/comments?post=16195"}],"wp:featuredmedia":[{"embeddable":true,"href":"https:\/\/www.ksttukku.fi\/kauppa\/wp-json\/wp\/v2\/media\/16197"}],"wp:attachment":[{"href":"https:\/\/www.ksttukku.fi\/kauppa\/wp-json\/wp\/v2\/media?parent=16195"}],"wp:term":[{"taxonomy":"product_brand","embeddable":true,"href":"https:\/\/www.ksttukku.fi\/kauppa\/wp-json\/wp\/v2\/product_brand?post=16195"},{"taxonomy":"product_cat","embeddable":true,"href":"https:\/\/www.ksttukku.fi\/kauppa\/wp-json\/wp\/v2\/product_cat?post=16195"},{"taxonomy":"product_tag","embeddable":true,"href":"https:\/\/www.ksttukku.fi\/kauppa\/wp-json\/wp\/v2\/product_tag?post=16195"}],"curies":[{"name":"wp","href":"https:\/\/api.w.org\/{rel}","templated":true}]}}