{"id":16203,"date":"2024-08-31T12:41:01","date_gmt":"2024-08-31T09:41:01","guid":{"rendered":"https:\/\/www.ksttukku.fi\/kauppa\/?post_type=product&#038;p=16203"},"modified":"2024-08-31T12:41:01","modified_gmt":"2024-08-31T09:41:01","slug":"vera-koristetyyny-40-x-60-cm-vihrea","status":"publish","type":"product","link":"https:\/\/www.ksttukku.fi\/kauppa\/tuote\/vera-koristetyyny-40-x-60-cm-vihrea\/","title":{"rendered":"Vera koristetyyny 40 x 60 cm vihre\u00e4"},"content":{"rendered":"<p>Vera tyyny on sisustuksen raikas pirist\u00e4j\u00e4. Trendik\u00e4s graafinen tyyny on juuri nyt ajankohtainen ja sopii niin moderniin kuin perinteiseenkin sisustukseen. Tyyny sopii erinomaisesti olohuoneeseen pehment\u00e4m\u00e4\u00e4n ilmett\u00e4 ja tuomaan v\u00e4ri\u00e4<\/p>\n<p>P\u00e4\u00e4llinen puuvillaa<\/p>\n","protected":false},"excerpt":{"rendered":"<p>Vera tyyny on sisustuksen raikas pirist\u00e4j\u00e4. Trendik\u00e4s graafinen tyyny on juuri nyt ajankohtainen ja sopii niin moderniin kuin perinteiseenkin sisustukseen. Tyyny sopii erinomaisesti olohuoneeseen pehment\u00e4m\u00e4\u00e4n ilmett\u00e4 ja tuomaan v\u00e4ri\u00e4 P\u00e4\u00e4llinen puuvillaa<\/p>\n","protected":false},"featured_media":16204,"comment_status":"closed","ping_status":"closed","template":"","meta":[],"product_brand":[],"product_cat":[491,377,475],"product_tag":[],"class_list":{"0":"post-16203","1":"product","2":"type-product","3":"status-publish","4":"has-post-thumbnail","6":"product_cat-kodin-sisustustuotteet","7":"product_cat-sisustus-lahjatavarat","8":"product_cat-torkkupeitot-ja-tyynyt","10":"first","11":"instock","12":"taxable","13":"shipping-taxable","14":"purchasable","15":"product-type-simple"},"_links":{"self":[{"href":"https:\/\/www.ksttukku.fi\/kauppa\/wp-json\/wp\/v2\/product\/16203","targetHints":{"allow":["GET"]}}],"collection":[{"href":"https:\/\/www.ksttukku.fi\/kauppa\/wp-json\/wp\/v2\/product"}],"about":[{"href":"https:\/\/www.ksttukku.fi\/kauppa\/wp-json\/wp\/v2\/types\/product"}],"replies":[{"embeddable":true,"href":"https:\/\/www.ksttukku.fi\/kauppa\/wp-json\/wp\/v2\/comments?post=16203"}],"wp:featuredmedia":[{"embeddable":true,"href":"https:\/\/www.ksttukku.fi\/kauppa\/wp-json\/wp\/v2\/media\/16204"}],"wp:attachment":[{"href":"https:\/\/www.ksttukku.fi\/kauppa\/wp-json\/wp\/v2\/media?parent=16203"}],"wp:term":[{"taxonomy":"product_brand","embeddable":true,"href":"https:\/\/www.ksttukku.fi\/kauppa\/wp-json\/wp\/v2\/product_brand?post=16203"},{"taxonomy":"product_cat","embeddable":true,"href":"https:\/\/www.ksttukku.fi\/kauppa\/wp-json\/wp\/v2\/product_cat?post=16203"},{"taxonomy":"product_tag","embeddable":true,"href":"https:\/\/www.ksttukku.fi\/kauppa\/wp-json\/wp\/v2\/product_tag?post=16203"}],"curies":[{"name":"wp","href":"https:\/\/api.w.org\/{rel}","templated":true}]}}