{"id":16254,"date":"2024-09-20T15:24:25","date_gmt":"2024-09-20T12:24:25","guid":{"rendered":"https:\/\/www.ksttukku.fi\/kauppa\/?post_type=product&#038;p=16254"},"modified":"2026-03-20T15:55:50","modified_gmt":"2026-03-20T13:55:50","slug":"kattovalaisin-focuslight-selene-led-32w","status":"publish","type":"product","link":"https:\/\/www.ksttukku.fi\/kauppa\/tuote\/kattovalaisin-focuslight-selene-led-32w\/","title":{"rendered":"Kattovalaisin FocusLight Selene led 32W,"},"content":{"rendered":"<p>Selene LED 32W kattovalaisin tarjoaa tehokasta ja monipuolista valaistusta. Valaisimessa on 3 Step Dim -toiminto, jonka avulla voit s\u00e4\u00e4t\u00e4\u00e4 valotehoa kolmelle eri tasolle. Valitse kirkas valaistus tehokkaaseen ty\u00f6skentelyyn, himmennetty valo rentoutumiseen tai tunnelmavalaistus erityisiin hetkiin luodaksesi aina sopivan ilmapiirin. Tyylik\u00e4s muotoilu yhdistettyn\u00e4 innovatiiviseen teknologiaan tekee siit\u00e4 t\u00e4ydellisen valinnan makuuhuoneeseen, olohuoneeseen.<\/p>\n<div class=\"d-none d-md-block text-justify\">Materiaali: metalli, silikoni<\/div>\n<div class=\"d-none d-md-block text-justify\">V\u00e4ril\u00e4mp\u00f6tila: 3000K<\/div>\n<div class=\"d-none d-md-block text-justify\">Valovirta: 3040 lm<\/div>\n<div class=\"d-none d-md-block text-justify\">Pinta-asennettava<\/div>\n","protected":false},"excerpt":{"rendered":"<p>Selene LED 32W kattovalaisin tarjoaa tehokasta ja monipuolista valaistusta. Valaisimessa on 3 Step Dim -toiminto, jonka avulla voit s\u00e4\u00e4t\u00e4\u00e4 valotehoa kolmelle eri tasolle. Valitse kirkas valaistus tehokkaaseen ty\u00f6skentelyyn, himmennetty valo rentoutumiseen tai tunnelmavalaistus erityisiin hetkiin luodaksesi aina sopivan ilmapiirin. Tyylik\u00e4s muotoilu yhdistettyn\u00e4 innovatiiviseen teknologiaan tekee siit\u00e4 t\u00e4ydellisen valinnan makuuhuoneeseen, olohuoneeseen. Materiaali: metalli, silikoni V\u00e4ril\u00e4mp\u00f6tila: 3000K [&hellip;]<\/p>\n","protected":false},"featured_media":16256,"comment_status":"closed","ping_status":"closed","template":"","meta":[],"product_brand":[],"product_cat":[40,35,34],"product_tag":[],"class_list":{"0":"post-16254","1":"product","2":"type-product","3":"status-publish","4":"has-post-thumbnail","6":"product_cat-kattovalaisimet","7":"product_cat-sisavalaisimet","8":"product_cat-valaisimet","10":"first","11":"instock","12":"taxable","13":"shipping-taxable","14":"purchasable","15":"product-type-simple"},"_links":{"self":[{"href":"https:\/\/www.ksttukku.fi\/kauppa\/wp-json\/wp\/v2\/product\/16254","targetHints":{"allow":["GET"]}}],"collection":[{"href":"https:\/\/www.ksttukku.fi\/kauppa\/wp-json\/wp\/v2\/product"}],"about":[{"href":"https:\/\/www.ksttukku.fi\/kauppa\/wp-json\/wp\/v2\/types\/product"}],"replies":[{"embeddable":true,"href":"https:\/\/www.ksttukku.fi\/kauppa\/wp-json\/wp\/v2\/comments?post=16254"}],"wp:featuredmedia":[{"embeddable":true,"href":"https:\/\/www.ksttukku.fi\/kauppa\/wp-json\/wp\/v2\/media\/16256"}],"wp:attachment":[{"href":"https:\/\/www.ksttukku.fi\/kauppa\/wp-json\/wp\/v2\/media?parent=16254"}],"wp:term":[{"taxonomy":"product_brand","embeddable":true,"href":"https:\/\/www.ksttukku.fi\/kauppa\/wp-json\/wp\/v2\/product_brand?post=16254"},{"taxonomy":"product_cat","embeddable":true,"href":"https:\/\/www.ksttukku.fi\/kauppa\/wp-json\/wp\/v2\/product_cat?post=16254"},{"taxonomy":"product_tag","embeddable":true,"href":"https:\/\/www.ksttukku.fi\/kauppa\/wp-json\/wp\/v2\/product_tag?post=16254"}],"curies":[{"name":"wp","href":"https:\/\/api.w.org\/{rel}","templated":true}]}}