{"id":16258,"date":"2024-09-20T16:22:28","date_gmt":"2024-09-20T13:22:28","guid":{"rendered":"https:\/\/www.ksttukku.fi\/kauppa\/?post_type=product&#038;p=16258"},"modified":"2024-09-20T16:27:20","modified_gmt":"2024-09-20T13:27:20","slug":"verso-puinen-riippuvalaisin-45-cm","status":"publish","type":"product","link":"https:\/\/www.ksttukku.fi\/kauppa\/tuote\/verso-puinen-riippuvalaisin-45-cm\/","title":{"rendered":"Verso puinen riippuvalaisin 45 cm"},"content":{"rendered":"<p>Verso on maanl\u00e4heinen riippuvalaisin, jonka elegantti kupu on valmistettu puusta. Verso luo tilaan kodikkuutta ja l\u00e4mp\u00f6\u00e4 ja sopii moniin sisustustyyleihin ja erilaisiin tiloihin. Mustaan v\u00e4riin yhdistetty luonnonpuu luo harmonisen vaikutelman ja tarjoaa miellytt\u00e4v\u00e4n valaistuksen. Valaisimen halkaisija on 45 cm, ja korkeus on s\u00e4\u00e4dett\u00e4viss\u00e4 (enint\u00e4\u00e4n 195 cm). Valaisimessa on E27-kanta, johon voidaan asentaa enint\u00e4\u00e4n 60 W tehoista polttimoa (polttimo ei sis\u00e4lly mukaan). Koukkukiinnitys ja valaisinpistotulppa mahdollistavat helpon ja nopean asennuksen<\/p>\n<p>Asennus koukkukannen p\u00e4\u00e4lle, sis. valaisinpistokkeen<\/p>\n","protected":false},"excerpt":{"rendered":"<p>Verso on maanl\u00e4heinen riippuvalaisin, jonka elegantti kupu on valmistettu puusta. Verso luo tilaan kodikkuutta ja l\u00e4mp\u00f6\u00e4 ja sopii moniin sisustustyyleihin ja erilaisiin tiloihin. Mustaan v\u00e4riin yhdistetty luonnonpuu luo harmonisen vaikutelman ja tarjoaa miellytt\u00e4v\u00e4n valaistuksen. Valaisimen halkaisija on 45 cm, ja korkeus on s\u00e4\u00e4dett\u00e4viss\u00e4 (enint\u00e4\u00e4n 195 cm). Valaisimessa on E27-kanta, johon voidaan asentaa enint\u00e4\u00e4n 60 W [&hellip;]<\/p>\n","protected":false},"featured_media":16259,"comment_status":"closed","ping_status":"closed","template":"","meta":[],"product_brand":[],"product_cat":[49,35,34],"product_tag":[],"class_list":{"0":"post-16258","1":"product","2":"type-product","3":"status-publish","4":"has-post-thumbnail","6":"product_cat-riippuvalaisimet","7":"product_cat-sisavalaisimet","8":"product_cat-valaisimet","10":"first","11":"instock","12":"taxable","13":"shipping-taxable","14":"purchasable","15":"product-type-simple"},"_links":{"self":[{"href":"https:\/\/www.ksttukku.fi\/kauppa\/wp-json\/wp\/v2\/product\/16258","targetHints":{"allow":["GET"]}}],"collection":[{"href":"https:\/\/www.ksttukku.fi\/kauppa\/wp-json\/wp\/v2\/product"}],"about":[{"href":"https:\/\/www.ksttukku.fi\/kauppa\/wp-json\/wp\/v2\/types\/product"}],"replies":[{"embeddable":true,"href":"https:\/\/www.ksttukku.fi\/kauppa\/wp-json\/wp\/v2\/comments?post=16258"}],"wp:featuredmedia":[{"embeddable":true,"href":"https:\/\/www.ksttukku.fi\/kauppa\/wp-json\/wp\/v2\/media\/16259"}],"wp:attachment":[{"href":"https:\/\/www.ksttukku.fi\/kauppa\/wp-json\/wp\/v2\/media?parent=16258"}],"wp:term":[{"taxonomy":"product_brand","embeddable":true,"href":"https:\/\/www.ksttukku.fi\/kauppa\/wp-json\/wp\/v2\/product_brand?post=16258"},{"taxonomy":"product_cat","embeddable":true,"href":"https:\/\/www.ksttukku.fi\/kauppa\/wp-json\/wp\/v2\/product_cat?post=16258"},{"taxonomy":"product_tag","embeddable":true,"href":"https:\/\/www.ksttukku.fi\/kauppa\/wp-json\/wp\/v2\/product_tag?post=16258"}],"curies":[{"name":"wp","href":"https:\/\/api.w.org\/{rel}","templated":true}]}}