{"id":16321,"date":"2024-10-08T12:18:53","date_gmt":"2024-10-08T09:18:53","guid":{"rendered":"https:\/\/www.ksttukku.fi\/kauppa\/?post_type=product&#038;p=16321"},"modified":"2024-10-08T12:18:53","modified_gmt":"2024-10-08T09:18:53","slug":"vivian-nukkamatto-200-x-280-cm","status":"publish","type":"product","link":"https:\/\/www.ksttukku.fi\/kauppa\/tuote\/vivian-nukkamatto-200-x-280-cm\/","title":{"rendered":"Vivian nukkamatto 200 x 280 cm"},"content":{"rendered":"<p>Kuviollinen matto sopii erinomaisesti olohuoneen sohvaryhm\u00e4n yhteyteen. N\u00e4ytt\u00e4v\u00e4 kukkamatto on tyylik\u00e4s my\u00f6s muissa kodin tiloissa, kuten makuuhuoneessa ja vierashuoneessa. Lyhytnukkainen matto on pehme\u00e4pintainen ja tuntuu miellytt\u00e4v\u00e4lt\u00e4 jalan alla. Matto sopii niin moderniin kuin perinteiseenkin sisustukseen. Rauhalliset s\u00e4vyt on helppo yhdist\u00e4\u00e4 kodin muuhun sisustukseen. Matossa on kaunis vaalea pohja, joka antaa matolle ajattoman ilmeen. Kukissa ja lehdiss\u00e4 on harmaan ja beigen eri s\u00e4vyj\u00e4. Vivian nukkamatto on helppo yhdist\u00e4\u00e4 esimerkiksi yksiv\u00e4risten mattojen kanssa.<\/p>\n<p>Imuroi ja tuuleta mattoa s\u00e4\u00e4nn\u00f6llisesti. Tarvittaessa tasopesu 30-asteisella vedell\u00e4. Kuivatus tasossa. Tahroja voi pyyhki\u00e4 nihke\u00e4ll\u00e4 nukkaamattomalla liinalla.<\/p>\n<p>Materiaali:100 % polypropeeni, pohja polyesteria, sis\u00e4lt\u00e4\u00e4 lateksia<\/p>\n","protected":false},"excerpt":{"rendered":"<p>Kuviollinen matto sopii erinomaisesti olohuoneen sohvaryhm\u00e4n yhteyteen. N\u00e4ytt\u00e4v\u00e4 kukkamatto on tyylik\u00e4s my\u00f6s muissa kodin tiloissa, kuten makuuhuoneessa ja vierashuoneessa. Lyhytnukkainen matto on pehme\u00e4pintainen ja tuntuu miellytt\u00e4v\u00e4lt\u00e4 jalan alla. Matto sopii niin moderniin kuin perinteiseenkin sisustukseen. Rauhalliset s\u00e4vyt on helppo yhdist\u00e4\u00e4 kodin muuhun sisustukseen. Matossa on kaunis vaalea pohja, joka antaa matolle ajattoman ilmeen. Kukissa ja [&hellip;]<\/p>\n","protected":false},"featured_media":16318,"comment_status":"closed","ping_status":"closed","template":"","meta":[],"product_brand":[],"product_cat":[22,27],"product_tag":[],"class_list":{"0":"post-16321","1":"product","2":"type-product","3":"status-publish","4":"has-post-thumbnail","6":"product_cat-matot","7":"product_cat-nukkamatot","9":"first","10":"instock","11":"taxable","12":"shipping-taxable","13":"purchasable","14":"product-type-simple"},"_links":{"self":[{"href":"https:\/\/www.ksttukku.fi\/kauppa\/wp-json\/wp\/v2\/product\/16321","targetHints":{"allow":["GET"]}}],"collection":[{"href":"https:\/\/www.ksttukku.fi\/kauppa\/wp-json\/wp\/v2\/product"}],"about":[{"href":"https:\/\/www.ksttukku.fi\/kauppa\/wp-json\/wp\/v2\/types\/product"}],"replies":[{"embeddable":true,"href":"https:\/\/www.ksttukku.fi\/kauppa\/wp-json\/wp\/v2\/comments?post=16321"}],"wp:featuredmedia":[{"embeddable":true,"href":"https:\/\/www.ksttukku.fi\/kauppa\/wp-json\/wp\/v2\/media\/16318"}],"wp:attachment":[{"href":"https:\/\/www.ksttukku.fi\/kauppa\/wp-json\/wp\/v2\/media?parent=16321"}],"wp:term":[{"taxonomy":"product_brand","embeddable":true,"href":"https:\/\/www.ksttukku.fi\/kauppa\/wp-json\/wp\/v2\/product_brand?post=16321"},{"taxonomy":"product_cat","embeddable":true,"href":"https:\/\/www.ksttukku.fi\/kauppa\/wp-json\/wp\/v2\/product_cat?post=16321"},{"taxonomy":"product_tag","embeddable":true,"href":"https:\/\/www.ksttukku.fi\/kauppa\/wp-json\/wp\/v2\/product_tag?post=16321"}],"curies":[{"name":"wp","href":"https:\/\/api.w.org\/{rel}","templated":true}]}}