{"id":16452,"date":"2024-10-26T11:55:33","date_gmt":"2024-10-26T08:55:33","guid":{"rendered":"https:\/\/www.ksttukku.fi\/kauppa\/?post_type=product&#038;p=16452"},"modified":"2026-01-29T14:35:39","modified_gmt":"2026-01-29T12:35:39","slug":"cafea-terastermoskaadin-05-l","status":"publish","type":"product","link":"https:\/\/www.ksttukku.fi\/kauppa\/tuote\/cafea-terastermoskaadin-05-l\/","title":{"rendered":"CAFEA TER\u00c4STERMOSKAADIN 0,5 L"},"content":{"rendered":"<p>Cafea-kaatimen voit pest\u00e4 huoletta my\u00f6s astianpesukoneessa! Tyhji\u00f6eristys takaa hyv\u00e4n l\u00e4mm\u00f6npit\u00e4vyyden. Pienimm\u00e4ss\u00e4 kaatimessa taas esim. kahvimaito pysyy viile\u00e4n\u00e4. Saatavissa kolme eri kokoa: 0,5 L, 1 L ja 1,5 L. Materiaali tyylik\u00e4s ja kattaukseen sopiva ter\u00e4s. Kaatimissa on helppok\u00e4ytt\u00f6inen ja tiivis pikakorkki. Ei lasiosia.<\/p>\n<p>Pitk\u00e4 10 vuoden takuu kattaa valmistusvirheet. S\u00e4ilyt\u00e4 ostokuitti.<\/p>\n","protected":false},"excerpt":{"rendered":"<p>Cafea-kaatimen voit pest\u00e4 huoletta my\u00f6s astianpesukoneessa! Tyhji\u00f6eristys takaa hyv\u00e4n l\u00e4mm\u00f6npit\u00e4vyyden. Pienimm\u00e4ss\u00e4 kaatimessa taas esim. kahvimaito pysyy viile\u00e4n\u00e4. Saatavissa kolme eri kokoa: 0,5 L, 1 L ja 1,5 L. Materiaali tyylik\u00e4s ja kattaukseen sopiva ter\u00e4s. Kaatimissa on helppok\u00e4ytt\u00f6inen ja tiivis pikakorkki. Ei lasiosia. Pitk\u00e4 10 vuoden takuu kattaa valmistusvirheet. S\u00e4ilyt\u00e4 ostokuitti.<\/p>\n","protected":false},"featured_media":16453,"comment_status":"closed","ping_status":"closed","template":"","meta":[],"product_brand":[],"product_cat":[539,57],"product_tag":[],"class_list":{"0":"post-16452","1":"product","2":"type-product","3":"status-publish","4":"has-post-thumbnail","6":"product_cat-poistotori","7":"product_cat-retkeily","9":"first","10":"instock","11":"sale","12":"taxable","13":"shipping-taxable","14":"purchasable","15":"product-type-simple"},"_links":{"self":[{"href":"https:\/\/www.ksttukku.fi\/kauppa\/wp-json\/wp\/v2\/product\/16452","targetHints":{"allow":["GET"]}}],"collection":[{"href":"https:\/\/www.ksttukku.fi\/kauppa\/wp-json\/wp\/v2\/product"}],"about":[{"href":"https:\/\/www.ksttukku.fi\/kauppa\/wp-json\/wp\/v2\/types\/product"}],"replies":[{"embeddable":true,"href":"https:\/\/www.ksttukku.fi\/kauppa\/wp-json\/wp\/v2\/comments?post=16452"}],"wp:featuredmedia":[{"embeddable":true,"href":"https:\/\/www.ksttukku.fi\/kauppa\/wp-json\/wp\/v2\/media\/16453"}],"wp:attachment":[{"href":"https:\/\/www.ksttukku.fi\/kauppa\/wp-json\/wp\/v2\/media?parent=16452"}],"wp:term":[{"taxonomy":"product_brand","embeddable":true,"href":"https:\/\/www.ksttukku.fi\/kauppa\/wp-json\/wp\/v2\/product_brand?post=16452"},{"taxonomy":"product_cat","embeddable":true,"href":"https:\/\/www.ksttukku.fi\/kauppa\/wp-json\/wp\/v2\/product_cat?post=16452"},{"taxonomy":"product_tag","embeddable":true,"href":"https:\/\/www.ksttukku.fi\/kauppa\/wp-json\/wp\/v2\/product_tag?post=16452"}],"curies":[{"name":"wp","href":"https:\/\/api.w.org\/{rel}","templated":true}]}}