{"id":16467,"date":"2024-10-27T13:22:56","date_gmt":"2024-10-27T11:22:56","guid":{"rendered":"https:\/\/www.ksttukku.fi\/kauppa\/?post_type=product&#038;p=16467"},"modified":"2025-11-10T11:48:08","modified_gmt":"2025-11-10T09:48:08","slug":"joulukuusi-grande-155-cm","status":"publish","type":"product","link":"https:\/\/www.ksttukku.fi\/kauppa\/tuote\/joulukuusi-grande-155-cm\/","title":{"rendered":"Joulukuusi Grande 155 cm"},"content":{"rendered":"<div class=\"product-view-description-readmorereadmore_wrapper js-descriptionreadmore_wrapper\">\n<div id=\"product-view-description\" class=\"product-view-description\"><\/div>\n<\/div>\n<div id=\"product-view-salesincrement\" class=\"product-view-description salesincrement\">Kaunis ja aidon n\u00e4k\u00f6inen tekokuusi tuo ihanaa joulutunnelmaa kotiisi.<\/div>\n<div class=\"product-view-description salesincrement\">Hyv\u00e4\u00a0 valinta sis\u00e4k\u00e4ytt\u00f6\u00f6n allergikoille.<\/div>\n<div class=\"product-view-description salesincrement\">649 oksank\u00e4rke\u00e4, saranoidut oksat, metallijalka, alaosan leveys n. 114 cm, palamaton.<\/div>\n<div class=\"product-view-description salesincrement\">Korkeus: 155cm<\/div>\n","protected":false},"excerpt":{"rendered":"<p>Kaunis ja aidon n\u00e4k\u00f6inen tekokuusi tuo ihanaa joulutunnelmaa kotiisi. Hyv\u00e4\u00a0 valinta sis\u00e4k\u00e4ytt\u00f6\u00f6n allergikoille. 649 oksank\u00e4rke\u00e4, saranoidut oksat, metallijalka, alaosan leveys n. 114 cm, palamaton. Korkeus: 155cm<\/p>\n","protected":false},"featured_media":16470,"comment_status":"closed","ping_status":"closed","template":"","meta":[],"product_brand":[],"product_cat":[176,178],"product_tag":[],"class_list":{"0":"post-16467","1":"product","2":"type-product","3":"status-publish","4":"has-post-thumbnail","6":"product_cat-joulu-ja-koristevalot","7":"product_cat-joulukuuset","9":"first","10":"instock","11":"taxable","12":"shipping-taxable","13":"purchasable","14":"product-type-simple"},"_links":{"self":[{"href":"https:\/\/www.ksttukku.fi\/kauppa\/wp-json\/wp\/v2\/product\/16467","targetHints":{"allow":["GET"]}}],"collection":[{"href":"https:\/\/www.ksttukku.fi\/kauppa\/wp-json\/wp\/v2\/product"}],"about":[{"href":"https:\/\/www.ksttukku.fi\/kauppa\/wp-json\/wp\/v2\/types\/product"}],"replies":[{"embeddable":true,"href":"https:\/\/www.ksttukku.fi\/kauppa\/wp-json\/wp\/v2\/comments?post=16467"}],"wp:featuredmedia":[{"embeddable":true,"href":"https:\/\/www.ksttukku.fi\/kauppa\/wp-json\/wp\/v2\/media\/16470"}],"wp:attachment":[{"href":"https:\/\/www.ksttukku.fi\/kauppa\/wp-json\/wp\/v2\/media?parent=16467"}],"wp:term":[{"taxonomy":"product_brand","embeddable":true,"href":"https:\/\/www.ksttukku.fi\/kauppa\/wp-json\/wp\/v2\/product_brand?post=16467"},{"taxonomy":"product_cat","embeddable":true,"href":"https:\/\/www.ksttukku.fi\/kauppa\/wp-json\/wp\/v2\/product_cat?post=16467"},{"taxonomy":"product_tag","embeddable":true,"href":"https:\/\/www.ksttukku.fi\/kauppa\/wp-json\/wp\/v2\/product_tag?post=16467"}],"curies":[{"name":"wp","href":"https:\/\/api.w.org\/{rel}","templated":true}]}}