{"id":16496,"date":"2024-10-31T10:55:40","date_gmt":"2024-10-31T08:55:40","guid":{"rendered":"https:\/\/www.ksttukku.fi\/kauppa\/?post_type=product&#038;p=16496"},"modified":"2025-12-08T15:36:54","modified_gmt":"2025-12-08T13:36:54","slug":"led-valokeha-50-cm-1500-led","status":"publish","type":"product","link":"https:\/\/www.ksttukku.fi\/kauppa\/tuote\/led-valokeha-50-cm-1500-led\/","title":{"rendered":"LED-valokeh\u00e4 50 cm 1500 LED"},"content":{"rendered":"<p>Suurikokoinen ja n\u00e4ytt\u00e4v\u00e4 valokoriste sis\u00e4lt\u00e4\u00e4 1500 kpl valkoista microLED-valoa.<\/p>\n<p>Sein\u00e4lle, ikkunalle tai oveen ripustettava valokoriste viimeistelee upeasti niin kodin joulusisustuksen kuin tunnelmallisen ulkotilojen valaistuksen.<\/p>\n<p>Halkaisija 50 cm.<\/p>\n<p>Liit\u00e4nt\u00e4johto 5 m.<\/p>\n<p>IP44 muuntaja sis\u00e4- ja ulkok\u00e4ytt\u00f6\u00f6n.<\/p>\n","protected":false},"excerpt":{"rendered":"<p>Suurikokoinen ja n\u00e4ytt\u00e4v\u00e4 valokoriste sis\u00e4lt\u00e4\u00e4 1500 kpl valkoista microLED-valoa. Sein\u00e4lle, ikkunalle tai oveen ripustettava valokoriste viimeistelee upeasti niin kodin joulusisustuksen kuin tunnelmallisen ulkotilojen valaistuksen. Halkaisija 50 cm. Liit\u00e4nt\u00e4johto 5 m. IP44 muuntaja sis\u00e4- ja ulkok\u00e4ytt\u00f6\u00f6n.<\/p>\n","protected":false},"featured_media":16498,"comment_status":"closed","ping_status":"closed","template":"","meta":[],"product_brand":[],"product_cat":[176,199,198],"product_tag":[],"class_list":{"0":"post-16496","1":"product","2":"type-product","3":"status-publish","4":"has-post-thumbnail","6":"product_cat-joulu-ja-koristevalot","7":"product_cat-koristevalot","8":"product_cat-paperitahdet","10":"first","11":"outofstock","12":"sale","13":"taxable","14":"shipping-taxable","15":"purchasable","16":"product-type-simple"},"_links":{"self":[{"href":"https:\/\/www.ksttukku.fi\/kauppa\/wp-json\/wp\/v2\/product\/16496","targetHints":{"allow":["GET"]}}],"collection":[{"href":"https:\/\/www.ksttukku.fi\/kauppa\/wp-json\/wp\/v2\/product"}],"about":[{"href":"https:\/\/www.ksttukku.fi\/kauppa\/wp-json\/wp\/v2\/types\/product"}],"replies":[{"embeddable":true,"href":"https:\/\/www.ksttukku.fi\/kauppa\/wp-json\/wp\/v2\/comments?post=16496"}],"wp:featuredmedia":[{"embeddable":true,"href":"https:\/\/www.ksttukku.fi\/kauppa\/wp-json\/wp\/v2\/media\/16498"}],"wp:attachment":[{"href":"https:\/\/www.ksttukku.fi\/kauppa\/wp-json\/wp\/v2\/media?parent=16496"}],"wp:term":[{"taxonomy":"product_brand","embeddable":true,"href":"https:\/\/www.ksttukku.fi\/kauppa\/wp-json\/wp\/v2\/product_brand?post=16496"},{"taxonomy":"product_cat","embeddable":true,"href":"https:\/\/www.ksttukku.fi\/kauppa\/wp-json\/wp\/v2\/product_cat?post=16496"},{"taxonomy":"product_tag","embeddable":true,"href":"https:\/\/www.ksttukku.fi\/kauppa\/wp-json\/wp\/v2\/product_tag?post=16496"}],"curies":[{"name":"wp","href":"https:\/\/api.w.org\/{rel}","templated":true}]}}