{"id":1650,"date":"2018-05-21T12:33:33","date_gmt":"2018-05-21T09:33:33","guid":{"rendered":"http:\/\/www.ksttukku.fi\/kauppa\/?post_type=product&#038;p=1650"},"modified":"2022-07-11T13:59:57","modified_gmt":"2022-07-11T10:59:57","slug":"silikonilaahus-50mm","status":"publish","type":"product","link":"https:\/\/www.ksttukku.fi\/kauppa\/tuote\/silikonilaahus-50mm\/","title":{"rendered":"Silikonilaahus 50mm"},"content":{"rendered":"<p>K\u00e4\u00e4ntyvist\u00e4 suihkuseinist\u00e4 voi yhdistelem\u00e4ll\u00e4 ja lis\u00e4osia k\u00e4ytt\u00e4m\u00e4ll\u00e4 rakentaa erikokoisia suihkukulmia, pariovia sek\u00e4 kiinteit\u00e4 suihkuseini\u00e4. Monipuolisista ja laadukkaista komponenteista l\u00f6ytyy ratkaisu monen kylpyhuoneen tarpeisiin.<\/p>\n<p>50 mm korkea silikonilaahus kohteisiin, joissa vakiona oleva 20 mm laahus ei riit\u00e4. Tuotteen pituus on 100 cm.<\/p>\n","protected":false},"excerpt":{"rendered":"<p>K\u00e4\u00e4ntyvist\u00e4 suihkuseinist\u00e4 voi yhdistelem\u00e4ll\u00e4 ja lis\u00e4osia k\u00e4ytt\u00e4m\u00e4ll\u00e4 rakentaa erikokoisia suihkukulmia, pariovia sek\u00e4 kiinteit\u00e4 suihkuseini\u00e4. Monipuolisista ja laadukkaista komponenteista l\u00f6ytyy ratkaisu monen kylpyhuoneen tarpeisiin. 50 mm korkea silikonilaahus kohteisiin, joissa vakiona oleva 20 mm laahus ei riit\u00e4. Tuotteen pituus on 100 cm.<\/p>\n","protected":false},"featured_media":0,"comment_status":"closed","ping_status":"closed","template":"","meta":[],"product_brand":[],"product_cat":[150,162],"product_tag":[],"class_list":{"0":"post-1650","1":"product","2":"type-product","3":"status-publish","5":"product_cat-kylpyhuone","6":"product_cat-lisaosat-kaantyville-suihkuseinille","8":"first","9":"instock","10":"taxable","11":"shipping-taxable","12":"purchasable","13":"product-type-simple"},"_links":{"self":[{"href":"https:\/\/www.ksttukku.fi\/kauppa\/wp-json\/wp\/v2\/product\/1650","targetHints":{"allow":["GET"]}}],"collection":[{"href":"https:\/\/www.ksttukku.fi\/kauppa\/wp-json\/wp\/v2\/product"}],"about":[{"href":"https:\/\/www.ksttukku.fi\/kauppa\/wp-json\/wp\/v2\/types\/product"}],"replies":[{"embeddable":true,"href":"https:\/\/www.ksttukku.fi\/kauppa\/wp-json\/wp\/v2\/comments?post=1650"}],"wp:attachment":[{"href":"https:\/\/www.ksttukku.fi\/kauppa\/wp-json\/wp\/v2\/media?parent=1650"}],"wp:term":[{"taxonomy":"product_brand","embeddable":true,"href":"https:\/\/www.ksttukku.fi\/kauppa\/wp-json\/wp\/v2\/product_brand?post=1650"},{"taxonomy":"product_cat","embeddable":true,"href":"https:\/\/www.ksttukku.fi\/kauppa\/wp-json\/wp\/v2\/product_cat?post=1650"},{"taxonomy":"product_tag","embeddable":true,"href":"https:\/\/www.ksttukku.fi\/kauppa\/wp-json\/wp\/v2\/product_tag?post=1650"}],"curies":[{"name":"wp","href":"https:\/\/api.w.org\/{rel}","templated":true}]}}