{"id":16553,"date":"2024-11-13T14:59:26","date_gmt":"2024-11-13T12:59:26","guid":{"rendered":"https:\/\/www.ksttukku.fi\/kauppa\/?post_type=product&#038;p=16553"},"modified":"2025-11-19T16:11:09","modified_gmt":"2025-11-19T14:11:09","slug":"valokoriste-kissa-ip-44","status":"publish","type":"product","link":"https:\/\/www.ksttukku.fi\/kauppa\/tuote\/valokoriste-kissa-ip-44\/","title":{"rendered":"Valokoriste Kissa IP 44"},"content":{"rendered":"<p>Akryylinen makaava kissa, jossa on 48 l\u00e4mpim\u00e4nvalkoista LEDi\u00e4.<\/p>\n<p>Korkeus 28 cm.<\/p>\n<p>Leveys:\u00a0 35 cm<\/p>\n<p>Liitosjohdon pituus 500 cm.<\/p>\n<p>Muuntaja 24 V\/3,6 W.<\/p>\n<p>Sopii sek\u00e4 sis\u00e4- ett\u00e4 ulkok\u00e4ytt\u00f6<\/p>\n","protected":false},"excerpt":{"rendered":"<p>Akryylinen makaava kissa, jossa on 48 l\u00e4mpim\u00e4nvalkoista LEDi\u00e4. Korkeus 28 cm. Leveys:\u00a0 35 cm Liitosjohdon pituus 500 cm. Muuntaja 24 V\/3,6 W. Sopii sek\u00e4 sis\u00e4- ett\u00e4 ulkok\u00e4ytt\u00f6<\/p>\n","protected":false},"featured_media":16555,"comment_status":"closed","ping_status":"closed","template":"","meta":[],"product_brand":[],"product_cat":[176,199],"product_tag":[],"class_list":{"0":"post-16553","1":"product","2":"type-product","3":"status-publish","4":"has-post-thumbnail","6":"product_cat-joulu-ja-koristevalot","7":"product_cat-koristevalot","9":"first","10":"instock","11":"taxable","12":"shipping-taxable","13":"purchasable","14":"product-type-simple"},"_links":{"self":[{"href":"https:\/\/www.ksttukku.fi\/kauppa\/wp-json\/wp\/v2\/product\/16553","targetHints":{"allow":["GET"]}}],"collection":[{"href":"https:\/\/www.ksttukku.fi\/kauppa\/wp-json\/wp\/v2\/product"}],"about":[{"href":"https:\/\/www.ksttukku.fi\/kauppa\/wp-json\/wp\/v2\/types\/product"}],"replies":[{"embeddable":true,"href":"https:\/\/www.ksttukku.fi\/kauppa\/wp-json\/wp\/v2\/comments?post=16553"}],"wp:featuredmedia":[{"embeddable":true,"href":"https:\/\/www.ksttukku.fi\/kauppa\/wp-json\/wp\/v2\/media\/16555"}],"wp:attachment":[{"href":"https:\/\/www.ksttukku.fi\/kauppa\/wp-json\/wp\/v2\/media?parent=16553"}],"wp:term":[{"taxonomy":"product_brand","embeddable":true,"href":"https:\/\/www.ksttukku.fi\/kauppa\/wp-json\/wp\/v2\/product_brand?post=16553"},{"taxonomy":"product_cat","embeddable":true,"href":"https:\/\/www.ksttukku.fi\/kauppa\/wp-json\/wp\/v2\/product_cat?post=16553"},{"taxonomy":"product_tag","embeddable":true,"href":"https:\/\/www.ksttukku.fi\/kauppa\/wp-json\/wp\/v2\/product_tag?post=16553"}],"curies":[{"name":"wp","href":"https:\/\/api.w.org\/{rel}","templated":true}]}}