{"id":16563,"date":"2024-11-15T10:41:47","date_gmt":"2024-11-15T08:41:47","guid":{"rendered":"https:\/\/www.ksttukku.fi\/kauppa\/?post_type=product&#038;p=16563"},"modified":"2024-11-15T10:41:48","modified_gmt":"2024-11-15T08:41:48","slug":"slim-valonheitin-10w-ip44-2","status":"publish","type":"product","link":"https:\/\/www.ksttukku.fi\/kauppa\/tuote\/slim-valonheitin-10w-ip44-2\/","title":{"rendered":"Slim valonheitin 10W IP44"},"content":{"rendered":"<p>Ohut muotoilu<\/p>\n<p>Teho: 10 W<\/p>\n<p>Valovirta: 800 lm<\/p>\n<p>IP-luokitus: IP44<\/p>\n<p>Valaisimen koko: 90 x 30 x 75 (mm)<\/p>\n<p>Valonjakokulma 140\u00b0<\/p>\n<p>V\u00e4ril\u00e4mp\u00f6: 4500 K<\/p>\n","protected":false},"excerpt":{"rendered":"<p>Ohut muotoilu Teho: 10 W Valovirta: 800 lm IP-luokitus: IP44 Valaisimen koko: 90 x 30 x 75 (mm) Valonjakokulma 140\u00b0 V\u00e4ril\u00e4mp\u00f6: 4500 K<\/p>\n","protected":false},"featured_media":16564,"comment_status":"closed","ping_status":"closed","template":"","meta":[],"product_brand":[],"product_cat":[63,36,34,39],"product_tag":[],"class_list":{"0":"post-16563","1":"product","2":"type-product","3":"status-publish","4":"has-post-thumbnail","6":"product_cat-slim-valonheittimet","7":"product_cat-ulkovalaisimet","8":"product_cat-valaisimet","9":"product_cat-valonheittimet","11":"first","12":"instock","13":"taxable","14":"shipping-taxable","15":"purchasable","16":"product-type-simple"},"_links":{"self":[{"href":"https:\/\/www.ksttukku.fi\/kauppa\/wp-json\/wp\/v2\/product\/16563","targetHints":{"allow":["GET"]}}],"collection":[{"href":"https:\/\/www.ksttukku.fi\/kauppa\/wp-json\/wp\/v2\/product"}],"about":[{"href":"https:\/\/www.ksttukku.fi\/kauppa\/wp-json\/wp\/v2\/types\/product"}],"replies":[{"embeddable":true,"href":"https:\/\/www.ksttukku.fi\/kauppa\/wp-json\/wp\/v2\/comments?post=16563"}],"wp:featuredmedia":[{"embeddable":true,"href":"https:\/\/www.ksttukku.fi\/kauppa\/wp-json\/wp\/v2\/media\/16564"}],"wp:attachment":[{"href":"https:\/\/www.ksttukku.fi\/kauppa\/wp-json\/wp\/v2\/media?parent=16563"}],"wp:term":[{"taxonomy":"product_brand","embeddable":true,"href":"https:\/\/www.ksttukku.fi\/kauppa\/wp-json\/wp\/v2\/product_brand?post=16563"},{"taxonomy":"product_cat","embeddable":true,"href":"https:\/\/www.ksttukku.fi\/kauppa\/wp-json\/wp\/v2\/product_cat?post=16563"},{"taxonomy":"product_tag","embeddable":true,"href":"https:\/\/www.ksttukku.fi\/kauppa\/wp-json\/wp\/v2\/product_tag?post=16563"}],"curies":[{"name":"wp","href":"https:\/\/api.w.org\/{rel}","templated":true}]}}