{"id":16573,"date":"2024-11-16T14:36:23","date_gmt":"2024-11-16T12:36:23","guid":{"rendered":"https:\/\/www.ksttukku.fi\/kauppa\/?post_type=product&#038;p=16573"},"modified":"2024-11-16T14:36:23","modified_gmt":"2024-11-16T12:36:23","slug":"finnlumor-valoketju-360-lamminvalkoinen-musta-johto","status":"publish","type":"product","link":"https:\/\/www.ksttukku.fi\/kauppa\/tuote\/finnlumor-valoketju-360-lamminvalkoinen-musta-johto\/","title":{"rendered":"Finnlumor valoketju  360 l\u00e4mminvalkoinen musta johto"},"content":{"rendered":"<p>Valoketjuilla voit muuttaa mink\u00e4 tahansa tilan kutsuvaksi keitaaksi. Ihanteellinen tunnelmavalaistus terasseille, parvekkeille.<\/p>\n<p>.Tekniset tiedot: 360 kpl LED l\u00e4mmin valkoinen 3V 0,06W.<\/p>\n<p>Muuntaja 220-240V 50-60Hz 193mA, 31V 50Hz 6W,<\/p>\n<p>IP44. Ledit 10 cm v\u00e4lein. Liit\u00e4nt\u00e4johto 5 m.<\/p>\n<p>Valosarjan pituus 36 m. Sis\u00e4- ja ulkok\u00e4ytt\u00f6\u00f6n.<\/p>\n","protected":false},"excerpt":{"rendered":"<p>Valoketjuilla voit muuttaa mink\u00e4 tahansa tilan kutsuvaksi keitaaksi. Ihanteellinen tunnelmavalaistus terasseille, parvekkeille. .Tekniset tiedot: 360 kpl LED l\u00e4mmin valkoinen 3V 0,06W. Muuntaja 220-240V 50-60Hz 193mA, 31V 50Hz 6W, IP44. Ledit 10 cm v\u00e4lein. Liit\u00e4nt\u00e4johto 5 m. Valosarjan pituus 36 m. Sis\u00e4- ja ulkok\u00e4ytt\u00f6\u00f6n.<\/p>\n","protected":false},"featured_media":16575,"comment_status":"closed","ping_status":"closed","template":"","meta":[],"product_brand":[],"product_cat":[135],"product_tag":[],"class_list":{"0":"post-16573","1":"product","2":"type-product","3":"status-publish","4":"has-post-thumbnail","6":"product_cat-uncategorized","8":"first","9":"instock","10":"taxable","11":"shipping-taxable","12":"purchasable","13":"product-type-simple"},"_links":{"self":[{"href":"https:\/\/www.ksttukku.fi\/kauppa\/wp-json\/wp\/v2\/product\/16573","targetHints":{"allow":["GET"]}}],"collection":[{"href":"https:\/\/www.ksttukku.fi\/kauppa\/wp-json\/wp\/v2\/product"}],"about":[{"href":"https:\/\/www.ksttukku.fi\/kauppa\/wp-json\/wp\/v2\/types\/product"}],"replies":[{"embeddable":true,"href":"https:\/\/www.ksttukku.fi\/kauppa\/wp-json\/wp\/v2\/comments?post=16573"}],"wp:featuredmedia":[{"embeddable":true,"href":"https:\/\/www.ksttukku.fi\/kauppa\/wp-json\/wp\/v2\/media\/16575"}],"wp:attachment":[{"href":"https:\/\/www.ksttukku.fi\/kauppa\/wp-json\/wp\/v2\/media?parent=16573"}],"wp:term":[{"taxonomy":"product_brand","embeddable":true,"href":"https:\/\/www.ksttukku.fi\/kauppa\/wp-json\/wp\/v2\/product_brand?post=16573"},{"taxonomy":"product_cat","embeddable":true,"href":"https:\/\/www.ksttukku.fi\/kauppa\/wp-json\/wp\/v2\/product_cat?post=16573"},{"taxonomy":"product_tag","embeddable":true,"href":"https:\/\/www.ksttukku.fi\/kauppa\/wp-json\/wp\/v2\/product_tag?post=16573"}],"curies":[{"name":"wp","href":"https:\/\/api.w.org\/{rel}","templated":true}]}}