{"id":16578,"date":"2024-11-16T15:10:02","date_gmt":"2024-11-16T13:10:02","guid":{"rendered":"https:\/\/www.ksttukku.fi\/kauppa\/?post_type=product&#038;p=16578"},"modified":"2024-11-16T15:10:04","modified_gmt":"2024-11-16T13:10:04","slug":"projektori-galaxi-kauko-ohjattava","status":"publish","type":"product","link":"https:\/\/www.ksttukku.fi\/kauppa\/tuote\/projektori-galaxi-kauko-ohjattava\/","title":{"rendered":"Projektori Galaxi kauko-ohjattava"},"content":{"rendered":"<p>Muuta huone kuin huone upeaksi galaksiksi.<\/p>\n<p>Lis\u00e4\u00e4 tunnelmaa satuhetkiin, romanttiseen illanviettoon taikka juhliin.<\/p>\n<p>Valittavanasi on 7 erilaista valo-ohjelmaa.<\/p>\n<p>Galaxi projektori toimii USB-virralla. Kauko-ohjaimessa CR2025 nappiparisto (paristo sis\u00e4ltyy).<\/p>\n<p>Laser laite max.&lt;5mW. 220-240V 50-60Hz 1000mA, 5V 50Hz 5W,<\/p>\n<p>IP20. Vain sis\u00e4k\u00e4ytt\u00f6\u00f6n.<\/p>\n<p>Korkeus: 13.5 cm<\/p>\n","protected":false},"excerpt":{"rendered":"<p>Muuta huone kuin huone upeaksi galaksiksi. Lis\u00e4\u00e4 tunnelmaa satuhetkiin, romanttiseen illanviettoon taikka juhliin. Valittavanasi on 7 erilaista valo-ohjelmaa. Galaxi projektori toimii USB-virralla. Kauko-ohjaimessa CR2025 nappiparisto (paristo sis\u00e4ltyy). Laser laite max.&lt;5mW. 220-240V 50-60Hz 1000mA, 5V 50Hz 5W, IP20. Vain sis\u00e4k\u00e4ytt\u00f6\u00f6n. Korkeus: 13.5 cm<\/p>\n","protected":false},"featured_media":16580,"comment_status":"closed","ping_status":"closed","template":"","meta":[],"product_brand":[],"product_cat":[176,491,199,44,377,35,34],"product_tag":[],"class_list":{"0":"post-16578","1":"product","2":"type-product","3":"status-publish","4":"has-post-thumbnail","6":"product_cat-joulu-ja-koristevalot","7":"product_cat-kodin-sisustustuotteet","8":"product_cat-koristevalot","9":"product_cat-poytavalaisimet","10":"product_cat-sisustus-lahjatavarat","11":"product_cat-sisavalaisimet","12":"product_cat-valaisimet","14":"first","15":"instock","16":"taxable","17":"shipping-taxable","18":"purchasable","19":"product-type-simple"},"_links":{"self":[{"href":"https:\/\/www.ksttukku.fi\/kauppa\/wp-json\/wp\/v2\/product\/16578","targetHints":{"allow":["GET"]}}],"collection":[{"href":"https:\/\/www.ksttukku.fi\/kauppa\/wp-json\/wp\/v2\/product"}],"about":[{"href":"https:\/\/www.ksttukku.fi\/kauppa\/wp-json\/wp\/v2\/types\/product"}],"replies":[{"embeddable":true,"href":"https:\/\/www.ksttukku.fi\/kauppa\/wp-json\/wp\/v2\/comments?post=16578"}],"wp:featuredmedia":[{"embeddable":true,"href":"https:\/\/www.ksttukku.fi\/kauppa\/wp-json\/wp\/v2\/media\/16580"}],"wp:attachment":[{"href":"https:\/\/www.ksttukku.fi\/kauppa\/wp-json\/wp\/v2\/media?parent=16578"}],"wp:term":[{"taxonomy":"product_brand","embeddable":true,"href":"https:\/\/www.ksttukku.fi\/kauppa\/wp-json\/wp\/v2\/product_brand?post=16578"},{"taxonomy":"product_cat","embeddable":true,"href":"https:\/\/www.ksttukku.fi\/kauppa\/wp-json\/wp\/v2\/product_cat?post=16578"},{"taxonomy":"product_tag","embeddable":true,"href":"https:\/\/www.ksttukku.fi\/kauppa\/wp-json\/wp\/v2\/product_tag?post=16578"}],"curies":[{"name":"wp","href":"https:\/\/api.w.org\/{rel}","templated":true}]}}