{"id":16585,"date":"2024-11-16T15:50:06","date_gmt":"2024-11-16T13:50:06","guid":{"rendered":"https:\/\/www.ksttukku.fi\/kauppa\/?post_type=product&#038;p=16585"},"modified":"2024-11-16T15:50:07","modified_gmt":"2024-11-16T13:50:07","slug":"led-lampokynttila-3d-liekki-4-kpl","status":"publish","type":"product","link":"https:\/\/www.ksttukku.fi\/kauppa\/tuote\/led-lampokynttila-3d-liekki-4-kpl\/","title":{"rendered":"LED-L\u00e4mp\u00f6kynttil\u00e4 3D liekki 4 kpl"},"content":{"rendered":"<p>Turvallinen, ei tulipalon riski\u00e4, ei sotkua. LED-kynttil\u00f6it\u00e4 voit k\u00e4ytt\u00e4\u00e4 huoletta makuuhuoneissa, oleskelutiloissa, ikkunalaudoilla jne.<\/p>\n<p>Nauti kynttil\u00e4nvalosta turvallisin mielin.<\/p>\n<p>LED-kynttil\u00e4 aidonn\u00e4k\u00f6isell\u00e4 3D liekill\u00e4.<\/p>\n<p>Ajastintoiminto.<\/p>\n<p>Paristo 4 x CR2032 (sis\u00e4ltyy).<\/p>\n","protected":false},"excerpt":{"rendered":"<p>Turvallinen, ei tulipalon riski\u00e4, ei sotkua. LED-kynttil\u00f6it\u00e4 voit k\u00e4ytt\u00e4\u00e4 huoletta makuuhuoneissa, oleskelutiloissa, ikkunalaudoilla jne. Nauti kynttil\u00e4nvalosta turvallisin mielin. LED-kynttil\u00e4 aidonn\u00e4k\u00f6isell\u00e4 3D liekill\u00e4. Ajastintoiminto. Paristo 4 x CR2032 (sis\u00e4ltyy).<\/p>\n","protected":false},"featured_media":16586,"comment_status":"closed","ping_status":"closed","template":"","meta":[],"product_brand":[],"product_cat":[176,491,199,377],"product_tag":[],"class_list":{"0":"post-16585","1":"product","2":"type-product","3":"status-publish","4":"has-post-thumbnail","6":"product_cat-joulu-ja-koristevalot","7":"product_cat-kodin-sisustustuotteet","8":"product_cat-koristevalot","9":"product_cat-sisustus-lahjatavarat","11":"first","12":"instock","13":"taxable","14":"shipping-taxable","15":"purchasable","16":"product-type-simple"},"_links":{"self":[{"href":"https:\/\/www.ksttukku.fi\/kauppa\/wp-json\/wp\/v2\/product\/16585","targetHints":{"allow":["GET"]}}],"collection":[{"href":"https:\/\/www.ksttukku.fi\/kauppa\/wp-json\/wp\/v2\/product"}],"about":[{"href":"https:\/\/www.ksttukku.fi\/kauppa\/wp-json\/wp\/v2\/types\/product"}],"replies":[{"embeddable":true,"href":"https:\/\/www.ksttukku.fi\/kauppa\/wp-json\/wp\/v2\/comments?post=16585"}],"wp:featuredmedia":[{"embeddable":true,"href":"https:\/\/www.ksttukku.fi\/kauppa\/wp-json\/wp\/v2\/media\/16586"}],"wp:attachment":[{"href":"https:\/\/www.ksttukku.fi\/kauppa\/wp-json\/wp\/v2\/media?parent=16585"}],"wp:term":[{"taxonomy":"product_brand","embeddable":true,"href":"https:\/\/www.ksttukku.fi\/kauppa\/wp-json\/wp\/v2\/product_brand?post=16585"},{"taxonomy":"product_cat","embeddable":true,"href":"https:\/\/www.ksttukku.fi\/kauppa\/wp-json\/wp\/v2\/product_cat?post=16585"},{"taxonomy":"product_tag","embeddable":true,"href":"https:\/\/www.ksttukku.fi\/kauppa\/wp-json\/wp\/v2\/product_tag?post=16585"}],"curies":[{"name":"wp","href":"https:\/\/api.w.org\/{rel}","templated":true}]}}