{"id":16743,"date":"2025-01-02T12:23:49","date_gmt":"2025-01-02T10:23:49","guid":{"rendered":"https:\/\/www.ksttukku.fi\/kauppa\/?post_type=product&#038;p=16743"},"modified":"2025-01-02T12:23:49","modified_gmt":"2025-01-02T10:23:49","slug":"valoketju-40led-lammin-valkoinen-musta-johto","status":"publish","type":"product","link":"https:\/\/www.ksttukku.fi\/kauppa\/tuote\/valoketju-40led-lammin-valkoinen-musta-johto\/","title":{"rendered":"Valoketju 40LED l\u00e4mmin valkoinen musta johto"},"content":{"rendered":"<p>Tunnelmavalaistus joulukuuseen, terasseille, parvekkeille ja puutarhaan, h\u00e4ihin ja muihin juhliin.<\/p>\n<p>Ledit 10 cm v\u00e4lein. Liit\u00e4nt\u00e4johto 5 m. Valoaihe 3,9 m.<\/p>\n<p>Muuntaja 220-240V 50-60Hz 300mA, 4,5V 50Hz 1,35W,<\/p>\n<p>IP44.<\/p>\n","protected":false},"excerpt":{"rendered":"<p>Tunnelmavalaistus joulukuuseen, terasseille, parvekkeille ja puutarhaan, h\u00e4ihin ja muihin juhliin. Ledit 10 cm v\u00e4lein. Liit\u00e4nt\u00e4johto 5 m. Valoaihe 3,9 m. Muuntaja 220-240V 50-60Hz 300mA, 4,5V 50Hz 1,35W, IP44.<\/p>\n","protected":false},"featured_media":16744,"comment_status":"closed","ping_status":"closed","template":"","meta":[],"product_brand":[],"product_cat":[176,197,199,177],"product_tag":[],"class_list":{"0":"post-16743","1":"product","2":"type-product","3":"status-publish","4":"has-post-thumbnail","6":"product_cat-joulu-ja-koristevalot","7":"product_cat-joulukuusen-valosarjat","8":"product_cat-koristevalot","9":"product_cat-valosarjat","11":"first","12":"instock","13":"taxable","14":"shipping-taxable","15":"purchasable","16":"product-type-simple"},"_links":{"self":[{"href":"https:\/\/www.ksttukku.fi\/kauppa\/wp-json\/wp\/v2\/product\/16743","targetHints":{"allow":["GET"]}}],"collection":[{"href":"https:\/\/www.ksttukku.fi\/kauppa\/wp-json\/wp\/v2\/product"}],"about":[{"href":"https:\/\/www.ksttukku.fi\/kauppa\/wp-json\/wp\/v2\/types\/product"}],"replies":[{"embeddable":true,"href":"https:\/\/www.ksttukku.fi\/kauppa\/wp-json\/wp\/v2\/comments?post=16743"}],"wp:featuredmedia":[{"embeddable":true,"href":"https:\/\/www.ksttukku.fi\/kauppa\/wp-json\/wp\/v2\/media\/16744"}],"wp:attachment":[{"href":"https:\/\/www.ksttukku.fi\/kauppa\/wp-json\/wp\/v2\/media?parent=16743"}],"wp:term":[{"taxonomy":"product_brand","embeddable":true,"href":"https:\/\/www.ksttukku.fi\/kauppa\/wp-json\/wp\/v2\/product_brand?post=16743"},{"taxonomy":"product_cat","embeddable":true,"href":"https:\/\/www.ksttukku.fi\/kauppa\/wp-json\/wp\/v2\/product_cat?post=16743"},{"taxonomy":"product_tag","embeddable":true,"href":"https:\/\/www.ksttukku.fi\/kauppa\/wp-json\/wp\/v2\/product_tag?post=16743"}],"curies":[{"name":"wp","href":"https:\/\/api.w.org\/{rel}","templated":true}]}}