{"id":16767,"date":"2025-01-03T14:55:42","date_gmt":"2025-01-03T12:55:42","guid":{"rendered":"https:\/\/www.ksttukku.fi\/kauppa\/?post_type=product&#038;p=16767"},"modified":"2025-01-03T14:55:42","modified_gmt":"2025-01-03T12:55:42","slug":"valoketju-120-led-meripihka-musta-johto-12-m","status":"publish","type":"product","link":"https:\/\/www.ksttukku.fi\/kauppa\/tuote\/valoketju-120-led-meripihka-musta-johto-12-m\/","title":{"rendered":"Valoketju 120 LED meripihka musta johto  12 m"},"content":{"rendered":"<h4>Ihanteellinen tunnelmavalaistus terasseille, parvekkeille ja puutarhaan, h\u00e4ihin ja muihin juhliin. Tekniset tiedot: 120 kpl LED meripihkan v\u00e4rinen 3V 0,06W. Muuntaja 220-240V 50-60Hz 193mA, 31V 50Hz 3,6W,\u00a0IP44.<\/h4>\n<h4>Ledit 10 cm v\u00e4lein.<\/h4>\n<h4>\u00a0Liit\u00e4nt\u00e4johto 5 m.<\/h4>\n<h4>Valosarjan pituus 12m.<\/h4>\n<h4>Sis\u00e4- ja ulkok\u00e4ytt\u00f6\u00f6n<\/h4>\n","protected":false},"excerpt":{"rendered":"<p>Ihanteellinen tunnelmavalaistus terasseille, parvekkeille ja puutarhaan, h\u00e4ihin ja muihin juhliin. Tekniset tiedot: 120 kpl LED meripihkan v\u00e4rinen 3V 0,06W. Muuntaja 220-240V 50-60Hz 193mA, 31V 50Hz 3,6W,\u00a0IP44. Ledit 10 cm v\u00e4lein. \u00a0Liit\u00e4nt\u00e4johto 5 m. Valosarjan pituus 12m. Sis\u00e4- ja ulkok\u00e4ytt\u00f6\u00f6n<\/p>\n","protected":false},"featured_media":16768,"comment_status":"closed","ping_status":"closed","template":"","meta":[],"product_brand":[],"product_cat":[176,197,199,177],"product_tag":[],"class_list":{"0":"post-16767","1":"product","2":"type-product","3":"status-publish","4":"has-post-thumbnail","6":"product_cat-joulu-ja-koristevalot","7":"product_cat-joulukuusen-valosarjat","8":"product_cat-koristevalot","9":"product_cat-valosarjat","11":"first","12":"instock","13":"taxable","14":"shipping-taxable","15":"purchasable","16":"product-type-simple"},"_links":{"self":[{"href":"https:\/\/www.ksttukku.fi\/kauppa\/wp-json\/wp\/v2\/product\/16767","targetHints":{"allow":["GET"]}}],"collection":[{"href":"https:\/\/www.ksttukku.fi\/kauppa\/wp-json\/wp\/v2\/product"}],"about":[{"href":"https:\/\/www.ksttukku.fi\/kauppa\/wp-json\/wp\/v2\/types\/product"}],"replies":[{"embeddable":true,"href":"https:\/\/www.ksttukku.fi\/kauppa\/wp-json\/wp\/v2\/comments?post=16767"}],"wp:featuredmedia":[{"embeddable":true,"href":"https:\/\/www.ksttukku.fi\/kauppa\/wp-json\/wp\/v2\/media\/16768"}],"wp:attachment":[{"href":"https:\/\/www.ksttukku.fi\/kauppa\/wp-json\/wp\/v2\/media?parent=16767"}],"wp:term":[{"taxonomy":"product_brand","embeddable":true,"href":"https:\/\/www.ksttukku.fi\/kauppa\/wp-json\/wp\/v2\/product_brand?post=16767"},{"taxonomy":"product_cat","embeddable":true,"href":"https:\/\/www.ksttukku.fi\/kauppa\/wp-json\/wp\/v2\/product_cat?post=16767"},{"taxonomy":"product_tag","embeddable":true,"href":"https:\/\/www.ksttukku.fi\/kauppa\/wp-json\/wp\/v2\/product_tag?post=16767"}],"curies":[{"name":"wp","href":"https:\/\/api.w.org\/{rel}","templated":true}]}}