{"id":16906,"date":"2025-01-31T15:55:22","date_gmt":"2025-01-31T13:55:22","guid":{"rendered":"https:\/\/www.ksttukku.fi\/kauppa\/?post_type=product&#038;p=16906"},"modified":"2025-01-31T15:55:23","modified_gmt":"2025-01-31T13:55:23","slug":"lattiavalaisin-onni-musta-e27","status":"publish","type":"product","link":"https:\/\/www.ksttukku.fi\/kauppa\/tuote\/lattiavalaisin-onni-musta-e27\/","title":{"rendered":"Lattiavalaisin Onni musta E27"},"content":{"rendered":"<p>Laadukas ja tukeva ONNI lattiavalaisin soveltuu hyvin lukuvaloksi. Valaisimen varjostin on suunnattavissa<\/p>\n<p><span id=\"data1\" class=\"pt1\">V\u00e4ri: musta + kromi<br \/>\nMateriaali: metalli<br \/>\nJ\u00e4nnite: 220-240 V ~50 Hz<br \/>\nKanta: E27<br \/>\nMaksimiteho: 40 W<br \/>\nPistotulppajohto: 2 m<br \/>\nOn\/off-kytkin<br \/>\nPakkaus ei sis\u00e4ll\u00e4 valonl\u00e4hdett\u00e4.<br \/>\nValaisimen korkeus: 140 cm<br \/>\nJalustan halkaisija: 19 cm<br \/>\nTakuu 3 vuotta <\/span><\/p>\n","protected":false},"excerpt":{"rendered":"<p>Laadukas ja tukeva ONNI lattiavalaisin soveltuu hyvin lukuvaloksi. Valaisimen varjostin on suunnattavissa V\u00e4ri: musta + kromi Materiaali: metalli J\u00e4nnite: 220-240 V ~50 Hz Kanta: E27 Maksimiteho: 40 W Pistotulppajohto: 2 m On\/off-kytkin Pakkaus ei sis\u00e4ll\u00e4 valonl\u00e4hdett\u00e4. Valaisimen korkeus: 140 cm Jalustan halkaisija: 19 cm Takuu 3 vuotta<\/p>\n","protected":false},"featured_media":16907,"comment_status":"closed","ping_status":"closed","template":"","meta":[],"product_brand":[],"product_cat":[43,35,34],"product_tag":[],"class_list":{"0":"post-16906","1":"product","2":"type-product","3":"status-publish","4":"has-post-thumbnail","6":"product_cat-lattiavalaisimet","7":"product_cat-sisavalaisimet","8":"product_cat-valaisimet","10":"first","11":"instock","12":"taxable","13":"shipping-taxable","14":"purchasable","15":"product-type-simple"},"_links":{"self":[{"href":"https:\/\/www.ksttukku.fi\/kauppa\/wp-json\/wp\/v2\/product\/16906","targetHints":{"allow":["GET"]}}],"collection":[{"href":"https:\/\/www.ksttukku.fi\/kauppa\/wp-json\/wp\/v2\/product"}],"about":[{"href":"https:\/\/www.ksttukku.fi\/kauppa\/wp-json\/wp\/v2\/types\/product"}],"replies":[{"embeddable":true,"href":"https:\/\/www.ksttukku.fi\/kauppa\/wp-json\/wp\/v2\/comments?post=16906"}],"wp:featuredmedia":[{"embeddable":true,"href":"https:\/\/www.ksttukku.fi\/kauppa\/wp-json\/wp\/v2\/media\/16907"}],"wp:attachment":[{"href":"https:\/\/www.ksttukku.fi\/kauppa\/wp-json\/wp\/v2\/media?parent=16906"}],"wp:term":[{"taxonomy":"product_brand","embeddable":true,"href":"https:\/\/www.ksttukku.fi\/kauppa\/wp-json\/wp\/v2\/product_brand?post=16906"},{"taxonomy":"product_cat","embeddable":true,"href":"https:\/\/www.ksttukku.fi\/kauppa\/wp-json\/wp\/v2\/product_cat?post=16906"},{"taxonomy":"product_tag","embeddable":true,"href":"https:\/\/www.ksttukku.fi\/kauppa\/wp-json\/wp\/v2\/product_tag?post=16906"}],"curies":[{"name":"wp","href":"https:\/\/api.w.org\/{rel}","templated":true}]}}